000
CXUS55 KBYZ 011000
CF6MLS
PRELIMINARY LOCAL CLIMATOLOGICAL DATA (WS FORM: F-6)
STATION: MILES CITY MT
MONTH: AUGUST
YEAR: 2021
LATITUDE: 46 25 N
LONGITUDE: 105 53 W
TEMPERATURE IN F: :PCPN: SNOW: WIND :SUNSHINE: SKY :PK WND
================================================================================
1 2 3 4 5 6A 6B 7 8 9 10 11 12 13 14 15 16 17 18
12Z AVG MX 2MIN
DY MAX MIN AVG DEP HDD CDD WTR SNW DPTH SPD SPD DIR MIN PSBL S-S WX SPD DR
================================================================================
1 97 67 82 6 0 17 0.00 M M 8.7 18 160 M M 0 23 160
2 99 64 82 6 0 17 0.00 M M 7.6 21 50 M M 0 23 40
3 89 66 78 2 0 13 0.00 M M 7.9 24 320 M M 1 8 30 310
4 95 63 79 3 0 14 0.15 M M 6.9 36 320 M M 0 38 53 300
5 92 64 78 3 0 13 0.00 M M 10.3 21 50 M M 0 8 24 40
6 88 67 78 3 0 13 0.16 M M 8.4 29 230 M M 4 3 35 240
7 92 62 77 2 0 12 0.00 M M 8.5 20 250 M M 0 8 25 230
8 101 61 81 6 0 16 0.00 M M 13.5 51 340 M M 0 8 65 350
9 78 58 68 -7 0 3 0.00 M M 13.3 25 260 M M 4 32 290
10 89 51 70 -4 0 5 0.00 M M 13.5 31 300 M M 2 8 38 310
11 94 54 74 0 0 9 0.00 M M 14.1 29 360 M M 2 8 36 10
12 78 58 68 -6 0 3 T M M 6.4 15 10 M M 7 8 18 320
13 88 52 70 -4 0 5 0.00 M M 5.5 13 160 M M 1 18 110
14 98 52 75 1 0 10 0.00 M M 4.7 12 250 M M 0 15 250
15 99 58 79 6 0 14 0.00 M M 7.8 22 320 M M 0 8 28 320
16 102 62 82 9 0 17 T M M 8.1 33 340 M M 0 38 42 340
17 101 63 82 9 0 17 0.00 M M 9.5 33 360 M M 0 8 42 360
18 73 55 64 -8 1 0 0.00 M M 15.4 28 350 M M 7 35 310
19 58 54 56 -16 9 0 0.11 M M 4.5 14 240 M M 10 1 16 250
20 61 51 56 -16 9 0 0.38 M M 11.9 23 310 M M 8 1 27 330
21 78 47 63 -8 2 0 0.46 M M 9.8 23 60 M M 2 123 29 180
22 80 57 69 -2 0 4 0.05 M M 12.7 32 280 M M 5 1 39 270
23 91 51 71 0 0 6 0.00 M M 8.6 36 320 M M 0 8 45 320
24 75 55 65 -5 0 0 0.00 M M 14.2 37 340 M M 0 46 360
25 83 49 66 -4 0 1 T M M 11.1 25 170 M M 0 30 170
26 82 57 70 0 0 5 0.08 M M 11.3 30 320 M M 1 3 39 320
27 78 54 66 -3 0 1 0.01 M M 7.5 28 330 M M 1 3 32 330
28 73 52 63 -6 2 0 0.05 M M 10.8 25 340 M M 3 3 30 340
29 84 48 66 -2 0 1 0.00 M M 6.9 14 170 M M 0 20 160
30 91 52 72 4 0 7 0.00 M M 7.4 20 130 M M 0 26 140
31 92 64 78 10 0 13 0.00 M M 11.0 24 150 M M 0 30 160
================================================================================
SM 2679 1768 23 236 1.45 M 297.8 M 58
================================================================================
AV 86.4 57.0 9.6 FASTST M M 2 MAX(MPH)
MISC ----> 51 340 65 350
================================================================================
NOTES:
# LAST OF SEVERAL OCCURRENCES
COLUMN 17 PEAK WIND IN M.P.H.
PRELIMINARY LOCAL CLIMATOLOGICAL DATA (WS FORM: F-6) , PAGE 2
STATION: MILES CITY MT
MONTH: AUGUST
YEAR: 2021
LATITUDE: 46 25 N
LONGITUDE: 105 53 W
[TEMPERATURE DATA] [PRECIPITATION DATA] SYMBOLS USED IN COLUMN 16
AVERAGE MONTHLY: 71.7 TOTAL FOR MONTH: 1.45 1 = FOG OR MIST
DPTR FM NORMAL: -0.8 DPTR FM NORMAL: 0.54 2 = FOG REDUCING VISIBILITY
HIGHEST: 102 ON 16 GRTST 24HR 0.51 ON 21-22 TO 1/4 MILE OR LESS
LOWEST: 47 ON 21 3 = THUNDER
SNOW, ICE PELLETS, HAIL 4 = ICE PELLETS
TOTAL MONTH: M 5 = HAIL
GRTST 24HR M ON M 6 = FREEZING RAIN OR DRIZZLE
GRTST DEPTH: M ON M 7 = DUSTSTORM OR SANDSTORM:
VSBY 1/2 MILE OR LESS
8 = SMOKE OR HAZE
[NO. OF DAYS WITH] [WEATHER - DAYS WITH] 9 = BLOWING SNOW
X = TORNADO
MAX 32 OR BELOW: 0 0.01 INCH OR MORE: 9
MAX 90 OR ABOVE: 14 0.10 INCH OR MORE: 5
MIN 32 OR BELOW: 0 0.50 INCH OR MORE: 0
MIN 0 OR BELOW: 0 1.00 INCH OR MORE: 0
[HDD (BASE 65) ]
TOTAL THIS MO. 23 CLEAR (SCALE 0-3) 24
DPTR FM NORMAL -1 PTCLDY (SCALE 4-7) 5
TOTAL FM JUL 1 23 CLOUDY (SCALE 8-10) 2
DPTR FM NORMAL -8
[CDD (BASE 65) ]
TOTAL THIS MO. 236
DPTR FM NORMAL -20 [PRESSURE DATA]
TOTAL FM JAN 1 978 HIGHEST SLP 30.25 ON 13
DPTR FM NORMAL 315 LOWEST SLP 29.42 ON 17
[REMARKS]
#FINAL-08-21#