000
CXUS56 KPQR 011201
CF6MMV
PRELIMINARY LOCAL CLIMATOLOGICAL DATA (WS FORM: F-6)
STATION: MCMINNVILLE OR
MONTH: MARCH
YEAR: 2023
LATITUDE: 45 11 N
LONGITUDE: 123 8 W
TEMPERATURE IN F: :PCPN: SNOW: WIND :SUNSHINE: SKY :PK WND
================================================================================
1 2 3 4 5 6A 6B 7 8 9 10 11 12 13 14 15 16 17 18
12Z AVG MX 2MIN
DY MAX MIN AVG DEP HDD CDD WTR SNW DPTH SPD SPD DIR MIN PSBL S-S WX SPD DR
================================================================================
1 47 24 36 -9 29 0 0.00 M M 2.7 9 220 M M 4 12 10 190
2 50 33 42 -3 23 0 0.08 M M 10.5 23 330 M M 8 1 28 330
3 47 34 41 -4 24 0 0.14 M M 9.0 21 200 M M 9 1 27 200
4 45 35 40 -5 25 0 0.16 M M 11.8 30 190 M M 9 1 37 170
5 43 31 37 -8 28 0 0.04 M M 5.8 15 170 M M 7 1 20 170
6 52 36 44 -1 21 0 0.13 M M 6.9 20 240 M M 9 18 27 230
7 49 32 41 -4 24 0 0.14 M M 4.5 26 210 M M 9 123 33 220
8 47 32 40 -6 25 0 0.11 M M 5.9 14 180 M M 9 12 19 170
9 45 38 42 -4 23 0 0.51 M M 7.8 20 180 M M 10 1 29 160
10 47 33 40 -6 25 0 0.19 M M 7.5 18 220 M M 8 1 22 250
11 53 33 43 -3 22 0 T M M 2.1 12 280 M M 6 1 14 250
12 50 30 40 -6 25 0 0.19 M M 2.4 10 170 M M 9 12 13 160
13 52 36 44 -2 21 0 0.67 M M 6.1 18 190 M M 8 1 24 190
14 53 34 44 -2 21 0 0.00 M M 5.6 13 340 M M 5 1 16 340
15 53 34 44 -2 21 0 T M M 4.6 12 350 M M 5 15 350
16 62 34 48 2 17 0 0.00 M M 6.2 13 50 M M 0 15 40
17 61 32 47 0 18 0 0.00 M M 3.4 9 350 M M 0 10 350
18 64 33 49 2 16 0 0.00 M M 2.9 10 340 M M 1 12 330
19 51 42 47 0 18 0 0.32 M M 3.5 10 290 M M 7 1 13 290
20 50 34 42 -5 23 0 0.08 M M 9.7 21 160 M M 8 18 26 160
21 63 33 48 1 17 0 0.00 M M 9.9 21 40 M M 2 12 26 30
22 61 34 48 1 17 0 0.00 M M 7.3 23 250 M M 2 30 260
23 46 36 41 -6 24 0 0.38 M M 10.5 28 220 M M 8 1 39 220
24 47 34 41 -6 24 0 0.44 M M 8.7 22 270 M M 8 1 29 280
25 47 32 40 -7 25 0 0.17 M M 3.8 15 10 M M 8 12 19 360
26 50 32 41 -6 24 0 T M M 5.4 20 200 M M 6 23 220
27 50 32 41 -7 24 0 0.06 M M 5.1 15 170 M M 5 1 19 170
28 46 38 42 -6 23 0 0.44 M M 7.0 24 230 M M 10 1 29 230
29 56 31 44 -4 21 0 0.00 M M 2.4 8 230 M M 4 12 9 230
30 56 39 48 0 17 0 0.00 M M 6.6 21 250 M M 8 28 270
31 48 43 46 -2 19 0 0.28 M M 12.5 23 190 M M 10 1 31 200
================================================================================
SM 1591 1054 684 0 4.53 M 198.1 M 202
================================================================================
AV 51.3 34.0 6.4 FASTST M M 7 MAX(MPH)
MISC ----> 30 190 39 220
================================================================================
NOTES:
# LAST OF SEVERAL OCCURRENCES
COLUMN 17 PEAK WIND IN M.P.H.
PRELIMINARY LOCAL CLIMATOLOGICAL DATA (WS FORM: F-6) , PAGE 2
STATION: MCMINNVILLE OR
MONTH: MARCH
YEAR: 2023
LATITUDE: 45 11 N
LONGITUDE: 123 8 W
[TEMPERATURE DATA] [PRECIPITATION DATA] SYMBOLS USED IN COLUMN 16
AVERAGE MONTHLY: 42.7 TOTAL FOR MONTH: 4.53 1 = FOG OR MIST
DPTR FM NORMAL: -3.7 DPTR FM NORMAL: 0.36 2 = FOG REDUCING VISIBILITY
HIGHEST: 64 ON 18 GRTST 24HR 0.74 ON 23-24 TO 1/4 MILE OR LESS
LOWEST: 24 ON 1 3 = THUNDER
SNOW, ICE PELLETS, HAIL 4 = ICE PELLETS
TOTAL MONTH: M 5 = HAIL
GRTST 24HR M ON M 6 = FREEZING RAIN OR DRIZZLE
GRTST DEPTH: M ON M 7 = DUSTSTORM OR SANDSTORM:
VSBY 1/2 MILE OR LESS
8 = SMOKE OR HAZE
[NO. OF DAYS WITH] [WEATHER - DAYS WITH] 9 = BLOWING SNOW
X = TORNADO
MAX 32 OR BELOW: 0 0.01 INCH OR MORE: 19
MAX 90 OR ABOVE: 0 0.10 INCH OR MORE: 15
MIN 32 OR BELOW: 10 0.50 INCH OR MORE: 2
MIN 0 OR BELOW: 0 1.00 INCH OR MORE: 0
[HDD (BASE 65) ]
TOTAL THIS MO. 684 CLEAR (SCALE 0-3) 5
DPTR FM NORMAL 107 PTCLDY (SCALE 4-7) 13
TOTAL FM JUL 1 3851 CLOUDY (SCALE 8-10) 13
DPTR FM NORMAL 34
[CDD (BASE 65) ]
TOTAL THIS MO. 0
DPTR FM NORMAL 0 [PRESSURE DATA]
TOTAL FM JAN 1 0 HIGHEST SLP 30.37 ON 26
DPTR FM NORMAL 0 LOWEST SLP 29.27 ON 9
[REMARKS]
#FINAL-03-23#