000
CXUS56 KSTO 080003
CF6MOD
PRELIMINARY LOCAL CLIMATOLOGICAL DATA (WS FORM: F-6)
STATION: MODESTO CA
MONTH: JUNE
YEAR: 2021
LATITUDE: 37 37 N
LONGITUDE: 120 57 W
TEMPERATURE IN F: :PCPN: SNOW: WIND :SUNSHINE: SKY :PK WND
================================================================================
1 2 3 4 5 6A 6B 7 8 9 10 11 12 13 14 15 16 17 18
12Z AVG MX 2MIN
DY MAX MIN AVG DEP HDD CDD WTR SNW DPTH SPD SPD DIR MIN PSBL S-S WX SPD DR
================================================================================
1 100 66 83 12 0 18 0.00 0.0 M 6.2 16 300 M M 0 8 19 300
2 94 64 79 7 0 14 0.00 0.0 M 8.9 15 320 M M 0 19 320
3 94 62 78 6 0 13 0.00 0.0 M 8.8 14 300 M M 0 18 290
4 93 65 79 7 0 14 0.00 M M 8.4 17 320 M M 0 21 310
5 90 61 76 4 0 11 0.00 M M 6.9 16 310 M M 0 20 300
6 90 61 76 4 0 11 0.00 0.0 M 8.9 18 280 M M 0 24 300
7 80 55 68 -5 0 3 0.00 0.0 M 9.2 23 320 M M 0 27 320
8 74 52 63 -10 2 0 0.00 0.0 M 10.3 25 300 M M 0 31 300
9 73 52 63 -10 2 0 0.00 M M 12.1 28 300 M M 2 8 34 320
10 77 50 64 -9 1 0 0.00 M M 11.3 23 310 M M 0 30 300
11 82 51 67 -7 0 2 0.00 0.0 M 10.4 20 300 M M 0 26 320
12 89 58 74 0 0 9 0.00 0.0 M 11.0 23 310 M M 0 27 310
13 88 62 75 1 0 10 0.00 0.0 M 11.5 24 320 M M 0 32 310
14 86 62 74 0 0 9 0.00 0.0 M 12.1 22 320 M M 0 28 320
15 88 57 73 -1 0 8 0.00 0.0 M 13.5 22 320 M M 0 29 340
16 94 61 78 3 0 13 0.00 M M 9.4 17 330 M M 0 22 320
17 103 62 83 8 0 18 0.00 M M 6.5 15 300 M M 0 20 310
18 107 65 86 11 0 21 0.00 0.0 M 6.5 14 340 M M 0 18 320
19 102 72 87 12 0 22 0.00 0.0 M 7.9 15 330 M M 0 19 320
20 100 67 84 8 0 19 0.00 0.0 M 9.3 14 330 M M 0 M M
21 91 60 76 0 0 11 0.00 0.0 M 10.4 16 310 M M 0 18 330
22 87 58 73 -3 0 8 0.00 M M 9.1 17 310 M M 0 21 320
23 90 58 74 -2 0 9 0.00 M M 9.0 20 320 M M 0 24 320
24 86 58 72 -4 0 7 0.00 M M 10.1 20 330 M M 0 23 330
25 92 57 75 -2 0 10 0.00 0.0 M 8.2 16 310 M M 0 23 330
26 96 60 78 1 0 13 0.00 0.0 M 8.1 15 340 M M 0 18 320
27 95 65 80 3 0 15 0.00 0.0 M 9.3 17 330 M M 0 22 330
28 96 63 80 3 0 15 0.00 0.0 M 11.2 21 300 M M 0 25 310
29 97 65 81 4 0 16 0.00 M M 7.6 15 310 M M 0 19 350
30 92 68 80 2 0 15 0.00 M M 9.2 17 320 M M 0 22 320
================================================================================
SM 2726 1817 5 334 0.00 0.0 281.3 M 2
================================================================================
AV 90.9 60.6 9.4 FASTST M M 0 MAX(MPH)
MISC ----> 28 300 34 320
================================================================================
NOTES:
# LAST OF SEVERAL OCCURRENCES
COLUMN 17 PEAK WIND IN M.P.H.
PRELIMINARY LOCAL CLIMATOLOGICAL DATA (WS FORM: F-6) , PAGE 2
STATION: MODESTO CA
MONTH: JUNE
YEAR: 2021
LATITUDE: 37 37 N
LONGITUDE: 120 57 W
[TEMPERATURE DATA] [PRECIPITATION DATA] SYMBOLS USED IN COLUMN 16
AVERAGE MONTHLY: 75.7 TOTAL FOR MONTH: 0.00 1 = FOG OR MIST
DPTR FM NORMAL: 1.2 DPTR FM NORMAL: -0.15 2 = FOG REDUCING VISIBILITY
HIGHEST: 107 ON 18 GRTST 24HR 0.00 ON 2- 2 TO 1/4 MILE OR LESS
LOWEST: 50 ON 10 3 = THUNDER
SNOW, ICE PELLETS, HAIL 4 = ICE PELLETS
TOTAL MONTH: 0.0 INCH 5 = HAIL
GRTST 24HR 0.0 6 = FREEZING RAIN OR DRIZZLE
GRTST DEPTH: M ON M 7 = DUSTSTORM OR SANDSTORM:
VSBY 1/2 MILE OR LESS
8 = SMOKE OR HAZE
[NO. OF DAYS WITH] [WEATHER - DAYS WITH] 9 = BLOWING SNOW
X = TORNADO
MAX 32 OR BELOW: 0 0.01 INCH OR MORE: 0
MAX 90 OR ABOVE: 19 0.10 INCH OR MORE: 0
MIN 32 OR BELOW: 0 0.50 INCH OR MORE: 0
MIN 0 OR BELOW: 0 1.00 INCH OR MORE: 0
[HDD (BASE 65) ]
TOTAL THIS MO. 5 CLEAR (SCALE 0-3) 30
DPTR FM NORMAL 0 PTCLDY (SCALE 4-7) 0
TOTAL FM JUL 1 2395 CLOUDY (SCALE 8-10) 0
DPTR FM NORMAL 99
[CDD (BASE 65) ]
TOTAL THIS MO. 334
DPTR FM NORMAL 46 [PRESSURE DATA]
TOTAL FM JAN 1 508 HIGHEST SLP 30.23 ON 10
DPTR FM NORMAL 55 LOWEST SLP 29.59 ON 18
[REMARKS]
#FINAL-06-21#