000
CXUS51 KBTV 010700
CF6MPV
PRELIMINARY LOCAL CLIMATOLOGICAL DATA (WS FORM: F-6)
STATION: MONTPELIER VT
MONTH: MARCH
YEAR: 2020
LATITUDE: 44 12 N
LONGITUDE: 72 34 W
TEMPERATURE IN F: :PCPN: SNOW: WIND :SUNSHINE: SKY :PK WND
================================================================================
1 2 3 4 5 6A 6B 7 8 9 10 11 12 13 14 15 16 17 18
12Z AVG MX 2MIN
DY MAX MIN AVG DEP HDD CDD WTR SNW DPTH SPD SPD DIR MIN PSBL S-S WX SPD DR
================================================================================
1 21 5 13 -11 52 0 T M M 6.2 16 330 M M 6 18 23 310
2 47 9 28 4 37 0 T M M 6.4 16 170 M M 9 1 21 180
3 52 36 44 20 21 0 0.10 M M 5.4 15 170 M M 8 1 19 170
4 45 32 39 15 26 0 0.01 M M 13.4 31 300 M M 9 12 45 310
5 40 25 33 8 32 0 T M M 8.6 21 310 M M 6 29 340
6 42 22 32 7 33 0 T M M 4.1 14 20 M M 5 1 16 350
7 30 16 23 -2 42 0 T M M 9.6 21 10 M M 1 1 27 360
8 45 15 30 4 35 0 0.00 M M 4.4 14 290 M M 1 20 310
9 62 36 49 23 16 0 0.00 M M 5.0 14 220 M M 3 22 250
10 57 35 46 20 19 0 0.25 M M 8.2 22 290 M M 9 1 33 200
11 35 21 28 1 37 0 0.00 M M 7.1 20 310 M M 7 25 310
12 42 21 32 5 33 0 T M M 6.5 20 180 M M 9 1 26 170
13 49 35 42 14 23 0 0.54 M M 13.6 31 180 M M 9 1 47 260
14 42 30 36 8 29 0 0.00 M M 14.7 28 290 M M 5 36 280
15 30 13 22 -6 43 0 0.00 M M 7.4 17 300 M M 0 23 290
16 37 9 23 -6 42 0 0.00 M M 6.6 22 170 M M 0 28 170
17 41 27 34 5 31 0 T M M 10.1 21 180 M M 9 18 32 170
18 43 27 35 5 30 0 0.00 M M 5.1 15 300 M M 3 20 280
19 40 30 35 5 30 0 0.02 M M 6.9 17 170 M M 9 1 27 180
20 64 35 50 20 15 0 0.04 M M 11.4 22 220 M M 8 46 200
21 35 17 26 -5 39 0 T M M 11.4 22 330 M M 4 34 300
22 34 13 24 -7 41 0 0.00 M M 3.0 10 340 M M 0 15 360
23 33 17 25 -7 40 0 0.59 M M 8.6 26 170 M M 7 12 34 160
24 34 17 26 -6 39 0 0.01 M M 4.2 13 310 M M 8 12 17 310
25 42 16 29 -3 36 0 0.00 M M 4.6 16 170 M M 7 12 21 170
26 51 22 37 4 28 0 T M M 5.3 15 170 M M 4 19 170
27 48 28 38 5 27 0 0.00 M M 8.6 20 290 M M 4 27 320
28 50 21 36 2 29 0 0.00 M M 2.0 10 160 M M 2 14 160
29 41 33 37 3 28 0 0.51 M M 9.6 26 160 M M 10 138 34 160
30 37 32 35 0 30 0 0.21 M M 5.6 17 150 M M 10 1 20 160
31 47 28 38 3 27 0 0.02 M M 4.4 14 60 M M 5 12 20 60
================================================================================
SM 1316 723 990 0 2.30 M 228.0 M 177
================================================================================
AV 42.5 23.3 7.4 FASTST M M 6 MAX(MPH)
MISC ----> # 31 300 47 260
================================================================================
NOTES:
# LAST OF SEVERAL OCCURRENCES
COLUMN 17 PEAK WIND IN M.P.H.
PRELIMINARY LOCAL CLIMATOLOGICAL DATA (WS FORM: F-6) , PAGE 2
STATION: MONTPELIER VT
MONTH: MARCH
YEAR: 2020
LATITUDE: 44 12 N
LONGITUDE: 72 34 W
[TEMPERATURE DATA] [PRECIPITATION DATA] SYMBOLS USED IN COLUMN 16
AVERAGE MONTHLY: 32.9 TOTAL FOR MONTH: 2.30 1 = FOG OR MIST
DPTR FM NORMAL: 4.0 DPTR FM NORMAL: -0.09 2 = FOG REDUCING VISIBILITY
HIGHEST: 64 ON 20 GRTST 24HR 0.60 ON 23-24 TO 1/4 MILE OR LESS
LOWEST: 5 ON 1 3 = THUNDER
SNOW, ICE PELLETS, HAIL 4 = ICE PELLETS
TOTAL MONTH: M 5 = HAIL
GRTST 24HR M ON M 6 = FREEZING RAIN OR DRIZZLE
GRTST DEPTH: M ON M 7 = DUSTSTORM OR SANDSTORM:
VSBY 1/2 MILE OR LESS
8 = SMOKE OR HAZE
[NO. OF DAYS WITH] [WEATHER - DAYS WITH] 9 = BLOWING SNOW
X = TORNADO
MAX 32 OR BELOW: 3 0.01 INCH OR MORE: 11
MAX 90 OR ABOVE: 0 0.10 INCH OR MORE: 6
MIN 32 OR BELOW: 25 0.50 INCH OR MORE: 3
MIN 0 OR BELOW: 0 1.00 INCH OR MORE: 0
[HDD (BASE 65) ]
TOTAL THIS MO. 990 CLEAR (SCALE 0-3) 6
DPTR FM NORMAL -127 PTCLDY (SCALE 4-7) 16
TOTAL FM JUL 1 6765 CLOUDY (SCALE 8-10) 9
DPTR FM NORMAL -261
[CDD (BASE 65) ]
TOTAL THIS MO. 0
DPTR FM NORMAL 0 [PRESSURE DATA]
TOTAL FM JAN 1 0 HIGHEST SLP M ON M
DPTR FM NORMAL 0 LOWEST SLP 29.28 ON 3
[REMARKS]
#FINAL-03-20#