000
CXUS53 KMPX 010910
CF6MPX
PRELIMINARY LOCAL CLIMATOLOGICAL DATA (WS FORM: F-6)
STATION: CHANHASSEN MN
MONTH: OCTOBER
YEAR: 2023
LATITUDE: 44 50 N
LONGITUDE: 93 34 W
TEMPERATURE IN F: :PCPN: SNOW: WIND :SUNSHINE: SKY :PK WND
================================================================================
1 2 3 4 5 6A 6B 7 8 9 10 11 12 13 14 15 16 17 18
12Z AVG MX 2MIN
DY MAX MIN AVG DEP HDD CDD WTR SNW DPTH SPD SPD DIR MIN PSBL S-S WX SPD DR
================================================================================
1 90 65 78 24 0 13 0.00 0.0 0 M M M M M M M M
2 87 65 76 22 0 11 0.00 0.0 0 M M M M M M M M
3 84 64 74 20 0 9 0.09 0.0 0 M M M M M M M M
4 64 52 58 5 7 0 T 0.0 0 M M M M M M M M
5 62 49 56 3 9 0 T 0.0 0 M M M M M M M M
6 54 41 48 -4 17 0 0.08 0.0 0 M M M M M M M M
7 51 40 46 -6 19 0 0.00 0.0 0 M M M M M M M M
8 60 43 52 1 13 0 0.00 0.0 0 M M M M M M M M
9 54 36 45 -6 20 0 0.00 0.0 0 M M M M M M M M
10 56 34 45 -5 20 0 0.00 0.0 0 M M M M M M M M
11 61 32 47 -3 18 0 0.00 0.0 0 M M M M M M M M
12 52 43 48 -1 17 0 0.53 0.0 0 M M M M M M M M
13 47 44 46 -3 19 0 2.92 0.0 0 M M M M M M M M
14 52 44 48 0 17 0 0.03 0.0 0 M M M M M M M M
15 55 39 47 -1 18 0 0.07 0.0 0 M M M M M M M M
16 60 35 48 1 17 0 0.00 0.0 0 M M M M M M M M
17 63 33 48 1 17 0 0.00 0.0 0 M M M M M M M M
18 58 47 53 7 12 0 T 0.0 0 M M M M M M M M
19 59 45 52 6 13 0 T 0.0 0 M M M M M M M M
20 69 40 55 9 10 0 0.00 0.0 0 M M M M M M M M
21 58 42 50 5 15 0 0.00 0.0 0 M M M M M M M M
22 59 35 47 2 18 0 T 0.0 0 M M M M M M M M
23 63 47 55 11 10 0 0.01 0.0 0 M M M M M M M M
24 54 49 52 8 13 0 1.20 0.0 0 M M M M M M 3 M M
25 53 49 51 8 14 0 0.02 0.0 0 M M M M M M M M
26 57 50 54 11 11 0 0.82 0.0 0 M M M M M M M M
27 51 28 40 -2 25 0 0.01 0.0 0 M M M M M M M M
28 31 26 29 -13 36 0 T T 0 M M M M M M M M
29 37 24 31 -10 34 0 0.00 0.0 0 M M M M M M M M
30 37 21 29 -12 36 0 0.05 0.5 0 M M M M M M M M
31 35 22 29 -11 36 0 0.03 0.8 1 M M M M M M M M
================================================================================
SM 1773 1284 511 33 5.86 1.3 M M M
================================================================================
AV 57.2 41.4 M FASTST M M M MAX(MPH)
MISC ----> M M M M
================================================================================
NOTES:
# LAST OF SEVERAL OCCURRENCES
COLUMN 17 PEAK WIND IN M.P.H.
PRELIMINARY LOCAL CLIMATOLOGICAL DATA (WS FORM: F-6) , PAGE 2
STATION: CHANHASSEN MN
MONTH: OCTOBER
YEAR: 2023
LATITUDE: 44 50 N
LONGITUDE: 93 34 W
[TEMPERATURE DATA] [PRECIPITATION DATA] SYMBOLS USED IN COLUMN 16
AVERAGE MONTHLY: 49.3 TOTAL FOR MONTH: 5.86 1 = FOG OR MIST
DPTR FM NORMAL: 1.9 DPTR FM NORMAL: 3.20 2 = FOG REDUCING VISIBILITY
HIGHEST: 90 ON 1 GRTST 24HR 2.92 ON 13-13 TO 1/4 MILE OR LESS
LOWEST: 21 ON 30 3 = THUNDER
SNOW, ICE PELLETS, HAIL 4 = ICE PELLETS
TOTAL MONTH: 1.3 INCHES 5 = HAIL
GRTST 24HR 0.8 ON 31-31 6 = FREEZING RAIN OR DRIZZLE
GRTST DEPTH: 1 ON 31 7 = DUSTSTORM OR SANDSTORM:
VSBY 1/2 MILE OR LESS
8 = SMOKE OR HAZE
[NO. OF DAYS WITH] [WEATHER - DAYS WITH] 9 = BLOWING SNOW
X = TORNADO
MAX 32 OR BELOW: 1 0.01 INCH OR MORE: 13
MAX 90 OR ABOVE: 1 0.10 INCH OR MORE: 4
MIN 32 OR BELOW: 6 0.50 INCH OR MORE: 4
MIN 0 OR BELOW: 0 1.00 INCH OR MORE: 2
[HDD (BASE 65) ]
TOTAL THIS MO. 511 CLEAR (SCALE 0-3) 0
DPTR FM NORMAL -38 PTCLDY (SCALE 4-7) 0
TOTAL FM JUL 1 583 CLOUDY (SCALE 8-10) 31
DPTR FM NORMAL -158
[CDD (BASE 65) ]
TOTAL THIS MO. 33
DPTR FM NORMAL 28 [PRESSURE DATA]
TOTAL FM JAN 1 818 HIGHEST SLP M ON M
DPTR FM NORMAL 235 LOWEST SLP M ON M
[REMARKS]
#FINAL-10-23#