000
CXUS53 KMQT 011000
CF6MQT
PRELIMINARY LOCAL CLIMATOLOGICAL DATA (WS FORM: F-6)
STATION: MARQUETTE MI
MONTH: DECEMBER
YEAR: 2021
LATITUDE: 46 31 N
LONGITUDE: 87 33 W
TEMPERATURE IN F: :PCPN: SNOW: WIND :SUNSHINE: SKY :PK WND
================================================================================
1 2 3 4 5 6A 6B 7 8 9 10 11 12 13 14 15 16 17 18
12Z AVG MX 2MIN
DY MAX MIN AVG DEP HDD CDD WTR SNW DPTH SPD SPD DIR MIN PSBL S-S WX SPD DR
================================================================================
1 37 16 27 2 38 0 T T 2 M M M M M M 6 25 225
2 41 25 33 9 32 0 0.05 0.5 T M M M M M M 6 34 270
3 32 25 29 5 36 0 0.05 1.3 1 M M M M M M 29 270
4 29 15 22 -2 43 0 0.01 0.8 2 M M M M M M 31 315
5 28 13 21 -2 44 0 0.46 4.5 2 M M M M M M 17 135
6 29 5 17 -6 48 0 0.20 4.3 6 M M M M M M 69 36 315
7 12 0 6 -17 59 0 T T 5 M M M M M M 16 270
8 20 1 11 -11 54 0 T T 5 M M M M M M 14 225
9 30 16 23 1 42 0 0.11 1.3 6 M M M M M M 25 180
10 31 25 28 6 37 0 0.28 2.6 6 M M M M M M 31 270
11 30 22 26 5 39 0 1.14 7.9 12 M M M M M M 9 34 315
12 41 19 30 9 35 0 0.00 0.0 14 M M M M M M 29 225
13 48 30 39 18 26 0 0.00 0.0 12 M M M M M M 29 225
14 36 30 33 12 32 0 0.00 0.0 12 M M M M M M 26 180
15 48 36 42 22 23 0 0.01 0.0 11 M M M M M M 12 26 180
16 51 16 34 14 31 0 0.35 0.6 4 M M M M M M 123 50 225
17 20 14 17 -3 48 0 0.01 0.3 3 M M M M M M 31 270
18 24 15 20 0 45 0 0.10 1.8 3 M M M M M M 6 19 45
19 24 5 15 -4 50 0 T T 5 M M M M M M 32 180
20 29 14 22 3 43 0 0.01 0.4 4 M M M M M M 34 270
21 18 11 15 -4 50 0 0.31 5.1 4 M M M M M M 29 325
22 17 9 13 -5 52 0 0.03 0.7 7 M M M M M M 30 315
23 29 11 20 2 45 0 0.19 3.9 6 M M M M M M 16 16 180
24 37 29 33 15 32 0 0.01 0.0 9 M M M M M M 1 32 180
25 35 20 28 10 37 0 T T 5 M M M M M M 26 270
26 23 18 21 3 44 0 0.00 0.0 5 M M M M M M 16 315
27 31 18 25 8 40 0 0.24 3.9 6 M M M M M M 6 32 270
28 24 17 21 4 44 0 0.07 0.9 8 M M M M M M 6 23 270
29 26 8 17 0 48 0 0.09 1.6 10 M M M M M M 27 270
30 23 5 14 -3 51 0 0.02 0.3 9 M M M M M M 16 19 180
31 24 13 19 2 46 0 0.03 0.7 8 M M M M M M 16 19 180
================================================================================
SM 927 501 1294 0 3.77 43.4 M M M
================================================================================
AV 29.9 16.2 M FASTST M M M MAX(MPH)
MISC ----> M M 50 225
================================================================================
NOTES:
# LAST OF SEVERAL OCCURRENCES
COLUMN 17 PEAK WIND IN M.P.H.
PRELIMINARY LOCAL CLIMATOLOGICAL DATA (WS FORM: F-6) , PAGE 2
STATION: MARQUETTE MI
MONTH: DECEMBER
YEAR: 2021
LATITUDE: 46 31 N
LONGITUDE: 87 33 W
[TEMPERATURE DATA] [PRECIPITATION DATA] SYMBOLS USED IN COLUMN 16
AVERAGE MONTHLY: 23.0 TOTAL FOR MONTH: 3.77 1 = FOG OR MIST
DPTR FM NORMAL: 2.8 DPTR FM NORMAL: 1.17 2 = FOG REDUCING VISIBILITY
HIGHEST: 51 ON 16 GRTST 24HR 1.14 ON 11-11 TO 1/4 MILE OR LESS
LOWEST: 0 ON 7 3 = THUNDER
SNOW, ICE PELLETS, HAIL 4 = ICE PELLETS
TOTAL MONTH: 43.5 INCHES 5 = HAIL
GRTST 24HR 7.9 ON 11-11 6 = FREEZING RAIN OR DRIZZLE
GRTST DEPTH: 14 ON 12 7 = DUSTSTORM OR SANDSTORM:
VSBY 1/2 MILE OR LESS
8 = SMOKE OR HAZE
[NO. OF DAYS WITH] [WEATHER - DAYS WITH] 9 = BLOWING SNOW
X = TORNADO
MAX 32 OR BELOW: 22 0.01 INCH OR MORE: 22
MAX 90 OR ABOVE: 0 0.10 INCH OR MORE: 10
MIN 32 OR BELOW: 30 0.50 INCH OR MORE: 1
MIN 0 OR BELOW: 1 1.00 INCH OR MORE: 1
[HDD (BASE 65) ]
TOTAL THIS MO. 1294 CLEAR (SCALE 0-3) 0
DPTR FM NORMAL -93 PTCLDY (SCALE 4-7) 0
TOTAL FM JUL 1 3027 CLOUDY (SCALE 8-10) 31
DPTR FM NORMAL -527
[CDD (BASE 65) ]
TOTAL THIS MO. 0
DPTR FM NORMAL 0 [PRESSURE DATA]
TOTAL FM JAN 1 350 HIGHEST SLP M ON M
DPTR FM NORMAL 113 LOWEST SLP M ON M
[REMARKS]
#FINAL-12-21#