000
CXUS51 KLWX 012354
CF6MRB
PRELIMINARY LOCAL CLIMATOLOGICAL DATA (WS FORM: F-6)
STATION: MARTINSBURG WV
MONTH: OCTOBER
YEAR: 2021
LATITUDE: 39 24 N
LONGITUDE: 77 58 W
TEMPERATURE IN F: :PCPN: SNOW: WIND :SUNSHINE: SKY :PK WND
================================================================================
1 2 3 4 5 6A 6B 7 8 9 10 11 12 13 14 15 16 17 18
12Z AVG MX 2MIN
DY MAX MIN AVG DEP HDD CDD WTR SNW DPTH SPD SPD DIR MIN PSBL S-S WX SPD DR
================================================================================
1 72 43 58 -3 7 0 0.00 M M 0.9 7 340 M M 0 1 12 260
2 76 44 60 0 5 0 0.00 M M 0.7 8 190 M M 1 12 11 200
3 83 52 68 8 0 3 T M M 2.1 10 180 M M 3 1 15 180
4 81 61 71 11 0 6 0.04 M M 2.6 13 290 M M 5 18 14 290
5 76 56 66 7 0 1 0.00 M M 3.1 10 30 M M 7 128 12 30
6 69 65 67 8 0 2 0.01 M M 3.1 7 70 M M 10 1 9 100
7 72 60 66 8 0 1 0.00 M M 1.4 8 140 M M 8 1 10 140
8 72 56 64 6 1 0 0.00 M M 1.4 7 170 M M 7 12 9 210
9 71 60 66 8 0 1 0.00 M M 3.6 12 90 M M 9 17 120
10 68 61 65 8 0 0 0.09 M M 5.6 9 40 M M 10 1 13 360
11 67 61 64 7 1 0 T M M 3.5 9 10 M M 10 1 11 70
12 68 56 62 6 3 0 0.00 M M 1.3 9 90 M M 8 1 11 100
13 76 56 66 10 0 1 0.00 M M 1.1 7 240 M M 6 12 10 130
14 78 50 64 8 1 0 0.00 M M 1.6 10 360 M M 3 12 14 330
15 82 58 70 14 0 5 0.00 M M 2.4 10 170 M M 1 1 15 160
16 71 53 62 7 3 0 0.37 M M 6.7 23 290 M M 4 1 31 310
17 61 45 53 -2 12 0 0.00 M M 8.9 22 280 M M 5 31 290
18 66 43 55 1 10 0 0.00 M M 9.2 22 310 M M 0 29 310
19 72 37 55 1 10 0 0.00 M M 6.3 18 280 M M 0 28 320
20 74 49 62 8 3 0 0.00 M M 5.6 15 270 M M 0 8 19 250
21 75 42 59 6 6 0 0.09 M M 5.9 16 240 M M 1 1 22 230
22 66 54 60 7 5 0 0.00 M M 6.7 15 280 M M 7 20 290
23 63 44 54 1 11 0 0.01 M M 4.6 21 250 M M 7 25 260
24 69 48 59 7 6 0 T M M 3.5 13 140 M M 6 16 130
25 76 49 63 11 2 0 0.12 M M 4.5 17 260 M M 3 1 21 270
26 60 50 55 3 10 0 T M M 16.1 31 300 M M 8 1 40 280
27 69 46 58 7 7 0 T M M 9.2 23 320 M M 3 35 310
28 63 38 51 0 14 0 0.00 M M 3.8 12 140 M M 5 1 17 150
29 57 52 55 4 10 0 1.20 M M 10.2 18 60 M M 10 1 27 80
30 57 50 54 4 11 0 0.01 M M 2.4 9 10 M M 10 1 11 10
31 64 50 57 7 8 0 0.00 M M 8.7 21 260 M M 8 29 260
================================================================================
SM 2174 1589 146 20 1.94 M 146.7 M 165
================================================================================
AV 70.1 51.3 4.7 FASTST M M 5 MAX(MPH)
MISC ----> 31 300 40 280
================================================================================
NOTES:
# LAST OF SEVERAL OCCURRENCES
COLUMN 17 PEAK WIND IN M.P.H.
PRELIMINARY LOCAL CLIMATOLOGICAL DATA (WS FORM: F-6) , PAGE 2
STATION: MARTINSBURG WV
MONTH: OCTOBER
YEAR: 2021
LATITUDE: 39 24 N
LONGITUDE: 77 58 W
[TEMPERATURE DATA] [PRECIPITATION DATA] SYMBOLS USED IN COLUMN 16
AVERAGE MONTHLY: 60.7 TOTAL FOR MONTH: 1.94 1 = FOG OR MIST
DPTR FM NORMAL: 5.5 DPTR FM NORMAL: -1.05 2 = FOG REDUCING VISIBILITY
HIGHEST: 83 ON 3 GRTST 24HR 1.20 ON 29-29 TO 1/4 MILE OR LESS
LOWEST: 37 ON 19 3 = THUNDER
SNOW, ICE PELLETS, HAIL 4 = ICE PELLETS
TOTAL MONTH: M 5 = HAIL
GRTST 24HR M ON M 6 = FREEZING RAIN OR DRIZZLE
GRTST DEPTH: M ON M 7 = DUSTSTORM OR SANDSTORM:
VSBY 1/2 MILE OR LESS
8 = SMOKE OR HAZE
[NO. OF DAYS WITH] [WEATHER - DAYS WITH] 9 = BLOWING SNOW
X = TORNADO
MAX 32 OR BELOW: 0 0.01 INCH OR MORE: 9
MAX 90 OR ABOVE: 0 0.10 INCH OR MORE: 3
MIN 32 OR BELOW: 0 0.50 INCH OR MORE: 1
MIN 0 OR BELOW: 0 1.00 INCH OR MORE: 1
[HDD (BASE 65) ]
TOTAL THIS MO. 146 CLEAR (SCALE 0-3) 8
DPTR FM NORMAL -172 PTCLDY (SCALE 4-7) 16
TOTAL FM JUL 1 182 CLOUDY (SCALE 8-10) 7
DPTR FM NORMAL -201
[CDD (BASE 65) ]
TOTAL THIS MO. 20
DPTR FM NORMAL 6 [PRESSURE DATA]
TOTAL FM JAN 1 1155 HIGHEST SLP 30.35 ON 6
DPTR FM NORMAL 143 LOWEST SLP 29.48 ON 29
[REMARKS]
#FINAL-10-21#