000
CXUS54 KMAF 040137
CF6MRF
PRELIMINARY LOCAL CLIMATOLOGICAL DATA (WS FORM: F-6)
STATION: MARFA
MONTH: JULY
YEAR: 2021
LATITUDE: 30 22 N
LONGITUDE: 104 1 W
TEMPERATURE IN F: :PCPN: SNOW: WIND :SUNSHINE: SKY :PK WND
================================================================================
1 2 3 4 5 6A 6B 7 8 9 10 11 12 13 14 15 16 17 18
12Z AVG MX 2MIN
DY MAX MIN AVG DEP HDD CDD WTR SNW DPTH SPD SPD DIR MIN PSBL S-S WX SPD DR
================================================================================
1 84 62 73 M 0 8 0.35 M M 7.6 14 130 M M 7 30 170
2 84 63 74 M 0 9 0.18 M M 8.1 24 10 M M 1 3 21 360
3 82 64 73 M 0 8 0.27 M M 6.3 17 290 M M 1 3 21 290
4 85 65 75 M 0 10 T M M 6.0 18 20 M M 2 25 20
5 84 61 73 M 0 8 T M M 7.9 24 310 M M 1 31 310
6 83 62 73 M 0 8 M M M 12.0 20 30 M M 1 31 30
7 82 63 73 M 0 8 T M M 10.1 23 10 M M 4 30 10
8 85 59 72 M 0 7 M M M 10.2 15 50 M M 1 24 50
9 87 59 73 M 0 8 M M M 8.3 17 10 M M 0 24 30
10 89 60 75 M 0 10 M M M 6.4 15 50 M M 2 20 50
11 87 62 75 M 0 10 T M M 7.7 15 100 M M 4 24 80
12 82 63 73 M 0 8 T M M 6.1 25 90 M M 3 3 43 80
13 84 56 70 M 0 5 M M M 10.6 18 110 M M 2 20 100
14 86 57 72 M 0 7 M M M 7.6 14 140 M M 1 21 130
15 90 58 74 M 0 9 M M M 7.3 18 120 M M 0 25 120
16 92 59 76 M 0 11 T M M 5.4 14 100 M M 2 18 290
17 92 61 77 M 0 12 T M M 6.2 20 100 M M 2 3 33 90
18 87 61 74 M 0 9 M M M 8.9 23 50 M M 1 30 70
19 86 63 75 M 0 10 0.06 M M 5.9 13 30 M M 4 21 20
20 85 63 74 M 0 9 M M M 10.5 18 40 M M 3 30 80
21 84 57 71 M 0 6 M M M 7.7 15 50 M M 2 24 50
22 88 55 72 M 0 7 M M M 5.2 13 120 M M 1 M M
23 90 59 75 M 0 10 T M M 7.0 29 280 M M 2 38 43 260
24 92 61 77 M 0 12 T M M 6.4 15 240 M M 2 3 30 50
25 89 65 77 M 0 12 0.31 M M 6.1 20 360 M M 2 3 36 360
26 93 60 77 M 0 12 M M M 5.4 9 100 M M 0 M M
27 92 58 75 M 0 10 M M M 6.0 16 90 M M 0 21 90
28 82 60 71 M 0 6 0.05 M M 7.0 24 80 M M 3 31 80
29 86 56 71 M 0 6 0.02 M M 7.4 35 100 M M 2 46 100
30 88 58 73 M 0 8 M M M 7.1 13 140 M M 0 20 100
31 86 61 74 M 0 9 T M M 5.9 20 80 M M 1 29 80
================================================================================
SM 2686 1871 0 272 1.24 M 230.6 M 57
================================================================================
AV 86.6 60.4 7.4 FASTST M M 2 MAX(MPH)
MISC ----> 35 100 46 100
================================================================================
NOTES:
# LAST OF SEVERAL OCCURRENCES
COLUMN 17 PEAK WIND IN M.P.H.
PRELIMINARY LOCAL CLIMATOLOGICAL DATA (WS FORM: F-6) , PAGE 2
STATION: MARFA
MONTH: JULY
YEAR: 2021
LATITUDE: 30 22 N
LONGITUDE: 104 1 W
[TEMPERATURE DATA] [PRECIPITATION DATA] SYMBOLS USED IN COLUMN 16
AVERAGE MONTHLY: 73.5 TOTAL FOR MONTH: 1.24 1 = FOG OR MIST
DPTR FM NORMAL: 0.0 DPTR FM NORMAL: M 2 = FOG REDUCING VISIBILITY
HIGHEST: 93 ON 26 GRTST 24HR 0.35 ON 1- 1 TO 1/4 MILE OR LESS
LOWEST: 55 ON 22 3 = THUNDER
SNOW, ICE PELLETS, HAIL 4 = ICE PELLETS
TOTAL MONTH: M 5 = HAIL
GRTST 24HR M ON M 6 = FREEZING RAIN OR DRIZZLE
GRTST DEPTH: M ON M 7 = DUSTSTORM OR SANDSTORM:
VSBY 1/2 MILE OR LESS
8 = SMOKE OR HAZE
[NO. OF DAYS WITH] [WEATHER - DAYS WITH] 9 = BLOWING SNOW
X = TORNADO
MAX 32 OR BELOW: 0 0.01 INCH OR MORE: 7
MAX 90 OR ABOVE: 7 0.10 INCH OR MORE: 4
MIN 32 OR BELOW: 0 0.50 INCH OR MORE: 0
MIN 0 OR BELOW: 0 1.00 INCH OR MORE: 0
[HDD (BASE 65) ]
TOTAL THIS MO. 0 CLEAR (SCALE 0-3) 24
DPTR FM NORMAL M PTCLDY (SCALE 4-7) 7
TOTAL FM JUL 1 0 CLOUDY (SCALE 8-10) 0
DPTR FM NORMAL M
[CDD (BASE 65) ]
TOTAL THIS MO. 272
DPTR FM NORMAL M [PRESSURE DATA]
TOTAL FM JAN 1 717 HIGHEST SLP M ON M
DPTR FM NORMAL M LOWEST SLP M ON M
[REMARKS]
#FINAL-07-21#