000
CXUS52 KMHX 041331
CF6MRH
PRELIMINARY LOCAL CLIMATOLOGICAL DATA (WS FORM: F-6)
STATION: BEAUFORT/SMITH FIELD NC
MONTH: MAY
YEAR: 2021
LATITUDE: 34 43 N
LONGITUDE: 76 39 W
TEMPERATURE IN F: :PCPN: SNOW: WIND :SUNSHINE: SKY :PK WND
================================================================================
1 2 3 4 5 6A 6B 7 8 9 10 11 12 13 14 15 16 17 18
12Z AVG MX 2MIN
DY MAX MIN AVG DEP HDD CDD WTR SNW DPTH SPD SPD DIR MIN PSBL S-S WX SPD DR
================================================================================
1 70 54 62 -4 3 0 0.00 0.0 0 10.1 22 20 M M 0 29 20
2 76 59 68 1 0 3 0.00 0.0 0 11.5 21 210 M M 0 26 210
3 80 67 74 7 0 9 T 0.0 0 11.5 22 200 M M 2 28 200
4 80 69 75 8 0 10 0.00 0.0 0 15.3 23 210 M M 1 29 220
5 81 71 76 8 0 11 0.02 0.0 0 16.8 28 220 M M 1 1 36 210
6 72 56 64 -4 1 0 0.00 0.0 0 10.2 23 20 M M 7 8 28 30
7 70 53 62 -6 3 0 0.30 0.0 0 9.2 30 300 M M 3 1 35 320
8 73 51 62 -6 3 0 0.00 0.0 0 14.0 30 220 M M 1 37 220
9 75 52 64 -4 1 0 0.00 0.0 0 12.0 23 210 M M 1 30 200
10 78 62 70 1 0 5 0.30 0.0 0 15.8 24 230 M M 5 1 31 220
11 70 58 64 -5 1 0 0.00 0.0 0 8.8 17 50 M M 8 22 60
12 63 48 56 -13 9 0 1.15 0.0 0 11.4 22 30 M M 8 1 30 20
13 69 49 59 -10 6 0 0.00 0.0 0 9.7 20 40 M M 10 29 30
14 71 49 60 -10 5 0 0.00 0.0 0 9.0 24 10 M M 1 28 20
15 75 48 62 -8 3 0 0.00 0.0 0 7.9 21 10 M M 0 27 10
16 77 53 65 -5 0 0 0.00 0.0 0 6.9 15 30 M M 0 20 20
17 77 56 67 -3 0 2 0.00 0.0 0 5.8 14 80 M M 4 19 100
18 78 62 70 -1 0 5 0.00 0.0 0 7.1 14 110 M M 2 20 20
19 77 59 68 -3 0 3 T 0.0 0 5.1 15 190 M M 1 19 180
20 85 56 71 0 0 6 0.00 0.0 0 5.7 10 80 M M 0 17 10
21 79 60 70 -1 0 5 0.00 0.0 0 9.6 17 10 M M 2 23 10
22 81 60 71 -1 0 6 0.00 0.0 0 6.9 13 230 M M 3 1 16 230
23 87 67 77 5 0 12 0.00 0.0 0 7.3 15 160 M M 0 17 160
24 88 67 78 6 0 13 0.06 0.0 0 5.2 16 20 M M 3 1 21 20
25 82 74 78 6 0 13 0.00 0.0 0 9.3 20 160 M M 3 24 140
26 81 72 77 5 0 12 0.00 0.0 0 13.2 23 210 M M 1 27 220
27 82 73 78 5 0 13 0.00 0.0 0 9.5 18 230 M M 2 25 230
28 81 72 77 4 0 12 T 0.0 0 13.2 24 210 M M 1 29 210
29 81 73 77 4 0 12 0.00 0.0 0 16.6 23 210 M M 1 31 220
30 74 57 66 -8 0 1 0.65 0.0 0 11.2 18 340 M M 10 1 18 20
31 73 54 64 -10 1 0 0.00 0.0 0 9.0 20 20 M M 2 24 10
================================================================================
SM 2386 1861 36 153 2.48 0.0 314.8 M 83
================================================================================
AV 77.0 60.0 10.2 FASTST M M 3 MAX(MPH)
MISC ----> # 30 300 37 220
================================================================================
NOTES:
# LAST OF SEVERAL OCCURRENCES
COLUMN 17 PEAK WIND IN M.P.H.
PRELIMINARY LOCAL CLIMATOLOGICAL DATA (WS FORM: F-6) , PAGE 2
STATION: BEAUFORT/SMITH FIELD NC
MONTH: MAY
YEAR: 2021
LATITUDE: 34 43 N
LONGITUDE: 76 39 W
[TEMPERATURE DATA] [PRECIPITATION DATA] SYMBOLS USED IN COLUMN 16
AVERAGE MONTHLY: 68.5 TOTAL FOR MONTH: 2.48 1 = FOG OR MIST
DPTR FM NORMAL: -1.6 DPTR FM NORMAL: -1.46 2 = FOG REDUCING VISIBILITY
HIGHEST: 88 ON 24 GRTST 24HR 1.15 ON 12-12 TO 1/4 MILE OR LESS
LOWEST: 48 ON 15,12 3 = THUNDER
SNOW, ICE PELLETS, HAIL 4 = ICE PELLETS
TOTAL MONTH: 0.0 INCH 5 = HAIL
GRTST 24HR 0.0 6 = FREEZING RAIN OR DRIZZLE
GRTST DEPTH: 0 7 = DUSTSTORM OR SANDSTORM:
VSBY 1/2 MILE OR LESS
8 = SMOKE OR HAZE
[NO. OF DAYS WITH] [WEATHER - DAYS WITH] 9 = BLOWING SNOW
X = TORNADO
MAX 32 OR BELOW: 0 0.01 INCH OR MORE: 6
MAX 90 OR ABOVE: 0 0.10 INCH OR MORE: 4
MIN 32 OR BELOW: 0 0.50 INCH OR MORE: 2
MIN 0 OR BELOW: 0 1.00 INCH OR MORE: 1
[HDD (BASE 65) ]
TOTAL THIS MO. 36 CLEAR (SCALE 0-3) 23
DPTR FM NORMAL 14 PTCLDY (SCALE 4-7) 6
TOTAL FM JUL 1 2218 CLOUDY (SCALE 8-10) 2
DPTR FM NORMAL -157
[CDD (BASE 65) ]
TOTAL THIS MO. 153
DPTR FM NORMAL -27 [PRESSURE DATA]
TOTAL FM JAN 1 204 HIGHEST SLP 30.46 ON 21
DPTR FM NORMAL -29 LOWEST SLP 29.79 ON 29
[REMARKS]
#FINAL-05-21#