000
CXUS54 KHUN 050324
CF6MSL
PRELIMINARY LOCAL CLIMATOLOGICAL DATA (WS FORM: F-6)
STATION: MUSCLE SHOALS
MONTH: OCTOBER
YEAR: 2021
LATITUDE: 34 45 N
LONGITUDE: 87 37 W
TEMPERATURE IN F: :PCPN: SNOW: WIND :SUNSHINE: SKY :PK WND
================================================================================
1 2 3 4 5 6A 6B 7 8 9 10 11 12 13 14 15 16 17 18
12Z AVG MX 2MIN
DY MAX MIN AVG DEP HDD CDD WTR SNW DPTH SPD SPD DIR MIN PSBL S-S WX SPD DR
================================================================================
1 88 66 77 7 0 12 0.00 0.0 0 2.8 9 190 M M 3 128 12 180
2 85 66 76 7 0 11 0.03 0.0 0 5.2 17 160 M M 5 18 22 160
3 79 65 72 3 0 7 0.09 0.0 0 5.2 13 230 M M 8 18 17 170
4 80 65 73 5 0 8 0.00 0.0 0 1.9 10 340 M M 7 18 14 340
5 76 67 72 4 0 7 2.44 0.0 0 3.6 12 230 M M 9 13 15 140
6 83 65 74 6 0 9 0.05 0.0 0 4.9 15 90 M M 8 13 19 120
7 83 64 74 7 0 9 0.00 0.0 0 1.2 8 270 M M 4 1 9 260
8 86 62 74 7 0 9 0.00 0.0 0 1.5 12 300 M M 4 128 16 270
9 87 62 75 9 0 10 0.00 0.0 0 2.9 10 230 M M 0 128 14 240
10 88 62 75 9 0 10 0.00 0.0 0 4.8 13 160 M M 0 128 16 160
11 85 65 75 9 0 10 T 0.0 0 9.2 21 150 M M 4 27 190
12 87 68 78 13 0 13 0.01 0.0 0 3.2 13 280 M M 6 18 15 280
13 88 69 79 14 0 14 0.00 0.0 0 6.0 15 190 M M 3 17 210
14 84 65 75 11 0 10 0.00 0.0 0 3.9 10 220 M M 1 18 16 190
15 87 66 77 13 0 12 1.59 0.0 0 6.0 17 260 M M 7 18 22 240
16 71 50 61 -3 4 0 0.00 0.0 0 8.2 22 310 M M 2 18 29 330
17 71 45 58 -5 7 0 0.00 0.0 0 3.1 12 340 M M 0 16 20
18 74 43 59 -4 6 0 0.00 0.0 0 1.7 9 60 M M 1 18 12 110
19 76 45 61 -1 4 0 0.00 0.0 0 2.1 10 160 M M 1 128 15 160
20 81 52 67 5 0 2 T 0.0 0 4.6 15 240 M M 4 18 240
21 81 57 69 7 0 4 0.02 0.0 0 5.9 18 310 M M 6 3 32 310
22 71 50 61 0 4 0 0.00 0.0 0 3.7 10 310 M M 0 18 15 280
23 78 48 63 2 2 0 0.00 0.0 0 4.3 12 120 M M 0 128 15 150
24 82 58 70 10 0 5 0.00 0.0 0 7.9 17 170 M M 0 23 150
25 80 57 69 9 0 4 0.16 0.0 0 11.5 22 280 M M 7 1 27 310
26 69 52 61 1 4 0 0.00 0.0 9 6.6 16 30 M M 4 21 30
27 75 48 62 3 3 0 0.12 0.0 0 7.2 18 120 M M 2 27 140
28 68 55 62 3 3 0 0.66 0.0 0 10.3 24 230 M M 10 18 30 230
29 58 52 55 -3 10 0 0.35 0.0 0 8.2 15 290 M M 10 18 20 300
30 58 54 56 -2 9 0 0.04 0.0 0 9.8 17 290 M M 10 18 21 280
31 70 50 60 2 5 0 0.00 0.0 0 4.5 13 290 M M 4 1 16 300
================================================================================
SM 2429 1793 61 166 5.56 0.0 161.9 M 130
================================================================================
AV 78.4 57.8 5.2 FASTST M M 4 MAX(MPH)
MISC ----> 24 230 32 310
================================================================================
NOTES:
# LAST OF SEVERAL OCCURRENCES
COLUMN 17 PEAK WIND IN M.P.H.
PRELIMINARY LOCAL CLIMATOLOGICAL DATA (WS FORM: F-6) , PAGE 2
STATION: MUSCLE SHOALS
MONTH: OCTOBER
YEAR: 2021
LATITUDE: 34 45 N
LONGITUDE: 87 37 W
[TEMPERATURE DATA] [PRECIPITATION DATA] SYMBOLS USED IN COLUMN 16
AVERAGE MONTHLY: 68.1 TOTAL FOR MONTH: 5.56 1 = FOG OR MIST
DPTR FM NORMAL: 4.5 DPTR FM NORMAL: 2.09 2 = FOG REDUCING VISIBILITY
HIGHEST: 88 ON 13,10 GRTST 24HR 2.49 ON 5- 6 TO 1/4 MILE OR LESS
LOWEST: 43 ON 18 3 = THUNDER
SNOW, ICE PELLETS, HAIL 4 = ICE PELLETS
TOTAL MONTH: 0.0 INCH 5 = HAIL
GRTST 24HR 0.0 6 = FREEZING RAIN OR DRIZZLE
GRTST DEPTH: 9 ON 26 7 = DUSTSTORM OR SANDSTORM:
VSBY 1/2 MILE OR LESS
8 = SMOKE OR HAZE
[NO. OF DAYS WITH] [WEATHER - DAYS WITH] 9 = BLOWING SNOW
X = TORNADO
MAX 32 OR BELOW: 0 0.01 INCH OR MORE: 12
MAX 90 OR ABOVE: 0 0.10 INCH OR MORE: 6
MIN 32 OR BELOW: 0 0.50 INCH OR MORE: 3
MIN 0 OR BELOW: 0 1.00 INCH OR MORE: 2
[HDD (BASE 65) ]
TOTAL THIS MO. 61 CLEAR (SCALE 0-3) 12
DPTR FM NORMAL -66 PTCLDY (SCALE 4-7) 14
TOTAL FM JUL 1 61 CLOUDY (SCALE 8-10) 5
DPTR FM NORMAL -73
[CDD (BASE 65) ]
TOTAL THIS MO. 166
DPTR FM NORMAL 82 [PRESSURE DATA]
TOTAL FM JAN 1 2168 HIGHEST SLP 30.28 ON 17
DPTR FM NORMAL 84 LOWEST SLP 29.42 ON 29
[REMARKS]
#FINAL-10-21#