000
CXUS54 KHUN 052248
CLMMSL
CLIMATE REPORT
NATIONAL WEATHER SERVICE HUNTSVILLE AL
448 PM CST MON FEB 05 2024
...................................
...THE MUSCLE SHOALS CLIMATE SUMMARY FOR THE MONTH OF JANUARY 2024...
CLIMATE NORMAL PERIOD 1991 TO 2020
CLIMATE RECORD PERIOD 1893 TO 2024
WEATHER OBSERVED NORMAL DEPART LAST YEAR`S
VALUE DATE(S) VALUE FROM VALUE
NORMAL
..............................................................
TEMPERATURE (F)
RECORD
HIGH 84 01/17/1936
LOW -11 01/21/1985
HIGHEST 69 01/26 MM MM 76
LOWEST 3 01/17 MM MM 25
AVG. MAXIMUM 48.0 52.4 -4.4 59.5
AVG. MINIMUM 29.8 33.5 -3.7 39.2
MEAN 38.9 42.9 -4.0 49.3
DAYS MAX >= 90 0 0.0 0.0 0
DAYS MAX <= 32 4 1.4 2.6 0
DAYS MIN <= 32 20 16.5 3.5 8
DAYS MIN <= 0 0 0.0 0.0 0
PRECIPITATION (INCHES)
RECORD
MAXIMUM 13.09 1950
MINIMUM 0.60 1986
TOTALS 8.73 4.71 4.02 4.47
DAILY AVG. 0.28 0.15 0.13
DAYS >= .01 13 10.2 2.8 16
DAYS >= .10 11 6.9 4.1 9
DAYS >= .50 7 3.0 4.0 4
DAYS >= 1.00 4 1.5 2.5 0
GREATEST
24 HR. TOTAL 2.30 01/24 TO 01/25 1.28
SNOWFALL (INCHES)
RECORDS
TOTAL 10.6 1966
24 HR TOTAL 10.5 01/18/1893 TO 01/18/1893
TOTALS 3.0 MM MM T
SINCE 7/1 3.0 MM MM MM
DAYS >= TRACE 7 MM MM
DAYS >= 1.0 1 MM MM
GREATEST
24 HR TOTAL 3.0 01/14 TO 01/15 T
DEGREE DAYS
HEATING TOTAL 800 684 116 479
SINCE 7/1 1768 1804 -36 MM
COOLING TOTAL 0 1 -1 2
SINCE 1/1 0 1 -1 MM
FREEZE DATES
RECORD
EARLIEST 10/03/1908
LATEST 05/02/1909
EARLIEST 11/01 11/08
LATEST 03/21 03/20
..............................................................
WIND (MPH)
AVERAGE WIND SPEED 7.6
HIGHEST WIND SPEED/DIRECTION 35/150 DATE 01/08
35/150 01/12
HIGHEST GUST SPEED/DIRECTION 53/250 DATE 01/09
53/150 01/12
SKY COVER
POSSIBLE SUNSHINE (PERCENT) MM
WEATHER CONDITIONS. NUMBER OF DAYS WITH
THUNDERSTORM 2 MIXED PRECIP 1
HEAVY RAIN 6 RAIN 8
LIGHT RAIN 12 FREEZING RAIN 0
LT FREEZING RAIN 1 HAIL 0
HEAVY SNOW 0 SNOW 0
LIGHT SNOW 6 SLEET 0
FOG 19 FOG W/VIS <= 1/4 MILE 7
- INDICATES NEGATIVE NUMBERS.
R INDICATES RECORD WAS SET OR TIED.
MM INDICATES DATA IS MISSING.
T INDICATES TRACE AMOUNT.
$$