000
CXUS53 KMKX 010910
CF6MSN
PRELIMINARY LOCAL CLIMATOLOGICAL DATA (WS FORM: F-6)
STATION: MADISON WI
MONTH: JUNE
YEAR: 2020
LATITUDE: 43 7 N
LONGITUDE: 89 20 W
TEMPERATURE IN F: :PCPN: SNOW: WIND :SUNSHINE: SKY :PK WND
================================================================================
1 2 3 4 5 6A 6B 7 8 9 10 11 12 13 14 15 16 17 18
12Z AVG MX 2MIN
DY MAX MIN AVG DEP HDD CDD WTR SNW DPTH SPD SPD DIR MIN PSBL S-S WX SPD DR
================================================================================
1 77 56 67 5 0 2 T 0.0 0 11.2 23 190 M M 6 35 180
2 89 66 78 15 0 13 0.62 0.0 0 7.6 39 340 M M 3 138 56 350
3 86 65 76 13 0 11 0.07 0.0 0 3.5 13 190 M M 5 1 16 180
4 87 62 75 12 0 10 0.00 0.0 0 4.3 14 360 M M 4 20 310
5 86 63 75 11 0 10 T 0.0 0 5.1 14 330 M M 5 21 310
6 79 57 68 4 0 3 0.00 0.0 0 7.5 16 110 M M 4 22 100
7 80 55 68 4 0 3 T 0.0 0 9.8 17 140 M M 6 26 150
8 89 60 75 10 0 10 0.00 0.0 0 9.9 21 170 M M 2 26 170
9 85 61 73 8 0 8 0.63 0.0 0 11.3 23 80 M M 7 13 39 210
10 81 59 70 4 0 5 1.23 0.0 0 6.8 16 320 M M 7 13 32 310
11 80 55 68 2 0 3 T 0.0 0 5.7 17 320 M M 2 34 310
12 82 52 67 1 0 2 0.00 0.0 0 6.6 21 70 M M 3 26 80
13 68 46 57 -9 8 0 0.00 0.0 0 9.2 18 70 M M 2 26 70
14 70 45 58 -9 7 0 0.00 0.0 0 7.8 17 120 M M 2 22 80
15 76 45 61 -6 4 0 0.00 0.0 0 7.9 16 140 M M 5 21 130
16 82 47 65 -2 0 0 0.00 0.0 0 5.5 16 170 M M 1 20 180
17 84 56 70 2 0 5 0.00 0.0 0 6.1 17 180 M M 2 1 24 170
18 86 57 72 4 0 7 0.00 0.0 0 5.3 16 170 M M 2 24 160
19 87 61 74 6 0 9 0.00 0.0 0 4.3 15 170 M M 5 20 170
20 79 69 74 5 0 9 0.13 0.0 0 5.0 17 170 M M 9 138 22 170
21 83 61 72 3 0 7 0.00 0.0 0 3.6 17 320 M M 5 33 340
22 M M M M M M 0.66 0.0 0 4.8 10 320 M M 10 1 23 320
23 74 56 65 -4 0 0 0.44 M 0 6.9 21 310 M M 7 13 34 330
24 76 56 66 -4 0 1 0.01 0.0 0 3.9 14 290 M M 7 13 23 260
25 82 54 68 -2 0 3 0.00 0.0 0 2.1 9 310 M M 2 17 280
26 75 65 70 0 0 5 1.03 0.0 0 4.0 21 330 M M 6 13 30 320
27 85 64 75 5 0 10 0.00 0.0 0 2.2 9 340 M M 5 12 14 350
28 85 63 74 4 0 9 0.00 0.0 0 7.9 17 140 M M 6 1 23 130
29 88 66 77 6 0 12 0.25 0.0 0 7.0 20 170 M M 5 13 30 250
30 89 64 77 6 0 12 0.00 0.0 0 7.9 18 130 M M 5 1 27 130
================================================================================
SM 2370 1686 19 169 5.07 0.0 190.7 M 140
================================================================================
AV 81.7 58.1 6.4 FASTST M M 5 MAX(MPH)
MISC ----> # 39 340 # 56 350
================================================================================
NOTES:
# LAST OF SEVERAL OCCURRENCES
COLUMN 17 PEAK WIND IN M.P.H.
PRELIMINARY LOCAL CLIMATOLOGICAL DATA (WS FORM: F-6) , PAGE 2
STATION: MADISON WI
MONTH: JUNE
YEAR: 2020
LATITUDE: 43 7 N
LONGITUDE: 89 20 W
[TEMPERATURE DATA] [PRECIPITATION DATA] SYMBOLS USED IN COLUMN 16
AVERAGE MONTHLY: 69.9 TOTAL FOR MONTH: 5.07 1 = FOG OR MIST
DPTR FM NORMAL: 2.9 DPTR FM NORMAL: 0.53 2 = FOG REDUCING VISIBILITY
HIGHEST: 89 ON 30, 8 GRTST 24HR 1.23 ON 10-10 TO 1/4 MILE OR LESS
LOWEST: 45 ON 15,14 3 = THUNDER
SNOW, ICE PELLETS, HAIL 4 = ICE PELLETS
TOTAL MONTH: 0.0 INCH 5 = HAIL
GRTST 24HR 0.0 6 = FREEZING RAIN OR DRIZZLE
GRTST DEPTH: 0 7 = DUSTSTORM OR SANDSTORM:
VSBY 1/2 MILE OR LESS
8 = SMOKE OR HAZE
[NO. OF DAYS WITH] [WEATHER - DAYS WITH] 9 = BLOWING SNOW
X = TORNADO
MAX 32 OR BELOW: 0 0.01 INCH OR MORE: 10
MAX 90 OR ABOVE: 0 0.10 INCH OR MORE: 8
MIN 32 OR BELOW: 0 0.50 INCH OR MORE: 5
MIN 0 OR BELOW: 0 1.00 INCH OR MORE: 2
[HDD (BASE 65) ]
TOTAL THIS MO. 19 CLEAR (SCALE 0-3) 9
DPTR FM NORMAL -41 PTCLDY (SCALE 4-7) 19
TOTAL FM JUL 1 6826 CLOUDY (SCALE 8-10) 2
DPTR FM NORMAL -507
[CDD (BASE 65) ]
TOTAL THIS MO. 169
DPTR FM NORMAL 49 [PRESSURE DATA]
TOTAL FM JAN 1 209 HIGHEST SLP 30.40 ON 14
DPTR FM NORMAL 59 LOWEST SLP 29.18 ON 9
[REMARKS]
#FINAL-06-20#