000
CXUS53 KMKX 012114 CCA
CLSMSN
CLIMATE REPORT
NATIONAL WEATHER SERVICE MILWAUKEE/SULLIVAN WI
1131 AM CDT THU JUN 01 2023
...................................
...THE MADISON WI CLIMATE SUMMARY FOR THE SEASON, FROM
3/1/2023 TO 5/31/2023...
CLIMATE NORMAL PERIOD 1991 TO 2020
CLIMATE RECORD PERIOD 1871 TO 2023
WEATHER OBSERVED NORMAL DEPART LAST YEAR`S
VALUE DATE(S) VALUE FROM VALUE DATE(S)
NORMAL
................................................................
TEMPERATURE (F)
RECORD
HIGH 101 05/31/1934
LOW -29 03/01/1962
HIGHEST 91 05/31 85 6 94 05/12
LOWEST 9 03/14 3 6 4 03/12
03/18
AVG. MAXIMUM 57.9 56.5 1.4 55.9
AVG. MINIMUM 36.2 36.0 0.2 37.3
MEAN 47.1 46.3 0.8 46.6
DAYS MAX >= 90 1 0.4 0.6 5
DAYS MAX <= 32 2 5.3 -3.3 7
DAYS MIN <= 32 39 35.1 3.9 39
DAYS MIN <= 0 0 0.9 -0.9 0
PRECIPITATION (INCHES)
RECORD
MAXIMUM 17.42 1973
MINIMUM 2.35 1936
TOTALS 6.84 10.14 -3.30 10.70
DAILY AVG. 0.07 0.11 -0.04 0.12
DAYS >= .01 32 35.9 -3.9 36
DAYS >= .10 23 20.4 2.6 23
DAYS >= .50 4 6.3 -2.3 7
DAYS >= 1.00 1 2.0 -1.0 2
GREATEST
24 HR. TOTAL 1.18 03/31 TO 03/31 1.46 05/25 TO 05/26
SNOWFALL (INCHES)
RECORDS
TOTAL 32.7 1923
TOTALS 26.7 9.7 17.0 9.7
SINCE 7/1 71.8 51.8 20.0 31.3
SNOWDEPTH AVG. 0 0
DAYS >= 1.0 7 2.9 4.1 4
GREATEST
SNOW DEPTH 7 03/25 2 03/07
03/08
24 HR TOTAL 12.1 03/25 TO 03/25 4.2 03/07 TO 03/07
DEGREE DAYS
HEATING TOTAL 1665 1764 -99 1781
SINCE 7/1 6510 7090 -580 6820
COOLING TOTAL 41 39 2 119
SINCE 1/1 41 39 2 119
FREEZE DATES
RECORD
EARLIEST 09/12/1955
LATEST 05/31/1966
EARLIEST 10/15
LATEST 05/04
................................................................
WIND (MPH)
AVERAGE WIND SPEED 7.5
RESULTANT WIND SPEED/DIRECTION 1/120
HIGHEST WIND SPEED/DIRECTION 30/150 DATE 05/31
30/170 04/02
HIGHEST GUST SPEED/DIRECTION 50/300 DATE 04/05
SKY COVER
AVERAGE SKY COVER 0.59
NUMBER OF DAYS FAIR 20
NUMBER OF DAYS PC 41
NUMBER OF DAYS CLOUDY 31
AVERAGE RH (PERCENT) 62
WEATHER CONDITIONS. NUMBER OF DAYS WITH
THUNDERSTORM 7 MIXED PRECIP 0
HEAVY RAIN 4 RAIN 9
LIGHT RAIN 29 FREEZING RAIN 0
LT FREEZING RAIN 0 HAIL 2
HEAVY SNOW 1 SNOW 3
LIGHT SNOW 20 SLEET 0
FOG 34 FOG W/VIS <= 1/4 MILE 1
HAZE 4
- INDICATES NEGATIVE NUMBERS.
R INDICATES RECORD WAS SET OR TIED.
MM INDICATES DATA IS MISSING.
T INDICATES TRACE AMOUNT.
$$
4TH SNOWIEST