000
CXUS54 KLIX 010910
CF6MSY
PRELIMINARY LOCAL CLIMATOLOGICAL DATA (WS FORM: F-6)
STATION: NEW ORLEANS
MONTH: JANUARY
YEAR: 2022
LATITUDE: 29 58 N
LONGITUDE: 90 15 W
TEMPERATURE IN F: :PCPN: SNOW: WIND :SUNSHINE: SKY :PK WND
================================================================================
1 2 3 4 5 6A 6B 7 8 9 10 11 12 13 14 15 16 17 18
12Z AVG MX 2MIN
DY MAX MIN AVG DEP HDD CDD WTR SNW DPTH SPD SPD DIR MIN PSBL S-S WX SPD DR
================================================================================
1 82 74 78 24 0 13 0.01 0.0 M 14.0 25 200 M M 8 1 35 200
2 78 35 57 3 8 0 0.07 M M 16.1 29 300 M M 9 18 38 290
3 51 35 43 -11 22 0 0.00 0.0 M 10.5 22 330 M M 5 30 340
4 57 37 47 -7 18 0 0.00 0.0 M 5.2 10 90 M M 4 13 90
5 68 49 59 5 6 0 0.00 0.0 M 5.3 9 120 M M 7 12 140
6 77 45 61 7 4 0 0.02 M M 8.6 25 280 M M 5 18 30 270
7 54 42 48 -6 17 0 0.00 0.0 M 8.6 16 50 M M 7 22 10
8 68 54 61 7 4 0 0.02 0.0 M 11.2 22 110 M M 8 25 110
9 82 64 73 19 0 8 0.07 0.0 M 8.5 20 240 M M 8 13 25 240
10 64 48 56 2 9 0 0.04 M M 14.0 21 360 M M 7 1 32 360
11 58 45 52 -2 13 0 0.00 0.0 M 9.4 17 40 M M 2 24 40
12 58 43 51 -3 14 0 0.00 0.0 M 4.2 14 70 M M 6 18 60
13 68 41 55 1 10 0 0.00 0.0 M 5.5 14 290 M M 1 8 19 260
14 70 45 58 4 7 0 0.00 0.0 M 4.4 10 270 M M 4 18 12 260
15 67 40 54 0 11 0 0.49 0.0 M 11.2 26 280 M M 8 13 36 290
16 48 35 42 -12 23 0 0.00 0.0 M 13.9 25 270 M M 6 35 270
17 58 37 48 -6 17 0 0.00 0.0 M 6.1 15 310 M M 0 22 330
18 64 37 51 -3 14 0 0.00 0.0 M 6.4 15 170 M M 3 19 180
19 73 52 63 9 2 0 0.00 0.0 M 7.2 15 150 M M 7 18 150
20 64 39 52 -2 13 0 0.19 M M 13.4 21 340 M M 9 138 29 340
21 42 36 39 -15 26 0 0.03 M M 12.6 17 360 M M 9 24 10
22 47 33 40 -14 25 0 0.00 0.0 M 8.2 16 10 M M 1 22 10
23 53 28 41 -13 24 0 0.00 0.0 M 3.7 10 360 M M 1 14 310
24 57 35 46 -8 19 0 0.27 0.0 M 4.3 15 130 M M 8 18 17 130
25 54 48 51 -4 14 0 0.69 M M 8.0 15 350 M M 8 18 20 350
26 54 41 48 -7 17 0 0.00 0.0 M 9.2 16 10 M M 3 22 20
27 59 39 49 -6 16 0 0.00 0.0 M 4.9 13 310 M M 3 16 310
28 55 39 47 -8 18 0 0.00 0.0 M 11.0 21 330 M M 5 27 340
29 51 37 44 -11 21 0 0.00 0.0 M 7.2 16 360 M M 0 23 360
30 66 38 52 -3 13 0 0.00 0.0 M 8.6 20 250 M M 1 24 250
31 68 43 56 1 9 0 0.00 0.0 M 6.6 20 120 M M 4 1 22 120
================================================================================
SM 1915 1314 414 21 1.90 0.0 268.0 M 157
================================================================================
AV 61.8 42.4 8.6 FASTST M M 5 MAX(MPH)
MISC ----> 29 300 38 290
================================================================================
NOTES:
# LAST OF SEVERAL OCCURRENCES
COLUMN 17 PEAK WIND IN M.P.H.
PRELIMINARY LOCAL CLIMATOLOGICAL DATA (WS FORM: F-6) , PAGE 2
STATION: NEW ORLEANS
MONTH: JANUARY
YEAR: 2022
LATITUDE: 29 58 N
LONGITUDE: 90 15 W
[TEMPERATURE DATA] [PRECIPITATION DATA] SYMBOLS USED IN COLUMN 16
AVERAGE MONTHLY: 52.1 TOTAL FOR MONTH: 1.90 1 = FOG OR MIST
DPTR FM NORMAL: -2.2 DPTR FM NORMAL: -3.28 2 = FOG REDUCING VISIBILITY
HIGHEST: 82 ON 9, 1 GRTST 24HR 0.93 ON 9- 9 TO 1/4 MILE OR LESS
LOWEST: 28 ON 23 3 = THUNDER
SNOW, ICE PELLETS, HAIL 4 = ICE PELLETS
TOTAL MONTH: 0.0 INCH 5 = HAIL
GRTST 24HR 0.0 6 = FREEZING RAIN OR DRIZZLE
GRTST DEPTH: M ON M 7 = DUSTSTORM OR SANDSTORM:
VSBY 1/2 MILE OR LESS
8 = SMOKE OR HAZE
[NO. OF DAYS WITH] [WEATHER - DAYS WITH] 9 = BLOWING SNOW
X = TORNADO
MAX 32 OR BELOW: 0 0.01 INCH OR MORE: 11
MAX 90 OR ABOVE: 0 0.10 INCH OR MORE: 4
MIN 32 OR BELOW: 1 0.50 INCH OR MORE: 1
MIN 0 OR BELOW: 0 1.00 INCH OR MORE: 0
[HDD (BASE 65) ]
TOTAL THIS MO. 414 CLEAR (SCALE 0-3) 9
DPTR FM NORMAL 64 PTCLDY (SCALE 4-7) 18
TOTAL FM JUL 1 642 CLOUDY (SCALE 8-10) 4
DPTR FM NORMAL -164
[CDD (BASE 65) ]
TOTAL THIS MO. 21
DPTR FM NORMAL 3 [PRESSURE DATA]
TOTAL FM JAN 1 21 HIGHEST SLP 30.57 ON 11
DPTR FM NORMAL 3 LOWEST SLP 29.72 ON 15
[REMARKS]
#FINAL-01-22#