000
CXUS52 KKEY 011718 CCA
CF6MTH
PRELIMINARY LOCAL CLIMATOLOGICAL DATA (WS FORM: F-6)...CORRECTED
STATION: MARATHON
MONTH: NOVEMBER
YEAR: 2022
LATITUDE: 24 43 N
LONGITUDE: 81 5 W
TEMPERATURE IN F: :PCPN: SNOW: WIND :SUNSHINE: SKY :PK WND
================================================================================
1 2 3 4 5 6A 6B 7 8 9 10 11 12 13 14 15 16 17 18
12Z AVG MX 2MIN
DY MAX MIN AVG DEP HDD CDD WTR SNW DPTH SPD SPD DIR MIN PSBL S-S WX SPD DR
================================================================================
1 90 80 85 7 0 20 0.00 0.0 0 7.9 14 80 M M 1 20 100
2 90 81 86 8 0 21 0.00 0.0 0 9.0 14 80 M M 1 20 90
3 89 80 85 7 0 20 0.00 0.0 0 8.6 17 70 M M 2 23 70
4 87 78 83 5 0 18 0.00 0.0 0 12.2 18 50 M M 3 26 60
5 88 76 82 5 0 17 0.01 0.0 0 8.8 15 40 M M 2 22 40
6 88 76 82 5 0 17 0.10 0.0 0 11.5 18 60 M M 4 1 25 60
7 87 75 81 4 0 16 0.06 0.0 0 15.0 22 60 M M 1 18 31 20
8 85 76 81 4 0 16 0.00 0.0 0 12.4 18 20 M M 3 29 20
9 83 76 80 3 0 15 0.00 0.0 0 15.7 22 330 M M 8 33 330
10 87 75 81 4 0 16 T 0.0 0 8.7 17 290 M M 4 30 310
11 87 74 81 5 0 16 0.27 0.0 0 3.9 14 170 M M 1 138 24 170
12 87 75 81 5 0 16 0.00 0.0 0 3.2 10 80 M M 0 14 70
13 85 73 79 3 0 14 0.68 0.0 0 5.6 13 30 M M 3 1 19 110
14 86 77 82 6 0 17 0.00 0.0 0 7.1 13 80 M M 1 19 100
15 88 76 82 6 0 17 0.00 0.0 0 4.8 10 120 M M 1 17 120
16 88 74 81 5 0 16 0.00 0.0 0 2.7 7 110 M M 1 10 120
17 79 73 76 0 0 11 0.00 0.0 0 9.1 15 20 M M 5 22 10
18 81 70 76 0 0 11 0.00 0.0 0 15.3 21 50 M M 0 28 60
19 81 73 77 2 0 12 0.00 0.0 0 14.1 22 50 M M 4 34 40
20 82 73 78 3 0 13 0.03 0.0 0 15.4 22 40 M M 5 1 35 40
21 78 74 76 1 0 11 0.81 0.0 0 12.5 24 50 M M 8 1 33 40
22 85 75 80 5 0 15 T 0.0 0 7.1 12 60 M M 1 19 100
23 84 76 80 5 0 15 0.00 0.0 0 7.2 10 40 M M 2 15 40
24 88 77 83 8 0 18 T 0.0 0 7.5 12 40 M M 2 17 80
25 87 76 82 7 0 17 0.00 0.0 0 3.5 9 110 M M 0 15 110
26 86 74 80 5 0 15 0.00 0.0 0 5.4 10 120 M M 2 17 130
27 87 75 81 6 0 16 0.00 0.0 0 4.6 12 140 M M 1 17 150
28 85 73 79 4 0 14 0.00 0.0 0 3.2 9 80 M M 1 15 90
29 87 77 82 7 0 17 0.00 0.0 0 10.0 17 60 M M 2 25 70
30 88 79 84 9 0 19 0.00 0.0 0 7.6 13 90 M M 2 21 90
================================================================================
SM 2573 2267 0 476 1.96 0.0 259.6 M 71
================================================================================
AV 85.8 75.6 8.7 FASTST M M 2 MAX(MPH)
MISC ----> 24 50 35 40
================================================================================
NOTES:
# LAST OF SEVERAL OCCURRENCES
COLUMN 17 PEAK WIND IN M.P.H.
PRELIMINARY LOCAL CLIMATOLOGICAL DATA (WS FORM: F-6) , PAGE 2
STATION: MARATHON
MONTH: NOVEMBER
YEAR: 2022
LATITUDE: 24 43 N
LONGITUDE: 81 5 W
[TEMPERATURE DATA] [PRECIPITATION DATA] SYMBOLS USED IN COLUMN 16
AVERAGE MONTHLY: 80.7 TOTAL FOR MONTH: 1.96 1 = FOG OR MIST
DPTR FM NORMAL: 4.7 DPTR FM NORMAL: 0.17 2 = FOG REDUCING VISIBILITY
HIGHEST: 90 ON 2, 1 GRTST 24HR 0.81 ON 21-21 TO 1/4 MILE OR LESS
LOWEST: 70 ON 18 3 = THUNDER
SNOW, ICE PELLETS, HAIL 4 = ICE PELLETS
TOTAL MONTH: 0.0 INCH 5 = HAIL
GRTST 24HR 0.0 6 = FREEZING RAIN OR DRIZZLE
GRTST DEPTH: 0 7 = DUSTSTORM OR SANDSTORM:
VSBY 1/2 MILE OR LESS
8 = SMOKE OR HAZE
[NO. OF DAYS WITH] [WEATHER - DAYS WITH] 9 = BLOWING SNOW
X = TORNADO
MAX 32 OR BELOW: 0 0.01 INCH OR MORE: 7
MAX 90 OR ABOVE: 2 0.10 INCH OR MORE: 4
MIN 32 OR BELOW: 0 0.50 INCH OR MORE: 2
MIN 0 OR BELOW: 0 1.00 INCH OR MORE: 0
[HDD (BASE 65) ]
TOTAL THIS MO. 0 CLEAR (SCALE 0-3) 23
DPTR FM NORMAL -1 PTCLDY (SCALE 4-7) 5
TOTAL FM JUL 1 0 CLOUDY (SCALE 8-10) 2
DPTR FM NORMAL -1
[CDD (BASE 65) ]
TOTAL THIS MO. 476
DPTR FM NORMAL 145 [PRESSURE DATA]
TOTAL FM JAN 1 5482 HIGHEST SLP M ON M
DPTR FM NORMAL 611 LOWEST SLP 29.66 ON 10
[REMARKS]
#FINAL-11-22#
CORRECTED ALIGNMENT OF SNOW, ICE PELLETS, HAIL TABLE
CORRECTED SKY COVER TABLE
CORRECTED HDD SEASONAL DEPARTURE FROM NORMAL
ROSS