000
CXUS52 KKEY 012226 CCA
CF6MTH
PRELIMINARY LOCAL CLIMATOLOGICAL DATA (WS FORM: F-6)...CORRECTED
STATION: MARATHON
MONTH: MARCH
YEAR: 2024
LATITUDE: 24 43 N
LONGITUDE: 81 5 W
TEMPERATURE IN F: :PCPN: SNOW: WIND :SUNSHINE: SKY :PK WND
================================================================================
1 2 3 4 5 6A 6B 7 8 9 10 11 12 13 14 15 16 17 18
12Z AVG MX 2MIN
DY MAX MIN AVG DEP HDD CDD WTR SNW DPTH SPD SPD DIR MIN PSBL S-S WX SPD DR
================================================================================
1 81 73 77 4 0 12 0.00 0.0 0 10.8 17 90 M M 1 29 120
2 82 74 78 4 0 13 0.00 0.0 0 8.0 12 130 M M 1 20 150
3 83 71 77 3 0 12 0.00 0.0 0 5.5 10 140 M M 0 14 140
4 85 71 78 4 0 13 0.00 0.0 0 6.7 13 80 M M 0 18 100
5 86 74 80 6 0 15 0.00 0.0 0 8.4 13 150 M M 1 23 140
6 84 71 78 4 0 13 0.22 0.0 0 4.8 15 200 M M 3 3 27 210
7 86 72 79 5 0 14 0.02 0.0 0 4.3 9 200 M M 3 15 170
8 83 77 80 6 0 15 0.00 0.0 0 8.2 13 110 M M 1 18 150
9 82 78 80 6 0 15 0.00 0.0 0 8.3 13 170 M M 2 20 180
10 84 75 80 6 0 15 T 0.0 0 10.3 17 330 M M 5 8 28 330
11 81 69 75 1 0 10 0.00 0.0 0 12.3 20 90 M M 2 28 40
12 80 70 75 1 0 10 0.00 0.0 0 8.9 14 100 M M 1 20 120
13 82 73 78 4 0 13 0.00 0.0 0 7.3 12 100 M M 1 24 160
14 82 73 78 4 0 13 0.00 0.0 0 10.3 17 90 M M 2 24 90
15 82 75 79 5 0 14 0.00 0.0 0 9.9 16 90 M M 2 25 100
16 82 76 79 5 0 14 0.00 0.0 0 6.1 12 150 M M 1 19 170
17 83 77 80 6 0 15 0.00 0.0 0 6.9 14 160 M M 3 19 170
18 85 78 82 7 0 17 0.00 0.0 0 7.2 13 310 M M 3 8 18 200
19 79 72 76 1 0 11 0.33 0.0 0 8.2 24 330 M M 5 13 39 340
20 80 71 76 1 0 11 0.00 0.0 0 10.8 20 70 M M 3 30 70
21 81 75 78 3 0 13 0.00 0.0 0 12.5 23 90 M M 2 32 100
22 80 70 75 0 0 10 2.69 0.0 0 13.9 24 130 M M 5 138 40 130
23 79 71 75 0 0 10 0.90 0.0 0 10.8 23 300 M M 7 13 40 170
24 77 70 74 -1 0 9 0.02 0.0 0 6.8 16 300 M M 2 26 300
25 81 73 77 2 0 12 0.00 0.0 0 15.6 22 90 M M 3 30 110
26 81 75 78 2 0 13 0.00 0.0 0 13.4 20 110 M M 1 31 120
27 82 77 80 4 0 15 0.00 0.0 0 10.1 15 100 M M 2 24 360
28 83 73 78 2 0 13 0.00 0.0 0 14.8 24 320 M M 3 45 290
29 80 68 74 -2 0 9 0.00 0.0 0 11.5 17 70 M M 2 31 360
30 79 70 75 -1 0 10 0.00 0.0 0 10.2 16 100 M M 4 24 130
31 80 70 75 -1 0 10 0.00 0.0 0 9.8 15 80 M M 4 21 60
================================================================================
SM 2535 2262 0 389 4.18 0.0 292.6 M 75
================================================================================
AV 81.8 73.0 9.4 FASTST M M 2 MAX(MPH)
MISC ----> # 24 330 45 290
================================================================================
NOTES:
# LAST OF SEVERAL OCCURRENCES
COLUMN 17 PEAK WIND IN M.P.H.
PRELIMINARY LOCAL CLIMATOLOGICAL DATA (WS FORM: F-6) , PAGE 2
STATION: MARATHON
MONTH: MARCH
YEAR: 2024
LATITUDE: 24 43 N
LONGITUDE: 81 5 W
[TEMPERATURE DATA] [PRECIPITATION DATA] SYMBOLS USED IN COLUMN 16
AVERAGE MONTHLY: 77.4 TOTAL FOR MONTH: 4.18 1 = FOG OR MIST
DPTR FM NORMAL: 2.8 DPTR FM NORMAL: 2.85 2 = FOG REDUCING VISIBILITY
HIGHEST: 86 ON 7, 5 GRTST 24HR 3.51 ON 22-23 TO 1/4 MILE OR LESS
LOWEST: 68 ON 29 3 = THUNDER
SNOW, ICE PELLETS, HAIL 4 = ICE PELLETS
TOTAL MONTH: 0.0 INCH 5 = HAIL
GRTST 24HR 0.0 6 = FREEZING RAIN OR DRIZZLE
GRTST DEPTH: 0 7 = DUSTSTORM OR SANDSTORM:
VSBY 1/2 MILE OR LESS
8 = SMOKE OR HAZE
[NO. OF DAYS WITH] [WEATHER - DAYS WITH] 9 = BLOWING SNOW
X = TORNADO
MAX 32 OR BELOW: 0 0.01 INCH OR MORE: 6
MAX 90 OR ABOVE: 0 0.10 INCH OR MORE: 4
MIN 32 OR BELOW: 0 0.50 INCH OR MORE: 2
MIN 0 OR BELOW: 0 1.00 INCH OR MORE: 1
[HDD (BASE 65) ]
TOTAL THIS MO. 0 CLEAR (SCALE 0-3) 25
DPTR FM NORMAL -5 PTCLDY (SCALE 4-7) 6
TOTAL FM JUL 1 8 CLOUDY (SCALE 8-10) 0
DPTR FM NORMAL -63
[CDD (BASE 65) ]
TOTAL THIS MO. 389
DPTR FM NORMAL 87 [PRESSURE DATA]
TOTAL FM JAN 1 794 HIGHEST SLP M ON M
DPTR FM NORMAL 86 LOWEST SLP 29.68 ON 23
[REMARKS]
#FINAL-03-24#
SOME DATES THIS MONTH UTILIZED DATA FROM THE OFFICIAL BACKUP SITE
LOCATED AT CURRY HAMMOCK STATE PARK (SITE ID: MTEF1). THOSE DATES
ARE INDICATED BELOW, ALONG WITH THE OBSERVATION PARAMETER THAT WAS
BACKED UP (INDICATED BY AN X.)
TEMPERATURE :PCPN:
================================
1 2 3 4 5 6A 6B 7
DY MAX MIN AVG DEP HDD CDD WTR
================================
1 X X
2 X X
3 X X
4 X X
5 X X
6 X X
7 X X
CORRECTED ALIGNMENT OF SNOW, ICE PELLETS, AND HAIL TABLE
CORRECTED CLOUD COVER DAYS TABLE
CORRECTED HDD DEPARTURE FROM JUL 1
ROSS