000
CXUS55 KGJT 060644
CF6MTJ
PRELIMINARY LOCAL CLIMATOLOGICAL DATA (WS FORM: F-6)
STATION: MONTROSE CO
MONTH: JANUARY
YEAR: 2024
LATITUDE: 38 30 N
LONGITUDE: 107 53 W
TEMPERATURE IN F: :PCPN: SNOW: WIND :SUNSHINE: SKY :PK WND
================================================================================
1 2 3 4 5 6A 6B 7 8 9 10 11 12 13 14 15 16 17 18
12Z AVG MX 2MIN
DY MAX MIN AVG DEP HDD CDD WTR SNW DPTH SPD SPD DIR MIN PSBL S-S WX SPD DR
================================================================================
1 44 16 30 5 35 0 0.00 M M 5.4 10 170 M M 1 13 340
2 44 15 30 5 35 0 0.00 M M 5.6 12 140 M M 0 13 150
3 43 14 29 4 36 0 0.00 M M 5.7 12 170 M M 2 14 200
4 39 22 31 6 34 0 0.00 M M 3.8 14 170 M M 9 18 170
5 37 20 29 3 36 0 0.00 M M 4.9 13 320 M M 8 16 290
6 33 16 25 -1 40 0 0.01 M M 4.9 15 320 M M 4 1 20 320
7 34 23 29 3 36 0 0.10 M M 7.0 18 80 M M 9 12 25 80
8 27 7 17 -9 48 0 0.01 M M 12.7 25 300 M M 5 1 33 320
9 28 1 15 -11 50 0 0.00 M M 4.8 13 150 M M 3 14 150
10 35 12 24 -2 41 0 0.01 M M 6.1 23 220 M M 5 1 37 190
11 34 8 21 -5 44 0 T M M 10.7 24 310 M M 7 18 31 310
12 34 2 18 -8 47 0 0.00 M M 6.8 17 290 M M 3 25 280
13 39 26 33 7 32 0 0.00 M M 8.7 21 260 M M 7 26 260
14 45 25 35 8 30 0 0.00 M M 6.2 21 280 M M 10 28 240
15 44 14 29 2 36 0 0.00 M M 9.6 28 300 M M 6 37 260
16 37 9 23 -4 42 0 0.00 M M 4.2 10 150 M M 0 12 160
17 34 14 24 -3 41 0 0.06 M M 3.9 10 150 M M 8 12 12 150
18 49 25 37 10 28 0 0.00 M M 4.6 9 160 M M 4 1 12 330
19 48 21 35 8 30 0 0.00 M M 4.7 13 160 M M 0 14 160
20 49 25 37 9 28 0 0.00 M M 4.5 10 340 M M 3 13 330
21 47 29 38 10 27 0 T M M 3.7 14 360 M M 9 19 10
22 47 28 38 10 27 0 0.00 M M 5.0 13 170 M M 7 14 170
23 48 26 37 9 28 0 0.00 M M 5.4 12 150 M M 6 13 150
24 48 30 39 11 26 0 0.00 M M 4.8 15 250 M M 9 19 250
25 45 30 38 9 27 0 T M M 4.2 9 160 M M 8 11 160
26 45 24 35 6 30 0 T M M 4.3 12 310 M M 8 15 330
27 46 21 34 5 31 0 0.00 M M 6.1 13 140 M M 0 14 140
28 50 21 36 7 29 0 0.00 M M 5.6 13 150 M M 0 15 150
29 53 23 38 8 27 0 0.00 M M 6.0 13 130 M M 0 17 130
30 56 23 40 10 25 0 0.00 M M 4.6 12 140 M M 0 15 140
31 58 23 41 11 24 0 0.00 M M 4.8 12 150 M M 0 13 150
================================================================================
SM 1320 593 1050 0 0.19 M 179.3 M 141
================================================================================
AV 42.6 19.1 5.8 FASTST M M 5 MAX(MPH)
MISC ----> 28 300 # 37 190
================================================================================
NOTES:
# LAST OF SEVERAL OCCURRENCES
COLUMN 17 PEAK WIND IN M.P.H.
PRELIMINARY LOCAL CLIMATOLOGICAL DATA (WS FORM: F-6) , PAGE 2
STATION: MONTROSE CO
MONTH: JANUARY
YEAR: 2024
LATITUDE: 38 30 N
LONGITUDE: 107 53 W
[TEMPERATURE DATA] [PRECIPITATION DATA] SYMBOLS USED IN COLUMN 16
AVERAGE MONTHLY: 30.9 TOTAL FOR MONTH: 0.19 1 = FOG OR MIST
DPTR FM NORMAL: 3.7 DPTR FM NORMAL: -0.22 2 = FOG REDUCING VISIBILITY
HIGHEST: 58 ON 31 GRTST 24HR 0.13 ON 17-18 TO 1/4 MILE OR LESS
LOWEST: 1 ON 9 3 = THUNDER
SNOW, ICE PELLETS, HAIL 4 = ICE PELLETS
TOTAL MONTH: M 5 = HAIL
GRTST 24HR M ON M 6 = FREEZING RAIN OR DRIZZLE
GRTST DEPTH: M ON M 7 = DUSTSTORM OR SANDSTORM:
VSBY 1/2 MILE OR LESS
8 = SMOKE OR HAZE
[NO. OF DAYS WITH] [WEATHER - DAYS WITH] 9 = BLOWING SNOW
X = TORNADO
MAX 32 OR BELOW: 2 0.01 INCH OR MORE: 5
MAX 90 OR ABOVE: 0 0.10 INCH OR MORE: 1
MIN 32 OR BELOW: 31 0.50 INCH OR MORE: 0
MIN 0 OR BELOW: 0 1.00 INCH OR MORE: 0
[HDD (BASE 65) ]
TOTAL THIS MO. 1050 CLEAR (SCALE 0-3) 12
DPTR FM NORMAL -123 PTCLDY (SCALE 4-7) 12
TOTAL FM JUL 1 3296 CLOUDY (SCALE 8-10) 7
DPTR FM NORMAL -403
[CDD (BASE 65) ]
TOTAL THIS MO. 0
DPTR FM NORMAL 0 [PRESSURE DATA]
TOTAL FM JAN 1 0 HIGHEST SLP 30.59 ON 28
DPTR FM NORMAL 0 LOWEST SLP 29.39 ON 11
[REMARKS]
#FINAL-01-24#