000
CXUS53 KILX 011416
CLSMTO
CLIMATE REPORT
NATIONAL WEATHER SERVICE LINCOLN IL
916 AM CDT THU JUN 01 2023
...................................
...THE MATTOON IL AIRPORT CLIMATE SUMMARY FOR THE SEASON, FROM
3/1/2023 TO 5/31/2023...
CLIMATE NORMAL PERIOD 1991 TO 2020
CLIMATE RECORD PERIOD 9999 TO 9999
WEATHER OBSERVED NORMAL DEPART LAST YEAR`S
VALUE DATE(S) VALUE FROM VALUE
NORMAL
..............................................................
TEMPERATURE (F)
RECORD
HIGH MM MM
LOW 11 03/12/2022
HIGHEST 89 05/31 MM MM 91
LOWEST 16 03/19 MM MM 11
AVG. MAXIMUM 64.5 63.4 1.1 63.8
AVG. MINIMUM 42.6 43.4 -0.8 44.6
MEAN 53.6 53.4 0.2 54.2
DAYS MAX >= 90 0 0.4 -0.4 1
DAYS MAX <= 32 1 1.5 -0.5 2
DAYS MIN <= 32 16 19.7 -3.7 14
DAYS MIN <= 0 0 0.1 -0.1 0
PRECIPITATION (INCHES)
RECORD
MAXIMUM 11.88 2022
MINIMUM 11.36 2021
TOTALS 9.73R 10.22 -0.49 11.88
DAILY AVG. 0.10 0.13
DAYS >= .01 30 31.7 -1.7 40
DAYS >= .10 19 19.6 -0.6 20
DAYS >= .50 7 6.1 0.9 9
DAYS >= 1.00 2 2.2 -0.2 2
GREATEST
24 HR. TOTAL 1.63 03/23 TO 03/24 2.20
DEGREE DAYS
HEATING TOTAL 1115 1175 -60 1123
SINCE 7/1 4723 5285 -562 MM
COOLING TOTAL 89 106 -17 154
SINCE 1/1 89 106 -17 MM
FREEZE DATES
RECORD
EARLIEST MM
LATEST MM
EARLIEST 10/18
LATEST 04/19
..............................................................
WIND (MPH)
AVERAGE WIND SPEED 10.0
HIGHEST WIND SPEED/DIRECTION 51/030 DATE 03/03
HIGHEST GUST SPEED/DIRECTION 73/030 DATE 03/03
SKY COVER
POSSIBLE SUNSHINE (PERCENT) MM
AVERAGE SKY COVER 0.37
NUMBER OF DAYS FAIR 48
NUMBER OF DAYS PC 27
NUMBER OF DAYS CLOUDY 17
AVERAGE RH (PERCENT) 63
WEATHER CONDITIONS. NUMBER OF DAYS WITH
THUNDERSTORM 13 MIXED PRECIP 0
HEAVY RAIN 9 RAIN 20
LIGHT RAIN 34 FREEZING RAIN 0
LT FREEZING RAIN 0 HAIL 0
HEAVY SNOW 0 SNOW 1
LIGHT SNOW 3 SLEET 0
FOG 33 FOG W/VIS <= 1/4 MILE 0
HAZE 4
- INDICATES NEGATIVE NUMBERS.
R INDICATES RECORD WAS SET OR TIED.
MM INDICATES DATA IS MISSING.
T INDICATES TRACE AMOUNT.
$$