000
CXUS56 KOTX 010910
CF6MWH
PRELIMINARY LOCAL CLIMATOLOGICAL DATA (WS FORM: F-6)
STATION: MOSES LAKE WA AIRPORT
MONTH: JULY
YEAR: 2023
LATITUDE: 47 12 N
LONGITUDE: 119 19 W
TEMPERATURE IN F: :PCPN: SNOW: WIND :SUNSHINE: SKY :PK WND
================================================================================
1 2 3 4 5 6A 6B 7 8 9 10 11 12 13 14 15 16 17 18
12Z AVG MX 2MIN
DY MAX MIN AVG DEP HDD CDD WTR SNW DPTH SPD SPD DIR MIN PSBL S-S WX SPD DR
================================================================================
1 92 64 78 8 0 13 0.00 M M 10.2 24 240 M M 0 30 250
2 87 60 74 4 0 9 0.00 M M 7.9 22 360 M M 0 26 360
3 90 53 72 1 0 7 0.00 M M 10.2 22 360 M M 1 28 360
4 91 55 73 2 0 8 0.00 M M 5.1 17 360 M M 0 24 310
5 93 59 76 5 0 11 0.00 M M 5.9 14 360 M M 0 17 250
6 96 59 78 6 0 13 0.00 M M 5.6 12 10 M M 0 14 220
7 99 61 80 8 0 15 0.00 M M 7.6 23 360 M M 0 29 360
8 99 63 81 9 0 16 0.00 M M 6.0 14 190 M M 0 17 150
9 100 63 82 10 0 17 0.00 M M 7.8 20 350 M M 0 25 320
10 86 61 74 1 0 9 0.10 M M 11.2 29 360 M M 3 13 34 270
11 85 56 71 -2 0 6 0.00 M M 4.5 12 200 M M 0 16 220
12 91 57 74 1 0 9 0.00 M M 6.8 16 220 M M 1 20 230
13 89 61 75 2 0 10 0.00 M M 6.9 14 170 M M 0 19 190
14 94 57 76 2 0 11 0.00 M M 4.7 13 170 M M 0 18 200
15 98 58 78 4 0 13 0.00 M M 4.4 12 190 M M 0 17 210
16 100 60 80 6 0 15 0.00 M M 5.2 15 320 M M 0 20 250
17 85 62 74 0 0 9 0.00 M M 13.1 24 300 M M 0 78 30 300
18 85 56 71 -3 0 6 0.00 M M 6.3 13 220 M M 0 17 220
19 96 54 75 1 0 10 0.00 M M 6.4 16 20 M M 0 26 10
20 100 60 80 5 0 15 0.00 M M 6.3 12 230 M M 0 16 230
21 98 64 81 6 0 16 0.00 M M 6.7 17 160 M M 0 23 170
22 95 61 78 3 0 13 0.00 M M 7.8 17 240 M M 0 23 220
23 96 60 78 3 0 13 0.00 M M 5.5 14 170 M M 0 20 170
24 90 67 79 4 0 14 0.00 M M 12.9 22 210 M M 0 30 250
25 90 60 75 0 0 10 0.00 M M 9.5 23 250 M M 0 30 250
26 83 55 69 -6 0 4 0.00 M M 5.8 14 240 M M 0 17 220
27 89 51 70 -5 0 5 0.00 M M 5.0 13 250 M M 0 18 170
28 90 54 72 -3 0 7 0.00 M M 4.4 10 190 M M 0 16 170
29 92 55 74 -1 0 9 0.00 M M 6.1 13 230 M M 0 18 180
30 88 57 73 -2 0 8 0.00 M M 7.3 17 210 M M 0 23 240
31 88 48 68 -7 0 3 0.00 M M 4.8 13 150 M M 0 17 260
================================================================================
SM 2855 1811 0 324 0.10 M 217.9 M 5
================================================================================
AV 92.1 58.4 7.0 FASTST M M 0 MAX(MPH)
MISC ----> 29 360 34 270
================================================================================
NOTES:
# LAST OF SEVERAL OCCURRENCES
COLUMN 17 PEAK WIND IN M.P.H.
PRELIMINARY LOCAL CLIMATOLOGICAL DATA (WS FORM: F-6) , PAGE 2
STATION: MOSES LAKE WA AIRPORT
MONTH: JULY
YEAR: 2023
LATITUDE: 47 12 N
LONGITUDE: 119 19 W
[TEMPERATURE DATA] [PRECIPITATION DATA] SYMBOLS USED IN COLUMN 16
AVERAGE MONTHLY: 75.3 TOTAL FOR MONTH: 0.10 1 = FOG OR MIST
DPTR FM NORMAL: 1.9 DPTR FM NORMAL: -0.16 2 = FOG REDUCING VISIBILITY
HIGHEST: 100 ON 20,16 GRTST 24HR 0.10 ON 10-10 TO 1/4 MILE OR LESS
LOWEST: 48 ON 31 3 = THUNDER
SNOW, ICE PELLETS, HAIL 4 = ICE PELLETS
TOTAL MONTH: M 5 = HAIL
GRTST 24HR M ON M 6 = FREEZING RAIN OR DRIZZLE
GRTST DEPTH: M ON M 7 = DUSTSTORM OR SANDSTORM:
VSBY 1/2 MILE OR LESS
8 = SMOKE OR HAZE
[NO. OF DAYS WITH] [WEATHER - DAYS WITH] 9 = BLOWING SNOW
X = TORNADO
MAX 32 OR BELOW: 0 0.01 INCH OR MORE: 1
MAX 90 OR ABOVE: 21 0.10 INCH OR MORE: 1
MIN 32 OR BELOW: 0 0.50 INCH OR MORE: 0
MIN 0 OR BELOW: 0 1.00 INCH OR MORE: 0
[HDD (BASE 65) ]
TOTAL THIS MO. 0 CLEAR (SCALE 0-3) 31
DPTR FM NORMAL -6 PTCLDY (SCALE 4-7) 0
TOTAL FM JUL 1 0 CLOUDY (SCALE 8-10) 0
DPTR FM NORMAL -3
[CDD (BASE 65) ]
TOTAL THIS MO. 324
DPTR FM NORMAL 56 [PRESSURE DATA]
TOTAL FM JAN 1 555 HIGHEST SLP M ON M
DPTR FM NORMAL 164 LOWEST SLP 29.66 ON 9
[REMARKS]
#FINAL-07-23#