000
CXUS55 KBOI 011002
CF6MYL
PRELIMINARY LOCAL CLIMATOLOGICAL DATA (WS FORM: F-6)
STATION: MCCALL ID
MONTH: MAY
YEAR: 2023
LATITUDE: 44 52 N
LONGITUDE: 116 6 W
TEMPERATURE IN F: :PCPN: SNOW: WIND :SUNSHINE: SKY :PK WND
================================================================================
1 2 3 4 5 6A 6B 7 8 9 10 11 12 13 14 15 16 17 18
12Z AVG MX 2MIN
DY MAX MIN AVG DEP HDD CDD WTR SNW DPTH SPD SPD DIR MIN PSBL S-S WX SPD DR
================================================================================
1 71 38 55 11 10 0 T M M 5.2 16 40 M M 1 24 30
2 71 38 55 11 10 0 0.00 M M 4.4 15 200 M M 0 20 180
3 73 33 53 8 12 0 0.00 M M 3.1 15 30 M M 0 18 30
4 62 35 49 4 16 0 0.05 M M 4.9 18 160 M M 3 18 27 170
5 53 33 43 -3 22 0 0.07 M M 7.2 26 180 M M 8 12 39 170
6 49 34 42 -4 23 0 0.11 M M 4.0 9 80 M M 9 1 15 250
7 45 30 38 -8 27 0 0.16 M M 4.7 17 180 M M 8 1 22 190
8 52 29 41 -6 24 0 0.19 M M 4.3 23 190 M M 7 123 31 190
9 47 32 40 -7 25 0 0.15 M M 3.7 12 180 M M 8 1 15 180
10 59 28 44 -3 21 0 0.00 M M 4.2 16 290 M M 1 23 280
11 64 31 48 0 17 0 T M M 5.7 14 40 M M 1 1 20 330
12 68 34 51 3 14 0 0.00 M M 7.0 16 360 M M 0 24 340
13 68 38 53 5 12 0 0.00 M M 6.9 18 60 M M 1 26 60
14 72 38 55 7 10 0 T M M 5.4 15 200 M M 3 21 120
15 66 42 54 5 11 0 0.04 M M 6.0 24 200 M M 4 13 31 180
16 68 42 55 6 10 0 0.00 M M 3.9 22 290 M M 4 3 34 290
17 70 37 54 5 11 0 0.00 M M 4.4 15 290 M M 2 3 21 260
18 73 39 56 7 9 0 0.00 M M 3.4 12 290 M M 1 17 240
19 77 41 59 9 6 0 0.00 M M 3.8 13 260 M M 0 18 17 290
20 78 43 61 11 4 0 0.00 M M 3.6 13 280 M M 0 16 260
21 78 45 62 12 3 0 0.02 M M 5.2 33 200 M M 2 3 47 200
22 63 42 53 3 12 0 0.02 M M 5.8 16 220 M M 5 13 23 190
23 62 37 50 0 15 0 0.00 M M 5.2 14 180 M M 2 19 190
24 67 38 53 3 12 0 0.00 M M 5.8 15 320 M M 2 22 10
25 67 40 54 3 11 0 0.00 M M 6.5 16 70 M M 2 23 60
26 62 42 52 1 13 0 0.03 M M 6.4 16 200 M M 5 1 20 200
27 59 44 52 1 13 0 0.09 M M 3.0 18 210 M M 8 13 27 220
28 63 43 53 2 12 0 0.31 M M 3.6 16 320 M M 7 13 24 320
29 72 37 55 4 10 0 0.00 M M 2.5 22 270 M M 1 32 260
30 69 43 56 4 9 0 0.27 M M 4.6 22 180 M M 7 13 31 170
31 60 46 53 1 12 0 0.22 M M 3.9 16 240 M M 9 13 21 240
================================================================================
SM 2008 1172 416 0 1.73 M 148.3 M 111
================================================================================
AV 64.8 37.8 4.8 FASTST M M 4 MAX(MPH)
MISC ----> 33 200 47 200
================================================================================
NOTES:
# LAST OF SEVERAL OCCURRENCES
COLUMN 17 PEAK WIND IN M.P.H.
PRELIMINARY LOCAL CLIMATOLOGICAL DATA (WS FORM: F-6) , PAGE 2
STATION: MCCALL ID
MONTH: MAY
YEAR: 2023
LATITUDE: 44 52 N
LONGITUDE: 116 6 W
[TEMPERATURE DATA] [PRECIPITATION DATA] SYMBOLS USED IN COLUMN 16
AVERAGE MONTHLY: 51.3 TOTAL FOR MONTH: 1.73 1 = FOG OR MIST
DPTR FM NORMAL: 2.8 DPTR FM NORMAL: -0.57 2 = FOG REDUCING VISIBILITY
HIGHEST: 78 ON 21,20 GRTST 24HR 0.34 ON 8- 9 TO 1/4 MILE OR LESS
LOWEST: 28 ON 10 3 = THUNDER
SNOW, ICE PELLETS, HAIL 4 = ICE PELLETS
TOTAL MONTH: M 5 = HAIL
GRTST 24HR M ON M 6 = FREEZING RAIN OR DRIZZLE
GRTST DEPTH: M ON M 7 = DUSTSTORM OR SANDSTORM:
VSBY 1/2 MILE OR LESS
8 = SMOKE OR HAZE
[NO. OF DAYS WITH] [WEATHER - DAYS WITH] 9 = BLOWING SNOW
X = TORNADO
MAX 32 OR BELOW: 0 0.01 INCH OR MORE: 14
MAX 90 OR ABOVE: 0 0.10 INCH OR MORE: 7
MIN 32 OR BELOW: 5 0.50 INCH OR MORE: 0
MIN 0 OR BELOW: 0 1.00 INCH OR MORE: 0
[HDD (BASE 65) ]
TOTAL THIS MO. 416 CLEAR (SCALE 0-3) 18
DPTR FM NORMAL -96 PTCLDY (SCALE 4-7) 10
TOTAL FM JUL 1 8453 CLOUDY (SCALE 8-10) 3
DPTR FM NORMAL 85
[CDD (BASE 65) ]
TOTAL THIS MO. 0
DPTR FM NORMAL 0 [PRESSURE DATA]
TOTAL FM JAN 1 0 HIGHEST SLP 30.27 ON 13
DPTR FM NORMAL 0 LOWEST SLP 29.44 ON 1
[REMARKS]
#FINAL-05-23#