000
CXUS56 KSTO 011301
CF6MYV
PRELIMINARY LOCAL CLIMATOLOGICAL DATA (WS FORM: F-6)
STATION: MARYSVILLE
MONTH: JUNE
YEAR: 2023
LATITUDE: 39 6 N
LONGITUDE: 121-34 E
TEMPERATURE IN F: :PCPN: SNOW: WIND :SUNSHINE: SKY :PK WND
================================================================================
1 2 3 4 5 6A 6B 7 8 9 10 11 12 13 14 15 16 17 18
12Z AVG MX 2MIN
DY MAX MIN AVG DEP HDD CDD WTR SNW DPTH SPD SPD DIR MIN PSBL S-S WX SPD DR
================================================================================
1 85 54 70 -1 0 5 0.00 M M 7.7 14 200 M M 0 17 140
2 88 53 71 0 0 6 0.00 M M 3.5 10 230 M M 0 8 14 240
3 92 57 75 4 0 10 0.00 M M 4.3 10 160 M M 0 12 160
4 95 60 78 7 0 13 0.00 M M 3.9 12 160 M M 0 15 160
5 96 63 80 8 0 15 T M M 7.3 20 180 M M 0 8 24 150
6 79 59 69 -3 0 4 0.07 M M 10.4 25 170 M M 2 3 31 180
7 81 57 69 -3 0 4 0.00 M M 10.6 20 180 M M 5 24 180
8 85 61 73 1 0 8 0.00 M M 9.6 15 150 M M 6 19 140
9 84 57 71 -1 0 6 0.00 M M 10.0 16 160 M M 0 21 160
10 85 52 69 -4 0 4 0.00 M M 6.3 16 150 M M 0 21 150
11 89 58 74 1 0 9 T M M 9.1 18 170 M M 0 22 170
12 83 59 71 -2 0 6 0.01 M M 9.7 17 140 M M 2 21 160
13 88 58 73 0 0 8 0.00 M M 8.1 15 180 M M 0 20 170
14 89 60 75 1 0 10 0.00 M M 6.1 10 160 M M 1 14 160
15 94 60 77 3 0 12 0.00 M M 4.4 10 280 M M 0 14 150
16 99 58 79 5 0 14 0.00 M M 7.3 14 160 M M 0 19 310
17 91 59 75 1 0 10 0.00 M M 11.3 20 160 M M 0 24 160
18 89 60 75 0 0 10 0.00 M M 10.7 22 150 M M 0 30 150
19 78 54 66 -9 0 1 0.00 M M 10.0 21 150 M M 0 28 160
20 80 52 66 -9 0 1 0.00 M M 5.1 13 240 M M 0 17 270
21 86 47 67 -8 0 2 0.00 M M 4.0 10 140 M M 0 18 280
22 84 56 70 -6 0 5 0.00 M M 9.2 22 160 M M 0 27 150
23 82 56 69 -7 0 4 0.00 M M 10.3 18 140 M M 0 25 140
24 86 56 71 -5 0 6 0.00 M M 9.2 15 150 M M 0 19 150
25 84 55 70 -6 0 5 0.00 M M 8.6 14 180 M M 0 18 140
26 88 53 71 -5 0 6 0.00 M M 6.4 14 160 M M 0 17 160
27 89 56 73 -4 0 8 0.00 M M 6.3 13 180 M M 0 15 180
28 93 58 76 -1 0 11 0.00 M M 6.3 14 140 M M 0 18 140
29 104 59 82 5 0 17 0.00 0.0 M 4.3 10 190 M M 0 14 320
30 102 64 83 6 0 18 0.00 M M 3.6 9 200 M M 0 12 220
================================================================================
SM 2648 1711 0 238 0.08 0.0 223.6 M 16
================================================================================
AV 88.3 57.0 7.5 FASTST M M 1 MAX(MPH)
MISC ----> 25 170 31 180
================================================================================
NOTES:
# LAST OF SEVERAL OCCURRENCES
COLUMN 17 PEAK WIND IN M.P.H.
PRELIMINARY LOCAL CLIMATOLOGICAL DATA (WS FORM: F-6) , PAGE 2
STATION: MARYSVILLE
MONTH: JUNE
YEAR: 2023
LATITUDE: 39 6 N
LONGITUDE: 121-34 E
[TEMPERATURE DATA] [PRECIPITATION DATA] SYMBOLS USED IN COLUMN 16
AVERAGE MONTHLY: 72.7 TOTAL FOR MONTH: 0.08 1 = FOG OR MIST
DPTR FM NORMAL: -1.3 DPTR FM NORMAL: -0.20 2 = FOG REDUCING VISIBILITY
HIGHEST: 104 ON 29 GRTST 24HR 0.07 ON 5- 6 TO 1/4 MILE OR LESS
LOWEST: 47 ON 21 3 = THUNDER
SNOW, ICE PELLETS, HAIL 4 = ICE PELLETS
TOTAL MONTH: 0.0 INCH 5 = HAIL
GRTST 24HR 0.0 6 = FREEZING RAIN OR DRIZZLE
GRTST DEPTH: M ON M 7 = DUSTSTORM OR SANDSTORM:
VSBY 1/2 MILE OR LESS
8 = SMOKE OR HAZE
[NO. OF DAYS WITH] [WEATHER - DAYS WITH] 9 = BLOWING SNOW
X = TORNADO
MAX 32 OR BELOW: 0 0.01 INCH OR MORE: 2
MAX 90 OR ABOVE: 9 0.10 INCH OR MORE: 0
MIN 32 OR BELOW: 0 0.50 INCH OR MORE: 0
MIN 0 OR BELOW: 0 1.00 INCH OR MORE: 0
[HDD (BASE 65) ]
TOTAL THIS MO. 0 CLEAR (SCALE 0-3) 28
DPTR FM NORMAL -6 PTCLDY (SCALE 4-7) 2
TOTAL FM JUL 1 2481 CLOUDY (SCALE 8-10) 0
DPTR FM NORMAL -66
[CDD (BASE 65) ]
TOTAL THIS MO. 238
DPTR FM NORMAL -38 [PRESSURE DATA]
TOTAL FM JAN 1 393 HIGHEST SLP 30.13 ON 20
DPTR FM NORMAL -19 LOWEST SLP 29.64 ON 5
[REMARKS]
#FINAL-06-23#