000
CXUS53 KBIS 010830
CF6N60
PRELIMINARY LOCAL CLIMATOLOGICAL DATA (WS FORM: F-6)
STATION: GARRISON (AMOS) ND
MONTH: FEBRUARY
YEAR: 2020
LATITUDE: 47 39 N
LONGITUDE: 101 23 W
TEMPERATURE IN F: :PCPN: SNOW: WIND :SUNSHINE: SKY :PK WND
================================================================================
1 2 3 4 5 6A 6B 7 8 9 10 11 12 13 14 15 16 17 18
12Z AVG MX 2MIN
DY MAX MIN AVG DEP HDD CDD WTR SNW DPTH SPD SPD DIR MIN PSBL S-S WX SPD DR
================================================================================
1 48 21 35 M 30 0 0.00 M M 11.1 35 310 M M 0 54 310
2 41 23 32 M 33 0 0.00 M M 17.4 31 310 M M 0 43 310
3 23 10 17 M 48 0 0.00 M M 8.0 18 330 M M 0 24 330
4 23 9 16 M 49 0 0.00 M M 4.4 13 230 M M 0 16 230
5 32 9 21 M 44 0 0.00 M M 8.3 17 230 M M 0 24 230
6 26 -3 12 M 53 0 0.04 M M 8.0 16 350 M M 0 24 10
7 24 -10 7 M 58 0 0.00 M M 4.7 12 260 M M 0 15 270
8 32 16 24 M 41 0 0.00 M M 6.1 15 90 M M 0 19 100
9 31 19 25 M 40 0 T M M 11.0 18 260 M M 0 24 260
10 26 19 23 M 42 0 0.00 M M 15.6 30 320 M M 0 37 320
11 32 10 21 M 44 0 0.04 M M 11.5 22 250 M M 0 27 240
12 28 -12 8 M 57 0 M M M 13.2 26 30 M M 0 40 20
13 6 -19 -6 M 71 0 0.00 M M 8.1 16 170 M M 0 22 170
14 38 1 20 M 45 0 0.04 M M 11.5 23 310 M M 0 30 310
15 29 11 20 M 45 0 0.00 M M 9.9 26 310 M M 0 37 300
16 24 11 18 M 47 0 0.03 M M 10.4 21 180 M M 0 29 170
17 26 13 20 M 45 0 0.01 M M 10.8 24 320 M M 0 30 320
18 14 -9 3 M 62 0 0.00 M M 13.3 30 330 M M 0 36 330
19 8 -13 -2 M 67 0 0.00 M M 6.4 12 320 M M 0 15 320
20 35 -6 15 M 50 0 0.00 M M 8.1 16 240 M M 0 20 230
21 40 16 28 M 37 0 0.00 M M 9.1 16 280 M M 0 23 230
22 47 19 33 M 32 0 0.00 M M 7.5 16 280 M M 0 21 290
23 39 26 33 M 32 0 0.00 M M 12.1 26 300 M M 0 37 300
24 M M M M M M M M M 4.2 5 110 0 0 0 M M
25 32 16 24 M 41 0 0.00 M M 8.3 20 320 M M 0 25 310
26 26 14 20 M 45 0 0.00 M M 7.7 15 150 M M 0 19 140
27 40 14 27 M 38 0 0.05 M M 7.5 21 310 M M 0 27 320
28 43 19 31 M 34 0 0.01 M M 4.6 13 310 M M 0 17 290
29 51 26 39 M 26 0 0.00 M M 7.1 20 310 M M 0 27 290
================================================================================
SM 864 250 1256 0 0.22 M 265.9 0 0
================================================================================
AV 30.9 8.9 9.2 FASTST 0 0 0 MAX(MPH)
MISC ----> # 35 310 # 54 310
================================================================================
NOTES:
# LAST OF SEVERAL OCCURRENCES
COLUMN 17 PEAK WIND IN M.P.H.
PRELIMINARY LOCAL CLIMATOLOGICAL DATA (WS FORM: F-6) , PAGE 2
STATION: GARRISON (AMOS) ND
MONTH: FEBRUARY
YEAR: 2020
LATITUDE: 47 39 N
LONGITUDE: 101 23 W
[TEMPERATURE DATA] [PRECIPITATION DATA] SYMBOLS USED IN COLUMN 16
AVERAGE MONTHLY: 19.9 TOTAL FOR MONTH: 0.22 1 = FOG OR MIST
DPTR FM NORMAL: M DPTR FM NORMAL: M 2 = FOG REDUCING VISIBILITY
HIGHEST: 51 ON 29 GRTST 24HR 0.05 ON 27-27 TO 1/4 MILE OR LESS
LOWEST: -19 ON 13 3 = THUNDER
SNOW, ICE PELLETS, HAIL 4 = ICE PELLETS
TOTAL MONTH: M 5 = HAIL
GRTST 24HR M ON M 6 = FREEZING RAIN OR DRIZZLE
GRTST DEPTH: M ON M 7 = DUSTSTORM OR SANDSTORM:
VSBY 1/2 MILE OR LESS
8 = SMOKE OR HAZE
[NO. OF DAYS WITH] [WEATHER - DAYS WITH] 9 = BLOWING SNOW
X = TORNADO
MAX 32 OR BELOW: 18 0.01 INCH OR MORE: 7
MAX 90 OR ABOVE: 0 0.10 INCH OR MORE: 0
MIN 32 OR BELOW: 28 0.50 INCH OR MORE: 0
MIN 0 OR BELOW: 7 1.00 INCH OR MORE: 0
[HDD (BASE 65) ]
TOTAL THIS MO. 1256 CLEAR (SCALE 0-3) 29
DPTR FM NORMAL M PTCLDY (SCALE 4-7) 0
TOTAL FM JUL 1 6677 CLOUDY (SCALE 8-10) 0
DPTR FM NORMAL M
[CDD (BASE 65) ]
TOTAL THIS MO. 0
DPTR FM NORMAL M [PRESSURE DATA]
TOTAL FM JAN 1 0 HIGHEST SLP 30.82 ON 19
DPTR FM NORMAL M LOWEST SLP 29.42 ON 1
[REMARKS]
#FINAL-02-20#