000
CXUS55 KPSR 011005
CF6NYL
PRELIMINARY LOCAL CLIMATOLOGICAL DATA (WS FORM: F-6)
STATION: YUMA AZ
MONTH: NOVEMBER
YEAR: 2020
LATITUDE: 32 39 N
LONGITUDE: 114 37 W
TEMPERATURE IN F: :PCPN: SNOW: WIND :SUNSHINE: SKY :PK WND
================================================================================
1 2 3 4 5 6A 6B 7 8 9 10 11 12 13 14 15 16 17 18
12Z AVG MX 2MIN
DY MAX MIN AVG DEP HDD CDD WTR SNW DPTH SPD SPD DIR MIN PSBL S-S WX SPD DR
================================================================================
1 M 64 M M M M 0.00 M M 4.6 15 30 M M 0 17 30
2 M 66 M M M M 0.00 M M 3.3 12 20 M M 1 13 30
3 M 64 M M M M 0.00 M M 1.8 7 160 M M 3 9 190
4 M 61 M M M M 0.00 M M 3.4 9 310 M M 1 12 340
5 M 66 M M M M 0.00 M M 5.8 14 20 M M 5 16 20
6 88 M M M M M T M M 6.2 15 150 M M 5 20 150
7 73 55 64 -5 1 0 0.00 M M 14.4 28 290 M M 1 8 37 280
8 70 47 59 -10 6 0 0.00 M M 8.9 29 270 M M 4 37 270
9 67 50 59 -9 6 0 0.00 M M 5.8 16 300 M M 2 22 300
10 69 45 57 -11 8 0 0.00 M M 5.7 14 330 M M 0 18 320
11 73 44 59 -9 6 0 0.00 M M 3.8 10 30 M M 0 14 40
12 75 48 62 -5 3 0 0.00 M M 3.4 13 20 M M 0 16 20
13 76 49 63 -4 2 0 0.00 M M 3.1 9 340 M M 0 11 320
14 79 51 65 -1 0 0 0.00 M M 5.9 18 350 M M 0 22 360
15 83 54 69 3 0 4 0.00 M M 6.1 13 10 M M 0 16 30
16 86 53 70 4 0 5 0.00 M M 6.0 15 20 M M 0 20 20
17 86 55 71 6 0 6 0.00 M M 2.4 10 60 M M 1 8 13 60
18 85 57 71 6 0 6 0.00 M M 3.7 10 290 M M 0 13 280
19 83 56 70 6 0 5 0.00 M M 5.7 14 360 M M 0 18 10
20 85 62 74 10 0 9 0.00 M M 6.9 12 350 M M 2 16 40
21 83 64 74 11 0 9 0.00 M M 9.4 18 350 M M 0 25 350
22 83 56 70 7 0 5 0.00 M M 4.6 12 350 M M 0 15 10
23 80 54 67 4 0 2 0.00 M M 3.7 12 290 M M 1 14 290
24 75 49 62 0 3 0 0.00 M M 6.3 16 350 M M 0 23 350
25 75 48 62 0 3 0 0.00 M M 3.2 12 20 M M 0 15 30
26 72 47 60 -2 5 0 0.00 M M 8.1 18 350 M M 0 23 350
27 68 48 58 -3 7 0 0.00 M M 10.1 23 350 M M 0 31 350
28 72 48 60 -1 5 0 0.00 M M 6.7 13 20 M M 0 18 360
29 73 47 60 0 5 0 0.00 M M 8.0 17 350 M M 0 21 350
30 77 49 63 3 2 0 0.00 M M 6.5 14 40 M M 1 18 40
================================================================================
SM 1936 1557 62 51 T M 173.5 M 27
================================================================================
AV 77.4 53.7 5.8 FASTST M M 1 MAX(MPH)
MISC ----> 29 270 # 37 280
================================================================================
NOTES:
# LAST OF SEVERAL OCCURRENCES
COLUMN 17 PEAK WIND IN M.P.H.
PRELIMINARY LOCAL CLIMATOLOGICAL DATA (WS FORM: F-6) , PAGE 2
STATION: YUMA AZ
MONTH: NOVEMBER
YEAR: 2020
LATITUDE: 32 39 N
LONGITUDE: 114 37 W
[TEMPERATURE DATA] [PRECIPITATION DATA] SYMBOLS USED IN COLUMN 16
AVERAGE MONTHLY: 65.6 TOTAL FOR MONTH: T 1 = FOG OR MIST
DPTR FM NORMAL: -0.1 DPTR FM NORMAL: -0.22 2 = FOG REDUCING VISIBILITY
HIGHEST: 88 ON 6 GRTST 24HR T ON 6- 6 TO 1/4 MILE OR LESS
LOWEST: 44 ON 11 3 = THUNDER
SNOW, ICE PELLETS, HAIL 4 = ICE PELLETS
TOTAL MONTH: M 5 = HAIL
GRTST 24HR M ON M 6 = FREEZING RAIN OR DRIZZLE
GRTST DEPTH: M ON M 7 = DUSTSTORM OR SANDSTORM:
VSBY 1/2 MILE OR LESS
8 = SMOKE OR HAZE
[NO. OF DAYS WITH] [WEATHER - DAYS WITH] 9 = BLOWING SNOW
X = TORNADO
MAX 32 OR BELOW: 0 0.01 INCH OR MORE: 0
MAX 90 OR ABOVE: 0 0.10 INCH OR MORE: 0
MIN 32 OR BELOW: 0 0.50 INCH OR MORE: 0
MIN 0 OR BELOW: 0 1.00 INCH OR MORE: 0
[HDD (BASE 65) ]
TOTAL THIS MO. 62 CLEAR (SCALE 0-3) 27
DPTR FM NORMAL -4 PTCLDY (SCALE 4-7) 3
TOTAL FM JUL 1 68 CLOUDY (SCALE 8-10) 0
DPTR FM NORMAL 1
[CDD (BASE 65) ]
TOTAL THIS MO. 51
DPTR FM NORMAL -36 [PRESSURE DATA]
TOTAL FM JAN 1 4895 HIGHEST SLP 30.25 ON 28
DPTR FM NORMAL 246 LOWEST SLP 29.55 ON 6
[REMARKS]
#FINAL-11-20#