000
CXUS56 KMTR 011000
CF6OAK
PRELIMINARY LOCAL CLIMATOLOGICAL DATA (WS FORM: F-6)
STATION: OAKLAND AIRPORT
MONTH: DECEMBER
YEAR: 2022
LATITUDE: 37 43 N
LONGITUDE: 122 13 W
TEMPERATURE IN F: :PCPN: SNOW: WIND :SUNSHINE: SKY :PK WND
================================================================================
1 2 3 4 5 6A 6B 7 8 9 10 11 12 13 14 15 16 17 18
12Z AVG MX 2MIN
DY MAX MIN AVG DEP HDD CDD WTR SNW DPTH SPD SPD DIR MIN PSBL S-S WX SPD DR
================================================================================
1 53 38 46 -6 19 0 0.57 M M 10.6 24 150 M M 7 1 47 140
2 52 33 43 -9 22 0 0.00 M M 5.0 12 80 M M 3 15 80
3 50 43 47 -4 18 0 0.86 M M 2.9 10 80 M M 9 1 12 80
4 59 45 52 1 13 0 0.08 M M 7.4 16 150 M M 7 1 20 140
5 59 46 53 2 12 0 0.07 M M 7.2 15 150 M M 6 1 18 140
6 58 41 50 -1 15 0 0.02 M M 6.2 14 50 M M 6 19 360
7 56 37 47 -4 18 0 0.00 M M 3.9 10 280 M M 2 1 14 260
8 56 39 48 -3 17 0 0.07 M M 8.1 18 160 M M 9 18 24 160
9 54 41 48 -2 17 0 0.00 M M 2.7 16 160 M M 8 12 20 170
10 57 48 53 3 12 0 1.02 M M 14.7 29 200 M M 9 1 43 150
11 53 46 50 0 15 0 0.49 M M 14.0 30 300 M M 9 18 37 280
12 53 38 46 -4 19 0 0.02 M M 7.4 15 260 M M 5 20 40
13 54 34 44 -6 21 0 0.00 M M 4.0 9 290 M M 3 1 12 290
14 51 35 43 -7 22 0 0.00 M M 3.2 7 270 M M 4 1 11 220
15 54 38 46 -4 19 0 0.00 M M 4.5 10 190 M M 5 17 150
16 57 34 46 -4 19 0 0.00 M M 5.4 12 40 M M 2 16 60
17 55 36 46 -4 19 0 0.00 M M 3.5 10 310 M M 0 12 300
18 53 32 43 -7 22 0 0.00 M M 3.5 13 290 M M 0 1 16 310
19 49 34 42 -8 23 0 0.00 M M 6.1 14 80 M M 6 18 18 80
20 54 42 48 -2 17 0 0.00 M M 3.5 10 280 M M 6 18 15 280
21 57 38 48 -2 17 0 0.00 M M 3.5 10 300 M M 4 13 300
22 56 42 49 -1 16 0 0.00 M M 4.5 14 300 M M 8 18 16 300
23 57 44 51 1 14 0 0.00 M M 3.9 13 300 M M 5 18 17 310
24 57 42 50 0 15 0 0.00 M M 4.0 10 60 M M 3 18 14 90
25 61 42 52 3 13 0 0.00 M M 3.5 15 300 M M 5 18 18 330
26 54 44 49 0 16 0 0.22 M M 5.6 14 130 M M 9 18 21 130
27 58 49 54 5 11 0 1.77 M M 10.6 24 160 M M 8 1 38 140
28 57 40 49 0 16 0 T M M 4.7 12 80 M M 6 1 14 170
29 56 49 53 4 12 0 0.42 M M 8.1 18 150 M M 10 1 33 130
30 60 54 57 8 8 0 0.88 M M 14.4 23 210 M M 10 1 36 210
31 57 51 54 5 11 0 5.01 M M 7.8 24 10 M M 10 12 40 360
================================================================================
SM 1717 1275 508 0 11.50 M 194.4 M 184
================================================================================
AV 55.4 41.1 6.3 FASTST M M 6 MAX(MPH)
MISC ----> 30 300 47 140
================================================================================
NOTES:
# LAST OF SEVERAL OCCURRENCES
COLUMN 17 PEAK WIND IN M.P.H.
PRELIMINARY LOCAL CLIMATOLOGICAL DATA (WS FORM: F-6) , PAGE 2
STATION: OAKLAND AIRPORT
MONTH: DECEMBER
YEAR: 2022
LATITUDE: 37 43 N
LONGITUDE: 122 13 W
[TEMPERATURE DATA] [PRECIPITATION DATA] SYMBOLS USED IN COLUMN 16
AVERAGE MONTHLY: 48.3 TOTAL FOR MONTH: 11.50 1 = FOG OR MIST
DPTR FM NORMAL: -1.8 DPTR FM NORMAL: 7.66 2 = FOG REDUCING VISIBILITY
HIGHEST: 61 ON 25 GRTST 24HR 5.27 ON 30-31 TO 1/4 MILE OR LESS
LOWEST: 32 ON 18 3 = THUNDER
SNOW, ICE PELLETS, HAIL 4 = ICE PELLETS
TOTAL MONTH: M 5 = HAIL
GRTST 24HR M ON M 6 = FREEZING RAIN OR DRIZZLE
GRTST DEPTH: M ON M 7 = DUSTSTORM OR SANDSTORM:
VSBY 1/2 MILE OR LESS
8 = SMOKE OR HAZE
[NO. OF DAYS WITH] [WEATHER - DAYS WITH] 9 = BLOWING SNOW
X = TORNADO
MAX 32 OR BELOW: 0 0.01 INCH OR MORE: 14
MAX 90 OR ABOVE: 0 0.10 INCH OR MORE: 9
MIN 32 OR BELOW: 1 0.50 INCH OR MORE: 6
MIN 0 OR BELOW: 0 1.00 INCH OR MORE: 3
[HDD (BASE 65) ]
TOTAL THIS MO. 508 CLEAR (SCALE 0-3) 6
DPTR FM NORMAL 46 PTCLDY (SCALE 4-7) 16
TOTAL FM JUL 1 1111 CLOUDY (SCALE 8-10) 9
DPTR FM NORMAL 43
[CDD (BASE 65) ]
TOTAL THIS MO. 0
DPTR FM NORMAL 0 [PRESSURE DATA]
TOTAL FM JAN 1 237 HIGHEST SLP M ON M
DPTR FM NORMAL 61 LOWEST SLP 29.60 ON 31
[REMARKS]
#FINAL-12-22#