000
CXHW52 PHFO 011250
CF6OGG
PRELIMINARY LOCAL CLIMATOLOGICAL DATA (WS FORM: F-6)
STATION: KAHULUI HI
MONTH: SEPTEMBER
YEAR: 2023
LATITUDE: 20 53 N
LONGITUDE: 156 26 W
TEMPERATURE IN F: :PCPN: SNOW: WIND :SUNSHINE: SKY :PK WND
================================================================================
1 2 3 4 5 6A 6B 7 8 9 10 11 12 13 14 15 16 17 18
12Z AVG MX 2MIN
DY MAX MIN AVG DEP HDD CDD WTR SNW DPTH SPD SPD DIR MIN PSBL S-S WX SPD DR
================================================================================
1 88 69 79 -2 0 14 T M M 18.0 29 50 M M 4 38 70
2 89 76 83 2 0 18 0.00 M M 19.0 29 40 M M 4 36 50
3 87 68 78 -3 0 13 0.00 M M 16.1 28 30 M M 2 31 30
4 89 63 76 -5 0 11 0.00 M M 9.1 22 20 M M 2 25 40
5 88 67 78 -3 0 13 0.00 M M 10.9 24 40 M M 2 8 28 40
6 87 67 77 -4 0 12 0.00 M M 13.8 25 30 M M 1 29 30
7 88 73 81 0 0 16 0.00 M M 12.8 23 30 M M 1 26 40
8 89 74 82 1 0 17 0.00 M M 14.3 28 30 M M 3 31 30
9 90 69 80 -1 0 15 0.00 M M 13.9 36 40 M M 2 43 40
10 89 75 82 1 0 17 0.00 M M 17.7 33 40 M M 3 42 50
11 88 74 81 0 0 16 T M M 17.7 30 70 M M 3 40 90
12 87 76 82 1 0 17 0.00 M M 17.6 30 40 M M 4 36 40
13 91 67 79 -2 0 14 T M M 12.4 26 40 M M 3 33 70
14 87 73 80 -1 0 15 T M M 13.9 25 40 M M 7 18 32 40
15 87 67 77 -4 0 12 0.00 M M 13.1 25 30 M M 3 30 40
16 91 71 81 0 0 16 T M M 13.6 31 70 M M 3 40 70
17 89 74 82 1 0 17 0.01 M M 16.0 28 50 M M 5 1 36 70
18 90 74 82 1 0 17 0.00 M M 16.9 29 60 M M 4 38 70
19 89 71 80 0 0 15 0.00 M M 16.8 29 70 M M 3 37 80
20 91 68 80 0 0 15 0.00 M M 15.5 29 60 M M 3 36 60
21 88 73 81 1 0 16 0.02 M M 14.5 30 40 M M 5 1 39 50
22 87 73 80 0 0 15 T M M 14.6 26 50 M M 4 36 90
23 89 73 81 1 0 16 0.01 M M 15.1 29 40 M M 3 37 60
24 88 72 80 0 0 15 0.02 M M 16.1 30 40 M M 4 1 39 40
25 89 73 81 1 0 16 0.01 M M 15.4 31 40 M M 4 18 37 40
26 88 73 81 1 0 16 0.01 M M 17.5 29 60 M M 4 39 50
27 88 71 80 0 0 15 0.00 M M 15.7 31 40 M M 5 37 60
28 89 67 78 -2 0 13 0.00 M M 13.5 26 70 M M 2 8 34 50
29 92 68 80 0 0 15 T M M 12.6 28 40 M M 2 35 40
30 91 71 81 1 0 16 0.00 M M 18.3 30 60 M M 2 40 80
================================================================================
SM 2663 2130 0 453 0.08 M 452.4 M 97
================================================================================
AV 88.8 71.0 15.1 FASTST M M 3 MAX(MPH)
MISC ----> 36 40 43 40
================================================================================
NOTES:
# LAST OF SEVERAL OCCURRENCES
COLUMN 17 PEAK WIND IN M.P.H.
PRELIMINARY LOCAL CLIMATOLOGICAL DATA (WS FORM: F-6) , PAGE 2
STATION: KAHULUI HI
MONTH: SEPTEMBER
YEAR: 2023
LATITUDE: 20 53 N
LONGITUDE: 156 26 W
[TEMPERATURE DATA] [PRECIPITATION DATA] SYMBOLS USED IN COLUMN 16
AVERAGE MONTHLY: 79.9 TOTAL FOR MONTH: 0.08 1 = FOG OR MIST
DPTR FM NORMAL: -0.7 DPTR FM NORMAL: -0.37 2 = FOG REDUCING VISIBILITY
HIGHEST: 92 ON 29 GRTST 24HR 0.03 ON 23-24 TO 1/4 MILE OR LESS
LOWEST: 63 ON 4 3 = THUNDER
SNOW, ICE PELLETS, HAIL 4 = ICE PELLETS
TOTAL MONTH: M 5 = HAIL
GRTST 24HR M ON M 6 = FREEZING RAIN OR DRIZZLE
GRTST DEPTH: M ON M 7 = DUSTSTORM OR SANDSTORM:
VSBY 1/2 MILE OR LESS
8 = SMOKE OR HAZE
[NO. OF DAYS WITH] [WEATHER - DAYS WITH] 9 = BLOWING SNOW
X = TORNADO
MAX 32 OR BELOW: 0 0.01 INCH OR MORE: 6
MAX 90 OR ABOVE: 7 0.10 INCH OR MORE: 0
MIN 32 OR BELOW: 0 0.50 INCH OR MORE: 0
MIN 0 OR BELOW: 0 1.00 INCH OR MORE: 0
[HDD (BASE 65) ]
TOTAL THIS MO. 0 CLEAR (SCALE 0-3) 16
DPTR FM NORMAL 0 PTCLDY (SCALE 4-7) 14
TOTAL FM JUL 1 0 CLOUDY (SCALE 8-10) 0
DPTR FM NORMAL 0
[CDD (BASE 65) ]
TOTAL THIS MO. 453
DPTR FM NORMAL -15 [PRESSURE DATA]
TOTAL FM JAN 1 3297 HIGHEST SLP 30.10 ON 12
DPTR FM NORMAL -18 LOWEST SLP 29.89 ON 19
[REMARKS]
#FINAL-09-23#