000
CXUS55 KGGW 010810
CF6OLF
PRELIMINARY LOCAL CLIMATOLOGICAL DATA (WS FORM: F-6)
STATION: WOLF POINT MT
MONTH: MAY
YEAR: 2021
LATITUDE: 48 5 N
LONGITUDE: 105 35 W
TEMPERATURE IN F: :PCPN: SNOW: WIND :SUNSHINE: SKY :PK WND
================================================================================
1 2 3 4 5 6A 6B 7 8 9 10 11 12 13 14 15 16 17 18
12Z AVG MX 2MIN
DY MAX MIN AVG DEP HDD CDD WTR SNW DPTH SPD SPD DIR MIN PSBL S-S WX SPD DR
================================================================================
1 80 47 64 15 1 0 0.00 M M 12.7 29 300 M M 0 8 38 300
2 63 39 51 1 14 0 0.04 M M 13.1 33 340 M M 7 41 10
3 62 29 46 -4 19 0 0.00 M M 8.8 24 320 M M 3 34 320
4 61 37 49 -1 16 0 T M M 11.8 26 60 M M 9 35 60
5 65 30 48 -3 17 0 0.00 M M 5.3 23 280 M M 3 32 280
6 70 27 49 -2 16 0 0.00 M M 5.1 12 70 M M 2 12 17 10
7 71 36 54 2 11 0 0.05 M M 17.2 33 90 M M 1 50 110
8 47 33 40 -12 25 0 0.89 M M 14.2 32 80 M M 10 12 44 80
9 55 33 44 -8 21 0 0.09 M M 9.4 22 100 M M 7 18 28 70
10 62 27 45 -8 20 0 0.00 M M 3.0 12 50 M M 0 18 17 70
11 67 32 50 -3 15 0 0.00 M M 4.7 16 200 M M 2 8 28 170
12 65 36 51 -2 14 0 0.03 M M 4.8 30 20 M M 2 3 37 20
13 71 33 52 -2 13 0 0.00 M M 3.8 10 240 M M 2 18 18 290
14 71 37 54 0 11 0 T M M 5.2 21 330 M M 4 8 27 330
15 77 36 57 2 8 0 0.00 M M 1.4 9 270 M M 0 18 14 100
16 82 37 60 5 5 0 0.00 M M 1.8 12 240 M M 0 8 19 240
17 87 46 67 12 0 2 0.00 M M 9.1 20 180 M M 0 8 30 180
18 89 54 72 16 0 7 0.02 M M 8.2 24 340 M M 2 38 33 340
19 72 49 61 5 4 0 0.08 M M 10.3 24 40 M M 6 34 40
20 54 37 46 -10 19 0 0.82 M M 21.0 35 70 M M 10 138 53 70
21 43 37 40 -17 25 0 0.15 M M 11.2 18 360 M M 10 1 25 30
22 53 39 46 -11 19 0 0.00 M M 7.0 13 60 M M 10 1 17 360
23 54 46 50 -7 15 0 0.10 M M 11.9 23 100 M M 10 18 32 80
24 68 47 58 0 7 0 0.07 M M 17.0 32 240 M M 7 1 47 260
25 59 47 53 -5 12 0 T M M 16.8 32 260 M M 9 45 260
26 50 44 47 -11 18 0 0.05 M M 9.7 18 80 M M 10 18 24 70
27 57 38 48 -11 17 0 T M M 7.4 16 140 M M 6 1 28 150
28 74 36 55 -4 10 0 0.00 M M 7.3 16 270 M M 1 25 250
29 72 41 57 -2 8 0 0.00 M M 10.8 26 340 M M 1 44 290
30 77 39 58 -2 7 0 0.00 M M 6.0 16 330 M M 2 28 290
31 81 38 60 0 5 0 0.00 M M 5.0 15 190 M M 2 8 24 190
================================================================================
SM 2059 1187 392 9 2.39 M 281.0 M 138
================================================================================
AV 66.4 38.3 9.1 FASTST M M 4 MAX(MPH)
MISC ----> 35 70 53 70
================================================================================
NOTES:
# LAST OF SEVERAL OCCURRENCES
COLUMN 17 PEAK WIND IN M.P.H.
PRELIMINARY LOCAL CLIMATOLOGICAL DATA (WS FORM: F-6) , PAGE 2
STATION: WOLF POINT MT
MONTH: MAY
YEAR: 2021
LATITUDE: 48 5 N
LONGITUDE: 105 35 W
[TEMPERATURE DATA] [PRECIPITATION DATA] SYMBOLS USED IN COLUMN 16
AVERAGE MONTHLY: 52.4 TOTAL FOR MONTH: 2.39 1 = FOG OR MIST
DPTR FM NORMAL: -2.5 DPTR FM NORMAL: 0.37 2 = FOG REDUCING VISIBILITY
HIGHEST: 89 ON 18 GRTST 24HR 0.93 ON 7- 8 TO 1/4 MILE OR LESS
LOWEST: 27 ON 10, 6 3 = THUNDER
SNOW, ICE PELLETS, HAIL 4 = ICE PELLETS
TOTAL MONTH: M 5 = HAIL
GRTST 24HR M ON M 6 = FREEZING RAIN OR DRIZZLE
GRTST DEPTH: M ON M 7 = DUSTSTORM OR SANDSTORM:
VSBY 1/2 MILE OR LESS
8 = SMOKE OR HAZE
[NO. OF DAYS WITH] [WEATHER - DAYS WITH] 9 = BLOWING SNOW
X = TORNADO
MAX 32 OR BELOW: 0 0.01 INCH OR MORE: 12
MAX 90 OR ABOVE: 0 0.10 INCH OR MORE: 4
MIN 32 OR BELOW: 5 0.50 INCH OR MORE: 2
MIN 0 OR BELOW: 0 1.00 INCH OR MORE: 0
[HDD (BASE 65) ]
TOTAL THIS MO. 392 CLEAR (SCALE 0-3) 16
DPTR FM NORMAL 65 PTCLDY (SCALE 4-7) 7
TOTAL FM JUL 1 8057 CLOUDY (SCALE 8-10) 8
DPTR FM NORMAL -348
[CDD (BASE 65) ]
TOTAL THIS MO. 9
DPTR FM NORMAL -3 [PRESSURE DATA]
TOTAL FM JAN 1 9 HIGHEST SLP M ON M
DPTR FM NORMAL -3 LOWEST SLP 29.51 ON 18
[REMARKS]
#FINAL-05-21#