000
CXAK56 PAFG 011002
CF6OME
PRELIMINARY LOCAL CLIMATOLOGICAL DATA (WS FORM: F-6)
STATION: NOME AK
MONTH: NOVEMBER
YEAR: 2020
LATITUDE: 64 30 N
LONGITUDE: 165 26 W
TEMPERATURE IN F: :PCPN: SNOW: WIND :SUNSHINE: SKY :PK WND
================================================================================
1 2 3 4 5 6A 6B 7 8 9 10 11 12 13 14 15 16 17 18
12Z AVG MX 2MIN
DY MAX MIN AVG DEP HDD CDD WTR SNW DPTH SPD SPD DIR MIN PSBL S-S WX SPD DR
================================================================================
1 26 5 16 -6 49 0 0.00 M M 1.9 9 340 M M 0 11 340
2 24 2 13 -8 52 0 0.01 M M 2.5 9 70 M M 5 8 10 70
3 28 21 25 4 40 0 0.14 M M 12.4 29 310 M M 8 1289 37 320
4 33 6 20 -1 45 0 0.01 M M 14.4 36 150 M M 6 18 43 160
5 40 29 35 15 30 0 0.23 M M 31.4 48 140 M M 10 128 59 140
6 41 37 39 19 26 0 0.01 M M 25.4 44 220 M M 10 18 50 220
7 38 27 33 13 32 0 T M M 9.8 23 220 M M 6 1 27 220
8 34 21 28 9 37 0 0.00 M M 3.6 12 320 M M 0 14 320
9 39 26 33 14 32 0 0.65 M M 18.7 33 90 M M 9 18 42 90
10 38 33 36 17 29 0 0.08 M M 16.0 32 210 M M 10 18 37 200
11 35 33 34 16 31 0 0.21 M M 7.7 21 70 M M 10 1 27 70
12 33 26 30 12 35 0 0.12 M M 1.4 10 50 M M 10 1 13 40
13 31 17 24 6 41 0 T M M 8.0 20 30 M M 5 1 25 30
14 26 12 19 2 46 0 0.00 M M 7.1 28 360 M M 0 32 360
15 33 10 22 5 43 0 0.01 M M 5.8 21 340 M M 5 18 23 340
16 33 27 30 13 35 0 T M M 12.2 22 230 M M 10 1 25 180
17 29 23 26 10 39 0 T M M 13.6 20 90 M M 6 18 24 90
18 31 25 28 12 37 0 0.09 M M 18.2 23 100 M M 10 16 28 90
19 29 19 24 8 41 0 0.01 M M 16.0 26 90 M M 8 1 35 90
20 35 25 30 15 35 0 0.00 M M 20.5 29 90 M M 5 35 70
21 35 25 30 15 35 0 0.00 M M 16.3 23 70 M M 6 18 30 70
22 33 25 29 14 36 0 0.18 M M 11.9 21 170 M M 10 12 25 170
23 29 26 28 13 37 0 0.01 M M 9.9 26 90 M M 10 1 33 100
24 34 26 30 16 35 0 0.48 M M 31.3 40 110 M M 10 12 51 100
25 34 27 31 17 34 0 0.13 M M 11.6 39 110 M M 6 19 52 110
26 31 14 23 9 42 0 0.02 M M 8.3 15 90 M M 7 1 20 90
27 26 17 22 8 43 0 0.01 M M 7.2 22 40 M M 9 1 24 40
28 25 9 17 4 48 0 0.00 M M 11.6 22 350 M M 5 27 360
29 16 -1 8 -5 57 0 0.00 M M 8.4 23 340 M M 0 27 340
30 12 -8 2 -11 63 0 0.00 M M 6.9 17 10 M M 3 19 40
================================================================================
SM 931 584 1185 0 2.40 M 370.0 M 199
================================================================================
AV 31.0 19.5 12.3 FASTST M M 7 MAX(MPH)
MISC ----> 48 140 59 140
================================================================================
NOTES:
# LAST OF SEVERAL OCCURRENCES
COLUMN 17 PEAK WIND IN M.P.H.
PRELIMINARY LOCAL CLIMATOLOGICAL DATA (WS FORM: F-6) , PAGE 2
STATION: NOME AK
MONTH: NOVEMBER
YEAR: 2020
LATITUDE: 64 30 N
LONGITUDE: 165 26 W
[TEMPERATURE DATA] [PRECIPITATION DATA] SYMBOLS USED IN COLUMN 16
AVERAGE MONTHLY: 25.3 TOTAL FOR MONTH: 2.40 1 = FOG OR MIST
DPTR FM NORMAL: 8.4 DPTR FM NORMAL: 1.18 2 = FOG REDUCING VISIBILITY
HIGHEST: 41 ON 6 GRTST 24HR 0.65 ON 9- 9 TO 1/4 MILE OR LESS
LOWEST: -8 ON 30 3 = THUNDER
SNOW, ICE PELLETS, HAIL 4 = ICE PELLETS
TOTAL MONTH: M 5 = HAIL
GRTST 24HR M ON M 6 = FREEZING RAIN OR DRIZZLE
GRTST DEPTH: M ON M 7 = DUSTSTORM OR SANDSTORM:
VSBY 1/2 MILE OR LESS
8 = SMOKE OR HAZE
[NO. OF DAYS WITH] [WEATHER - DAYS WITH] 9 = BLOWING SNOW
X = TORNADO
MAX 32 OR BELOW: 14 0.01 INCH OR MORE: 18
MAX 90 OR ABOVE: 0 0.10 INCH OR MORE: 8
MIN 32 OR BELOW: 27 0.50 INCH OR MORE: 1
MIN 0 OR BELOW: 2 1.00 INCH OR MORE: 0
[HDD (BASE 65) ]
TOTAL THIS MO. 1185 CLEAR (SCALE 0-3) 5
DPTR FM NORMAL -258 PTCLDY (SCALE 4-7) 12
TOTAL FM JUL 1 3584 CLOUDY (SCALE 8-10) 13
DPTR FM NORMAL -509
[CDD (BASE 65) ]
TOTAL THIS MO. 0
DPTR FM NORMAL 0 [PRESSURE DATA]
TOTAL FM JAN 1 0 HIGHEST SLP M ON M
DPTR FM NORMAL -3 LOWEST SLP 28.62 ON 25
[REMARKS]
#FINAL-11-20#