000
CXAK56 PAFG 011300
CF6OME
PRELIMINARY LOCAL CLIMATOLOGICAL DATA (WS FORM: F-6)
STATION: NOME AK
MONTH: DECEMBER
YEAR: 2023
LATITUDE: 64 30 N
LONGITUDE: 165 26 W
TEMPERATURE IN F: :PCPN: SNOW: WIND :SUNSHINE: SKY :PK WND
================================================================================
1 2 3 4 5 6A 6B 7 8 9 10 11 12 13 14 15 16 17 18
12Z AVG MX 2MIN
DY MAX MIN AVG DEP HDD CDD WTR SNW DPTH SPD SPD DIR MIN PSBL S-S WX SPD DR
================================================================================
1 21 8 15 2 50 0 0.01 M M 4.6 18 10 M M 7 1 22 10
2 23 11 17 4 48 0 0.01 M M 7.1 13 70 M M 9 1 18 80
3 18 6 12 0 53 0 T M M 2.3 8 320 M M 8 13 270
4 23 14 19 7 46 0 T M M 3.0 12 320 M M 10 18 13 320
5 24 9 17 5 48 0 0.07 M M 11.2 31 280 M M 9 189 40 270
6 28 16 22 10 43 0 0.11 M M 26.3 45 260 M M 10 1289 64 260
7 22 -2 10 -1 55 0 0.02 M M 15.2 33 210 M M 6 18 44 210
8 13 -1 6 -5 59 0 0.00 M M 6.0 12 340 M M 5 14 350
9 14 2 8 -3 57 0 0.00 M M 4.5 16 360 M M 6 19 360
10 10 -5 3 -7 62 0 0.00 M M 4.5 15 360 M M 1 8 20 20
11 10 0 5 -5 60 0 0.00 M M 19.3 39 350 M M 0 89 53 350
12 10 3 7 -3 58 0 0.01 M M 17.6 43 340 M M 8 89 57 350
13 11 -2 5 -5 60 0 T M M 17.2 35 350 M M 4 89 43 350
14 6 -6 0 -9 65 0 0.00 M M 6.6 16 350 M M 0 20 40
15 10 2 6 -3 59 0 0.01 M M 12.2 22 40 M M 5 8 29 40
16 20 -4 8 -1 57 0 0.01 M M 8.9 23 20 M M 6 8 27 20
17 19 4 12 3 53 0 0.06 M M 6.7 18 350 M M 10 18 26 40
18 17 8 13 5 52 0 T M M 12.1 18 130 M M 10 1 24 70
19 17 7 12 4 53 0 T M M 10.7 16 360 M M 7 25 70
20 11 -10 1 -7 64 0 0.00 M M 4.3 16 10 M M 1 19 10
21 9 -12 -1 -9 66 0 T M M 6.2 15 310 M M 7 19 280
22 0 -19 -9 -17 74 0 0.00 M M 4.0 12 340 M M 3 12 340
23 -4 -18 -11 -18 76 0 0.00 M M 6.2 14 290 M M 0 16 300
24 5 -11 -3 -10 68 0 0.03 M M 7.5 20 280 M M 8 18 24 250
25 5 -7 -1 -8 66 0 0.02 M M 15.5 21 170 M M 10 89 28 80
26 9 -8 1 -6 64 0 0.00 M M 9.4 17 80 M M 5 8 24 80
27 13 0 7 0 58 0 0.05 M M 11.7 21 80 M M 9 18 30 70
28 13 -6 4 -2 61 0 T M M 5.3 15 180 M M 9 1 20 180
29 19 -12 4 -2 61 0 0.00 M M 9.3 21 40 M M 1 27 40
30 22 15 19 13 46 0 0.00 M M 14.3 24 30 M M 0 33 30
31 20 12 16 10 49 0 0.00 M M 11.9 21 40 M M 5 26 100
================================================================================
SM 438 -6 1791 0 0.41 M 301.6 M 179
================================================================================
AV 14.1 -0.2 9.7 FASTST M M 6 MAX(MPH)
MISC ----> 45 260 64 260
================================================================================
NOTES:
# LAST OF SEVERAL OCCURRENCES
COLUMN 17 PEAK WIND IN M.P.H.
PRELIMINARY LOCAL CLIMATOLOGICAL DATA (WS FORM: F-6) , PAGE 2
STATION: NOME AK
MONTH: DECEMBER
YEAR: 2023
LATITUDE: 64 30 N
LONGITUDE: 165 26 W
[TEMPERATURE DATA] [PRECIPITATION DATA] SYMBOLS USED IN COLUMN 16
AVERAGE MONTHLY: 7.0 TOTAL FOR MONTH: 0.41 1 = FOG OR MIST
DPTR FM NORMAL: -2.1 DPTR FM NORMAL: -0.64 2 = FOG REDUCING VISIBILITY
HIGHEST: 28 ON 6 GRTST 24HR 0.14 ON 5- 6 TO 1/4 MILE OR LESS
LOWEST: -19 ON 22 3 = THUNDER
SNOW, ICE PELLETS, HAIL 4 = ICE PELLETS
TOTAL MONTH: M 5 = HAIL
GRTST 24HR M ON M 6 = FREEZING RAIN OR DRIZZLE
GRTST DEPTH: M ON M 7 = DUSTSTORM OR SANDSTORM:
VSBY 1/2 MILE OR LESS
8 = SMOKE OR HAZE
[NO. OF DAYS WITH] [WEATHER - DAYS WITH] 9 = BLOWING SNOW
X = TORNADO
MAX 32 OR BELOW: 31 0.01 INCH OR MORE: 12
MAX 90 OR ABOVE: 0 0.10 INCH OR MORE: 1
MIN 32 OR BELOW: 31 0.50 INCH OR MORE: 0
MIN 0 OR BELOW: 17 1.00 INCH OR MORE: 0
[HDD (BASE 65) ]
TOTAL THIS MO. 1791 CLEAR (SCALE 0-3) 8
DPTR FM NORMAL 58 PTCLDY (SCALE 4-7) 14
TOTAL FM JUL 1 5648 CLOUDY (SCALE 8-10) 9
DPTR FM NORMAL -79
[CDD (BASE 65) ]
TOTAL THIS MO. 0
DPTR FM NORMAL 0 [PRESSURE DATA]
TOTAL FM JAN 1 0 HIGHEST SLP 30.06 ON 14
DPTR FM NORMAL -3 LOWEST SLP 28.93 ON 24
[REMARKS]
#FINAL-12-23#