000
CXUS54 KMRX 011030
CF6OQT
PRELIMINARY LOCAL CLIMATOLOGICAL DATA (WS FORM: F-6)
STATION: OAK RIDGE
MONTH: OCTOBER
YEAR: 2022
LATITUDE: 36 1 N
LONGITUDE: 84 14 W
TEMPERATURE IN F: :PCPN: SNOW: WIND :SUNSHINE: SKY :PK WND
================================================================================
1 2 3 4 5 6A 6B 7 8 9 10 11 12 13 14 15 16 17 18
12Z AVG MX 2MIN
DY MAX MIN AVG DEP HDD CDD WTR SNW DPTH SPD SPD DIR MIN PSBL S-S WX SPD DR
================================================================================
1 62 55 59 -8 6 0 0.00 M M 1.6 7 80 M M 7 14 60
2 64 54 59 -7 6 0 0.00 M M 1.5 8 10 M M 9 19 10
3 72 55 64 -2 1 0 0.00 M M 1.5 6 99 M M 7 M M
4 73 48 61 -5 4 0 0.00 M M 0.3 8 90 M M 2 12 100
5 76 42 59 -6 6 0 0.00 M M 0.8 9 80 M M 0 16 90
6 78 44 61 -4 4 0 0.00 M M 0.5 6 270 M M 0 10 190
7 79 48 64 0 1 0 0.00 M M 1.7 9 330 M M 0 18 330
8 66 42 54 -10 11 0 0.00 M M 1.5 7 60 M M 0 M M
9 68 37 53 -11 12 0 0.00 M M 0.9 7 260 M M 2 1 12 80
10 71 37 54 -9 11 0 0.00 M M 1.1 10 90 M M 1 1 16 80
11 76 40 58 -5 7 0 0.00 M M 0.5 7 130 M M 0 12 140
12 74 52 63 1 2 0 0.26 M M 1.1 10 250 M M 5 1 22 250
13 72 45 59 -3 6 0 T M M 3.0 14 280 M M 5 28 290
14 72 40 56 -5 9 0 0.00 M M 1.3 10 260 M M 0 18 260
15 81 46 64 3 1 0 T M M 1.8 10 260 M M 2 17 250
16 71 53 62 2 3 0 0.15 M M 1.0 7 270 M M 5 1 16 220
17 65 43 54 -6 11 0 T M M 4.2 14 300 M M 2 1 25 270
18 50 32 41 -19 24 0 0.00 M M 1.4 8 360 M M 6 17 20
19 59 34 47 -12 18 0 0.00 M M 1.8 9 260 M M 1 17 200
20 60 29 45 -14 20 0 0.00 M M 1.3 9 240 M M 0 20 200
21 68 32 50 -8 15 0 0.00 M M 0.5 6 130 M M 0 11 230
22 73 38 56 -2 9 0 0.00 M M 0.3 6 290 M M 0 11 260
23 75 42 59 1 6 0 0.00 M M 0.3 6 140 M M 2 12 11 230
24 77 40 59 2 6 0 0.00 M M 0.3 7 150 M M 0 12 230
25 77 45 61 4 4 0 0.27 M M 1.4 10 260 M M 2 1 19 290
26 61 51 56 0 9 0 0.02 M M 3.3 10 270 M M 8 1 17 260
27 68 47 58 2 7 0 0.00 M M 2.1 10 70 M M 3 18 100
28 74 42 58 2 7 0 0.00 M M 0.9 7 80 M M 0 14 100
29 73 43 58 3 7 0 0.00 M M 0.5 8 90 M M 0 12 40
30 67 49 58 3 7 0 0.20 M M 0.3 6 80 M M 7 1 9 60
31 67 59 63 9 2 0 0.30 M M 1.1 7 200 M M 10 1 13 260
================================================================================
SM 2169 1364 242 0 1.20 M 39.8 M 86
================================================================================
AV 70.0 44.0 1.3 FASTST M M 3 MAX(MPH)
MISC ----> # 14 280 28 290
================================================================================
NOTES:
# LAST OF SEVERAL OCCURRENCES
COLUMN 17 PEAK WIND IN M.P.H.
PRELIMINARY LOCAL CLIMATOLOGICAL DATA (WS FORM: F-6) , PAGE 2
STATION: OAK RIDGE
MONTH: OCTOBER
YEAR: 2022
LATITUDE: 36 1 N
LONGITUDE: 84 14 W
[TEMPERATURE DATA] [PRECIPITATION DATA] SYMBOLS USED IN COLUMN 16
AVERAGE MONTHLY: 57.0 TOTAL FOR MONTH: 1.20 1 = FOG OR MIST
DPTR FM NORMAL: -3.6 DPTR FM NORMAL: -1.92 2 = FOG REDUCING VISIBILITY
HIGHEST: 81 ON 15 GRTST 24HR 0.45 ON 30-31 TO 1/4 MILE OR LESS
LOWEST: 29 ON 20 3 = THUNDER
SNOW, ICE PELLETS, HAIL 4 = ICE PELLETS
TOTAL MONTH: M 5 = HAIL
GRTST 24HR M ON M 6 = FREEZING RAIN OR DRIZZLE
GRTST DEPTH: M ON M 7 = DUSTSTORM OR SANDSTORM:
VSBY 1/2 MILE OR LESS
8 = SMOKE OR HAZE
[NO. OF DAYS WITH] [WEATHER - DAYS WITH] 9 = BLOWING SNOW
X = TORNADO
MAX 32 OR BELOW: 0 0.01 INCH OR MORE: 6
MAX 90 OR ABOVE: 0 0.10 INCH OR MORE: 5
MIN 32 OR BELOW: 3 0.50 INCH OR MORE: 0
MIN 0 OR BELOW: 0 1.00 INCH OR MORE: 0
[HDD (BASE 65) ]
TOTAL THIS MO. 242 CLEAR (SCALE 0-3) 21
DPTR FM NORMAL 60 PTCLDY (SCALE 4-7) 7
TOTAL FM JUL 1 266 CLOUDY (SCALE 8-10) 3
DPTR FM NORMAL 69
[CDD (BASE 65) ]
TOTAL THIS MO. 0
DPTR FM NORMAL -44 [PRESSURE DATA]
TOTAL FM JAN 1 1730 HIGHEST SLP 30.37 ON 29
DPTR FM NORMAL 102 LOWEST SLP 29.75 ON 25
[REMARKS]
#FINAL-10-22#