000
CXUS53 KLOT 010800
CF6ORD
PRELIMINARY LOCAL CLIMATOLOGICAL DATA (WS FORM: F-6)
STATION: CHICAGO-OHARE
MONTH: JANUARY
YEAR: 2022
LATITUDE: 41 58 N
LONGITUDE: 87 54 W
TEMPERATURE IN F: :PCPN: SNOW: WIND :SUNSHINE: SKY :PK WND
================================================================================
1 2 3 4 5 6A 6B 7 8 9 10 11 12 13 14 15 16 17 18
12Z AVG MX 2MIN
DY MAX MIN AVG DEP HDD CDD WTR SNW DPTH SPD SPD DIR MIN PSBL S-S WX SPD DR
================================================================================
1 38 24 31 4 34 0 0.23 3.2 0 19.6 30 30 M M 10 1 38 20
2 28 13 21 -6 44 0 0.04 0.9 4 9.7 23 350 M M 6 1 29 360
3 22 9 16 -10 49 0 0.00 0.0 4 8.6 16 210 M M 1 22 210
4 35 22 29 3 36 0 0.00 0.0 3 13.0 25 210 M M 7 38 220
5 34 12 23 -3 42 0 T 0.1 3 19.0 33 250 M M 8 19 46 250
6 15 4 10 -16 55 0 T T 3 11.9 18 280 M M 3 24 260
7 15 -1 7 -19 58 0 0.00 0.0 3 7.5 15 260 M M 4 20 260
8 34 13 24 -2 41 0 0.05 0.0 3 11.3 20 190 M M 8 168 28 170
9 34 9 22 -4 43 0 T 0.0 2 12.1 25 300 M M 4 1 34 300
10 16 5 11 -14 54 0 T T 2 8.9 18 320 M M 4 1 25 310
11 36 4 20 -5 45 0 0.00 0.0 2 13.5 25 220 M M 4 39 210
12 41 31 36 11 29 0 T 0.0 2 6.1 16 230 M M 9 23 230
13 40 29 35 10 30 0 0.00 0.0 1 5.8 20 20 M M 9 18 27 20
14 36 26 31 6 34 0 0.01 0.1 0 16.3 22 60 M M 10 8 28 50
15 26 16 21 -4 44 0 0.02 0.2 0 12.9 22 60 M M 7 1 29 60
16 29 12 21 -4 44 0 0.01 0.2 0 4.7 14 310 M M 5 18 18 330
17 28 22 25 0 40 0 T T 0 11.1 18 310 M M 8 26 290
18 44 20 32 7 33 0 0.00 0.0 0 13.1 23 210 M M 8 36 180
19 40 10 25 0 40 0 0.00 0.0 0 12.8 22 260 M M 5 33 260
20 19 6 13 -12 52 0 0.00 0.0 0 9.5 16 320 M M 2 23 330
21 25 6 16 -8 49 0 0.00 0.0 0 6.4 15 210 M M 3 24 220
22 33 19 26 2 39 0 0.02 0.2 0 13.9 23 230 M M 9 8 34 230
23 21 7 14 -10 51 0 0.24 3.5 4 9.6 22 350 M M 7 1 30 350
24 26 10 18 -6 47 0 0.14 2.2 4 9.5 18 320 M M 8 1 26 320
25 12 0 6 -19 59 0 0.00 0.0 5 9.9 17 300 M M 1 25 310
26 15 -6 5 -20 60 0 0.00 0.0 5 8.7 17 210 M M 2 26 190
27 32 14 23 -2 42 0 T T 4 12.4 22 240 M M 9 30 250
28 26 11 19 -6 46 0 0.08 3.3 5 9.1 18 360 M M 7 1 22 360
29 22 7 15 -10 50 0 0.00 0.0 6 7.6 13 180 M M 8 17 170
30 31 11 21 -4 44 0 0.00 0.0 4 6.0 13 330 M M 6 16 320
31 33 25 29 4 36 0 0.00 0.0 4 8.3 20 150 M M 9 25 160
================================================================================
SM 886 390 1370 0 0.84 13.9 328.8 M 191
================================================================================
AV 28.6 12.6 10.6 FASTST M M 6 MAX(MPH)
MISC ----> 33 250 46 250
================================================================================
NOTES:
# LAST OF SEVERAL OCCURRENCES
COLUMN 17 PEAK WIND IN M.P.H.
PRELIMINARY LOCAL CLIMATOLOGICAL DATA (WS FORM: F-6) , PAGE 2
STATION: CHICAGO-OHARE
MONTH: JANUARY
YEAR: 2022
LATITUDE: 41 58 N
LONGITUDE: 87 54 W
[TEMPERATURE DATA] [PRECIPITATION DATA] SYMBOLS USED IN COLUMN 16
AVERAGE MONTHLY: 20.6 TOTAL FOR MONTH: 0.84 1 = FOG OR MIST
DPTR FM NORMAL: -4.6 DPTR FM NORMAL: -1.15 2 = FOG REDUCING VISIBILITY
HIGHEST: 44 ON 18 GRTST 24HR 0.24 ON 23-23 TO 1/4 MILE OR LESS
LOWEST: -6 ON 26 3 = THUNDER
SNOW, ICE PELLETS, HAIL 4 = ICE PELLETS
TOTAL MONTH: 13.9 INCHES 5 = HAIL
GRTST 24HR 3.5 ON 23-23 6 = FREEZING RAIN OR DRIZZLE
GRTST DEPTH: 6 ON 29 7 = DUSTSTORM OR SANDSTORM:
VSBY 1/2 MILE OR LESS
8 = SMOKE OR HAZE
[NO. OF DAYS WITH] [WEATHER - DAYS WITH] 9 = BLOWING SNOW
X = TORNADO
MAX 32 OR BELOW: 18 0.01 INCH OR MORE: 10
MAX 90 OR ABOVE: 0 0.10 INCH OR MORE: 3
MIN 32 OR BELOW: 31 0.50 INCH OR MORE: 0
MIN 0 OR BELOW: 3 1.00 INCH OR MORE: 0
[HDD (BASE 65) ]
TOTAL THIS MO. 1370 CLEAR (SCALE 0-3) 4
DPTR FM NORMAL 136 PTCLDY (SCALE 4-7) 18
TOTAL FM JUL 1 3169 CLOUDY (SCALE 8-10) 9
DPTR FM NORMAL -279
[CDD (BASE 65) ]
TOTAL THIS MO. 0
DPTR FM NORMAL 0 [PRESSURE DATA]
TOTAL FM JAN 1 0 HIGHEST SLP M ON M
DPTR FM NORMAL 0 LOWEST SLP 29.49 ON 5
[REMARKS]
#FINAL-01-22#