000
CXUS53 KGRB 040701
CF6OSH
PRELIMINARY LOCAL CLIMATOLOGICAL DATA (WS FORM: F-6)
STATION: OSHKOSH WI
MONTH: DECEMBER
YEAR: 2020
LATITUDE: 44 0 N
LONGITUDE: 88 34 W
TEMPERATURE IN F: :PCPN: SNOW: WIND :SUNSHINE: SKY :PK WND
================================================================================
1 2 3 4 5 6A 6B 7 8 9 10 11 12 13 14 15 16 17 18
12Z AVG MX 2MIN
DY MAX MIN AVG DEP HDD CDD WTR SNW DPTH SPD SPD DIR MIN PSBL S-S WX SPD DR
================================================================================
1 34 18 26 -2 39 0 0.00 0.0 0 7.9 15 350 M M 3 20 360
2 45 21 33 5 32 0 0.00 0.0 0 7.8 15 250 M M 0 23 260
3 41 30 36 9 29 0 0.00 0.0 0 8.5 14 250 M M 7 8 26 250
4 40 24 32 5 33 0 0.00 0.0 0 6.0 13 40 M M 4 17 30
5 31 21 26 0 39 0 0.00 0.0 0 3.5 9 50 M M 6 13 20
6 35 25 30 4 35 0 0.00 0.0 0 3.1 10 340 M M 8 14 350
7 35 30 33 7 32 0 0.00 0.0 0 5.5 10 310 M M 10 15 310
8 35 30 33 8 32 0 0.00 0.0 0 7.5 16 210 M M 9 18 25 200
9 51 32 42 17 23 0 0.00 0.0 0 6.0 13 290 M M 2 18 270
10 53 25 39 15 26 0 0.00 0.0 0 6.3 20 190 M M 0 26 190
11 39 32 36 12 29 0 T T 0 15.1 25 30 M M 8 1 37 30
12 32 25 29 6 36 0 0.06 1.0 1 18.7 30 10 M M 8 18 42 20
13 27 20 24 1 41 0 0.00 0.0 1 5.8 16 290 M M 9 23 290
14 26 13 20 -3 45 0 0.00 0.0 1 10.4 21 300 M M 3 30 290
15 25 9 17 -5 48 0 0.00 0.0 1 4.8 10 100 M M 2 15 40
16 33 18 26 4 39 0 0.00 0.0 1 5.5 12 30 M M 6 16 70
17 31 15 23 1 42 0 0.00 0.0 T 0.9 7 260 M M 4 1 8 250
18 35 13 24 3 41 0 0.00 0.0 T 9.0 20 180 M M 2 18 25 190
19 36 33 35 14 30 0 0.01 T 0 4.6 15 190 M M 10 18 20 190
20 33 26 30 9 35 0 0.00 0.0 0 7.0 17 210 M M 6 1 28 210
21 38 27 33 12 32 0 0.00 0.0 0 9.8 18 330 M M 10 1 26 290
22 38 30 34 14 31 0 0.00 0.0 0 9.8 20 150 M M 9 27 150
23 51 22 37 17 28 0 0.03 T T 19.1 28 210 M M 6 49 230
24 22 6 14 -6 51 0 T T T 14.6 22 290 M M 7 34 220
25 21 9 15 -5 50 0 0.00 0.0 0 10.0 17 290 M M 6 23 290
26 27 14 21 1 44 0 0.00 0.0 0 6.4 15 300 M M 6 21 290
27 33 19 26 7 39 0 0.22 2.0 2 9.6 21 350 M M 7 1 28 360
28 26 16 21 2 44 0 T T 2 7.0 15 310 M M 5 1 23 300
29 30 -1 15 -4 50 0 0.29 3.2 5 6.9 18 150 M M 4 18 28 140
30 31 24 28 9 37 0 T T 5 10.8 22 290 M M 10 1 33 290
31 24 10 17 -2 48 0 0.00 0.0 5 6.8 14 180 M M 10 1 21 320
================================================================================
SM 1058 636 1160 0 0.61 6.2 254.7 M 187
================================================================================
AV 34.1 20.5 8.2 FASTST M M 6 MAX(MPH)
MISC ----> 30 10 49 230
================================================================================
NOTES:
# LAST OF SEVERAL OCCURRENCES
COLUMN 17 PEAK WIND IN M.P.H.
PRELIMINARY LOCAL CLIMATOLOGICAL DATA (WS FORM: F-6) , PAGE 2
STATION: OSHKOSH WI
MONTH: DECEMBER
YEAR: 2020
LATITUDE: 44 0 N
LONGITUDE: 88 34 W
[TEMPERATURE DATA] [PRECIPITATION DATA] SYMBOLS USED IN COLUMN 16
AVERAGE MONTHLY: 27.3 TOTAL FOR MONTH: 0.61 1 = FOG OR MIST
DPTR FM NORMAL: 4.7 DPTR FM NORMAL: -0.47 2 = FOG REDUCING VISIBILITY
HIGHEST: 53 ON 10 GRTST 24HR 0.29 ON 29-29 TO 1/4 MILE OR LESS
LOWEST: -1 ON 29 3 = THUNDER
SNOW, ICE PELLETS, HAIL 4 = ICE PELLETS
TOTAL MONTH: 6.2 INCHES 5 = HAIL
GRTST 24HR 3.2 ON 29-29 6 = FREEZING RAIN OR DRIZZLE
GRTST DEPTH: 5 ON 31,30 7 = DUSTSTORM OR SANDSTORM:
VSBY 1/2 MILE OR LESS
8 = SMOKE OR HAZE
[NO. OF DAYS WITH] [WEATHER - DAYS WITH] 9 = BLOWING SNOW
X = TORNADO
MAX 32 OR BELOW: 13 0.01 INCH OR MORE: 5
MAX 90 OR ABOVE: 0 0.10 INCH OR MORE: 2
MIN 32 OR BELOW: 30 0.50 INCH OR MORE: 0
MIN 0 OR BELOW: 1 1.00 INCH OR MORE: 0
[HDD (BASE 65) ]
TOTAL THIS MO. 1160 CLEAR (SCALE 0-3) 6
DPTR FM NORMAL -156 PTCLDY (SCALE 4-7) 17
TOTAL FM JUL 1 2625 CLOUDY (SCALE 8-10) 8
DPTR FM NORMAL -272
[CDD (BASE 65) ]
TOTAL THIS MO. 0
DPTR FM NORMAL 0 [PRESSURE DATA]
TOTAL FM JAN 1 685 HIGHEST SLP 30.58 ON 29
DPTR FM NORMAL 144 LOWEST SLP 29.26 ON 23
[REMARKS]
#FINAL-12-20#