000
CXUS56 KMFR 010930
CF6OTH
PRELIMINARY LOCAL CLIMATOLOGICAL DATA (WS FORM: F-6)
STATION: NORTH BEND OR
MONTH: AUGUST
YEAR: 2022
LATITUDE: 43 25 N
LONGITUDE: 124 15 W
TEMPERATURE IN F: :PCPN: SNOW: WIND :SUNSHINE: SKY :PK WND
================================================================================
1 2 3 4 5 6A 6B 7 8 9 10 11 12 13 14 15 16 17 18
12Z AVG MX 2MIN
DY MAX MIN AVG DEP HDD CDD WTR SNW DPTH SPD SPD DIR MIN PSBL S-S WX SPD DR
================================================================================
1 65 58 62 2 3 0 0.00 M M 5.5 10 280 M M 10 1 M M
2 68 56 62 2 3 0 0.00 M M 8.3 17 350 M M 4 1 M M
3 68 54 61 1 4 0 0.00 M M 7.8 14 340 M M 4 21 340
4 70 53 62 2 3 0 0.00 M M 12.7 27 360 M M 3 39 360
5 67 53 60 0 5 0 0.00 M M 13.9 25 350 M M 2 1 32 350
6 66 51 59 -1 6 0 0.00 M M 5.7 14 270 M M 7 12 M M
7 65 54 60 0 5 0 0.00 M M 8.3 18 270 M M 7 12 M M
8 65 57 61 1 4 0 0.01 M M 6.5 10 250 M M 10 1 M M
9 68 59 64 4 1 0 0.00 M M 5.8 13 280 M M 9 M M
10 71 57 64 4 1 0 0.00 M M 6.9 17 270 M M 5 M M
11 64 53 59 -1 6 0 0.00 M M 4.6 10 280 M M 8 12 M M
12 71 55 63 3 2 0 0.00 M M 7.1 15 260 M M 7 12 M M
13 71 54 63 3 2 0 0.00 M M 9.0 17 350 M M 3 23 350
14 69 59 64 4 1 0 0.00 M M 8.7 21 350 M M 5 27 350
15 70 58 64 4 1 0 T M M 8.8 20 350 M M 7 1 25 350
16 70 57 64 4 1 0 T M M 13.4 28 350 M M 4 12 35 350
17 69 56 63 3 2 0 T M M 8.4 20 360 M M 6 12 25 360
18 68 59 64 4 1 0 T M M 5.7 10 260 M M 10 1 M M
19 70 61 66 6 0 1 0.01 M M 6.4 14 330 M M 10 1 18 340
20 72 59 66 6 0 1 0.00 M M 9.3 22 360 M M 4 28 350
21 70 57 64 4 1 0 0.00 M M 5.7 14 280 M M 6 1 15 300
22 69 59 64 4 1 0 0.00 M M 6.4 12 270 M M 9 1 14 280
23 69 60 65 5 0 0 0.00 M M 15.5 30 360 M M 7 36 360
24 69 58 64 4 1 0 T M M 9.9 22 340 M M 10 1 26 350
25 69 59 64 4 1 0 0.02 M M 9.4 21 350 M M 10 1 28 350
26 69 59 64 4 1 0 0.01 M M 9.2 18 350 M M 9 1 23 350
27 70 55 63 3 2 0 T M M 15.0 29 360 M M 2 1 35 360
28 68 53 61 1 4 0 0.00 M M 13.8 32 360 M M 0 39 360
29 72 50 61 1 4 0 0.00 M M 6.0 16 350 M M 2 1 20 340
30 63 53 58 -2 7 0 0.00 M M 7.8 17 270 M M 5 1 M M
31 64 55 60 0 5 0 0.00 M M 5.4 14 270 M M 9 1 M M
================================================================================
SM 2119 1741 78 2 0.05 M 266.9 M 194
================================================================================
AV 68.4 56.2 8.6 FASTST M M 6 MAX(MPH)
MISC ----> 32 360 39 360
================================================================================
NOTES:
# LAST OF SEVERAL OCCURRENCES
COLUMN 17 PEAK WIND IN M.P.H.
PRELIMINARY LOCAL CLIMATOLOGICAL DATA (WS FORM: F-6) , PAGE 2
STATION: NORTH BEND OR
MONTH: AUGUST
YEAR: 2022
LATITUDE: 43 25 N
LONGITUDE: 124 15 W
[TEMPERATURE DATA] [PRECIPITATION DATA] SYMBOLS USED IN COLUMN 16
AVERAGE MONTHLY: 62.3 TOTAL FOR MONTH: 0.05 1 = FOG OR MIST
DPTR FM NORMAL: 1.9 DPTR FM NORMAL: -0.37 2 = FOG REDUCING VISIBILITY
HIGHEST: 72 ON 29,20 GRTST 24HR 0.03 ON 25-25 TO 1/4 MILE OR LESS
LOWEST: 50 ON 29 3 = THUNDER
SNOW, ICE PELLETS, HAIL 4 = ICE PELLETS
TOTAL MONTH: M 5 = HAIL
GRTST 24HR M ON M 6 = FREEZING RAIN OR DRIZZLE
GRTST DEPTH: M ON M 7 = DUSTSTORM OR SANDSTORM:
VSBY 1/2 MILE OR LESS
8 = SMOKE OR HAZE
[NO. OF DAYS WITH] [WEATHER - DAYS WITH] 9 = BLOWING SNOW
X = TORNADO
MAX 32 OR BELOW: 0 0.01 INCH OR MORE: 4
MAX 90 OR ABOVE: 0 0.10 INCH OR MORE: 0
MIN 32 OR BELOW: 0 0.50 INCH OR MORE: 0
MIN 0 OR BELOW: 0 1.00 INCH OR MORE: 0
[HDD (BASE 65) ]
TOTAL THIS MO. 78 CLEAR (SCALE 0-3) 6
DPTR FM NORMAL -65 PTCLDY (SCALE 4-7) 14
TOTAL FM JUL 1 215 CLOUDY (SCALE 8-10) 11
DPTR FM NORMAL -93
[CDD (BASE 65) ]
TOTAL THIS MO. 2
DPTR FM NORMAL 0 [PRESSURE DATA]
TOTAL FM JAN 1 3 HIGHEST SLP 30.21 ON 13
DPTR FM NORMAL 0 LOWEST SLP 29.90 ON 29
[REMARKS]
#FINAL-08-22#