000
CXUS56 KMFR 011030
CF6OTH
PRELIMINARY LOCAL CLIMATOLOGICAL DATA (WS FORM: F-6)
STATION: NORTH BEND OR
MONTH: JANUARY
YEAR: 2022
LATITUDE: 43 25 N
LONGITUDE: 124 15 W
TEMPERATURE IN F: :PCPN: SNOW: WIND :SUNSHINE: SKY :PK WND
================================================================================
1 2 3 4 5 6A 6B 7 8 9 10 11 12 13 14 15 16 17 18
12Z AVG MX 2MIN
DY MAX MIN AVG DEP HDD CDD WTR SNW DPTH SPD SPD DIR MIN PSBL S-S WX SPD DR
================================================================================
1 47 31 39 -8 26 0 T M M 7.2 12 140 M M 1 1 14 140
2 54 34 44 -3 21 0 T M M 15.1 38 180 M M 8 54 200
3 54 46 50 3 15 0 1.26 M M 20.6 35 190 M M 10 18 58 210
4 54 47 51 4 14 0 0.83 M M 12.3 21 200 M M 9 1 37 180
5 55 48 52 5 13 0 0.22 M M 9.7 22 210 M M 10 1 32 200
6 57 50 54 7 11 0 0.08 M M 13.8 22 190 M M 8 1 29 200
7 54 42 48 1 17 0 0.29 M M 13.2 35 20 M M 10 1 44 200
8 52 39 46 -1 19 0 T M M 5.8 9 160 M M 4 12 140
9 62 39 51 4 14 0 0.00 M M 7.8 15 240 M M 0 18 240
10 60 43 52 5 13 0 0.01 M M 6.3 16 230 M M 7 20 220
11 59 49 54 7 11 0 T M M 6.3 18 200 M M 7 24 190
12 60 45 53 6 12 0 0.08 M M 6.6 21 200 M M 2 1 30 190
13 55 45 50 3 15 0 0.28 M M 9.9 25 210 M M 10 1 37 240
14 55 41 48 1 17 0 0.00 M M 3.2 15 10 M M 4 12 17 360
15 55 36 46 -1 19 0 T M M 3.4 15 350 M M 3 128 M M
16 M 35 M M M M T M M 3.6 9 150 M M 1 12 M M
17 50 37 44 -3 21 0 0.00 M M 6.1 13 140 M M 6 15 140
18 53 44 49 2 16 0 0.02 M M 6.0 15 140 M M 10 1 16 140
19 56 48 52 5 13 0 0.04 M M 2.8 8 130 M M 10 1 10 120
20 54 44 49 2 16 0 0.05 M M 6.6 17 130 M M 9 12 21 130
21 54 36 45 -3 20 0 0.00 M M 6.9 17 30 M M 1 1 21 20
22 65 34 50 2 15 0 0.00 M M 5.6 20 100 M M 1 1 24 110
23 69 40 55 7 10 0 0.00 M M 7.4 14 150 M M 0 15 150
24 58 37 48 0 17 0 0.00 M M 6.8 12 140 M M 0 18 M M
25 65 34 50 2 15 0 0.00 M M 5.1 16 100 M M 0 18 90
26 52 35 44 -4 21 0 0.00 M M 6.2 13 150 M M 0 1 15 150
27 48 31 40 -8 25 0 0.00 M M 4.3 12 270 M M 2 128 12 260
28 60 32 46 -2 19 0 0.00 M M 5.0 12 130 M M 0 18 13 130
29 57 36 47 -1 18 0 0.00 M M 5.9 14 270 M M 1 18 16 270
30 56 39 48 0 17 0 0.18 M M 9.7 21 190 M M 9 1 32 200
31 49 37 43 -5 22 0 0.06 M M 6.2 12 330 M M 8 1 M M
================================================================================
SM 1679 1234 502 0 3.40 M 235.4 M 151
================================================================================
AV 56.0 39.8 7.6 FASTST M M 5 MAX(MPH)
MISC ----> 38 180 58 210
================================================================================
NOTES:
# LAST OF SEVERAL OCCURRENCES
COLUMN 17 PEAK WIND IN M.P.H.
PRELIMINARY LOCAL CLIMATOLOGICAL DATA (WS FORM: F-6) , PAGE 2
STATION: NORTH BEND OR
MONTH: JANUARY
YEAR: 2022
LATITUDE: 43 25 N
LONGITUDE: 124 15 W
[TEMPERATURE DATA] [PRECIPITATION DATA] SYMBOLS USED IN COLUMN 16
AVERAGE MONTHLY: 47.9 TOTAL FOR MONTH: 3.40 1 = FOG OR MIST
DPTR FM NORMAL: 0.6 DPTR FM NORMAL: -6.03 2 = FOG REDUCING VISIBILITY
HIGHEST: 69 ON 23 GRTST 24HR 1.26 ON 3- 3 TO 1/4 MILE OR LESS
LOWEST: 31 ON 27, 1 3 = THUNDER
SNOW, ICE PELLETS, HAIL 4 = ICE PELLETS
TOTAL MONTH: M 5 = HAIL
GRTST 24HR M ON M 6 = FREEZING RAIN OR DRIZZLE
GRTST DEPTH: M ON M 7 = DUSTSTORM OR SANDSTORM:
VSBY 1/2 MILE OR LESS
8 = SMOKE OR HAZE
[NO. OF DAYS WITH] [WEATHER - DAYS WITH] 9 = BLOWING SNOW
X = TORNADO
MAX 32 OR BELOW: 0 0.01 INCH OR MORE: 13
MAX 90 OR ABOVE: 0 0.10 INCH OR MORE: 6
MIN 32 OR BELOW: 3 0.50 INCH OR MORE: 2
MIN 0 OR BELOW: 0 1.00 INCH OR MORE: 1
[HDD (BASE 65) ]
TOTAL THIS MO. 502 CLEAR (SCALE 0-3) 13
DPTR FM NORMAL -48 PTCLDY (SCALE 4-7) 8
TOTAL FM JUL 1 2243 CLOUDY (SCALE 8-10) 10
DPTR FM NORMAL -131
[CDD (BASE 65) ]
TOTAL THIS MO. 0
DPTR FM NORMAL 0 [PRESSURE DATA]
TOTAL FM JAN 1 0 HIGHEST SLP 30.61 ON 21
DPTR FM NORMAL 0 LOWEST SLP 29.53 ON 7
[REMARKS]
#FINAL-01-22#