000
CXUS56 KMFR 011710
CF6OTH
PRELIMINARY LOCAL CLIMATOLOGICAL DATA (WS FORM: F-6)
STATION: NORTH BEND OR
MONTH: NOVEMBER
YEAR: 2020
LATITUDE: 43 25 N
LONGITUDE: 124 15 W
TEMPERATURE IN F: :PCPN: SNOW: WIND :SUNSHINE: SKY :PK WND
================================================================================
1 2 3 4 5 6A 6B 7 8 9 10 11 12 13 14 15 16 17 18
12Z AVG MX 2MIN
DY MAX MIN AVG DEP HDD CDD WTR SNW DPTH SPD SPD DIR MIN PSBL S-S WX SPD DR
================================================================================
1 63 39 51 0 14 0 0.00 M M 4.9 12 140 M M 0 1 13 270
2 57 41 49 -2 16 0 T M M 5.9 13 270 M M 7 12 15 270
3 65 45 55 4 10 0 0.01 M M 8.1 17 200 M M 9 18 23 190
4 68 56 62 11 3 0 T M M 8.6 20 200 M M 8 1 26 210
5 60 51 56 5 9 0 0.40 M M 8.2 25 260 M M 10 1 29 250
6 54 44 49 -1 16 0 0.15 M M 8.5 18 360 M M 8 1 23 350
7 55 44 50 0 15 0 0.04 M M 10.8 26 350 M M 10 1 35 340
8 51 32 42 -8 23 0 T M M 7.2 22 350 M M 4 26 350
9 53 30 42 -8 23 0 T M M 7.7 13 160 M M 6 15 160
10 52 44 48 -2 17 0 0.40 M M 6.4 15 220 M M 10 1 20 220
11 56 38 47 -3 18 0 0.02 M M 5.6 12 150 M M 4 1 14 140
12 56 37 47 -2 18 0 0.01 M M 9.9 18 170 M M 6 23 190
13 56 45 51 2 14 0 0.70 M M 18.2 38 200 M M 8 1 52 190
14 55 44 50 1 15 0 0.32 M M 15.4 40 200 M M 9 1 55 200
15 57 51 54 5 11 0 0.62 M M 5.3 26 210 M M 9 1 36 200
16 65 47 56 7 9 0 0.37 M M 5.5 16 190 M M 7 12 22 170
17 63 46 55 7 10 0 0.59 M M 13.8 27 190 M M 7 12 44 200
18 56 44 50 2 15 0 1.22 M M 12.7 18 200 M M 8 1 30 210
19 56 39 48 0 17 0 0.06 M M 7.5 17 190 M M 4 1 22 190
20 54 36 45 -3 20 0 0.00 M M 5.3 10 160 M M 0 M M
21 59 32 46 -2 19 0 0.00 M M 5.5 12 100 M M 2 12 M M
22 51 36 44 -4 21 0 0.20 M M 8.0 12 140 M M 7 1 M M
23 53 42 48 1 17 0 0.25 M M 6.4 10 170 M M 9 12 M M
24 55 39 47 0 18 0 0.67 M M 8.6 20 260 M M 8 1 25 260
25 53 41 47 0 18 0 0.39 M M 7.1 10 250 M M 8 18 M M
26 55 36 46 -1 19 0 0.00 M M 5.0 9 30 M M 5 128 M M
27 54 32 43 -4 22 0 T M M 4.3 8 150 M M 4 12 M M
28 57 36 47 0 18 0 T M M 6.0 12 140 M M 2 1 M M
29 55 36 46 0 19 0 0.00 M M 6.5 10 210 M M 0 17 210
30 54 40 47 1 18 0 0.37 M M 7.5 24 250 M M 5 12 35 250
================================================================================
SM 1698 1223 482 0 6.79 M 240.5 M 184
================================================================================
AV 56.6 40.8 8.0 FASTST M M 6 MAX(MPH)
MISC ----> 40 200 55 200
================================================================================
NOTES:
# LAST OF SEVERAL OCCURRENCES
COLUMN 17 PEAK WIND IN M.P.H.
PRELIMINARY LOCAL CLIMATOLOGICAL DATA (WS FORM: F-6) , PAGE 2
STATION: NORTH BEND OR
MONTH: NOVEMBER
YEAR: 2020
LATITUDE: 43 25 N
LONGITUDE: 124 15 W
[TEMPERATURE DATA] [PRECIPITATION DATA] SYMBOLS USED IN COLUMN 16
AVERAGE MONTHLY: 48.7 TOTAL FOR MONTH: 6.79 1 = FOG OR MIST
DPTR FM NORMAL: -0.1 DPTR FM NORMAL: -3.44 2 = FOG REDUCING VISIBILITY
HIGHEST: 68 ON 4 GRTST 24HR 1.27 ON 18-19 TO 1/4 MILE OR LESS
LOWEST: 30 ON 9 3 = THUNDER
SNOW, ICE PELLETS, HAIL 4 = ICE PELLETS
TOTAL MONTH: M 5 = HAIL
GRTST 24HR M ON M 6 = FREEZING RAIN OR DRIZZLE
GRTST DEPTH: M ON M 7 = DUSTSTORM OR SANDSTORM:
VSBY 1/2 MILE OR LESS
8 = SMOKE OR HAZE
[NO. OF DAYS WITH] [WEATHER - DAYS WITH] 9 = BLOWING SNOW
X = TORNADO
MAX 32 OR BELOW: 0 0.01 INCH OR MORE: 19
MAX 90 OR ABOVE: 0 0.10 INCH OR MORE: 14
MIN 32 OR BELOW: 4 0.50 INCH OR MORE: 5
MIN 0 OR BELOW: 0 1.00 INCH OR MORE: 1
[HDD (BASE 65) ]
TOTAL THIS MO. 482 CLEAR (SCALE 0-3) 5
DPTR FM NORMAL -4 PTCLDY (SCALE 4-7) 14
TOTAL FM JUL 1 1164 CLOUDY (SCALE 8-10) 11
DPTR FM NORMAL -289
[CDD (BASE 65) ]
TOTAL THIS MO. 0
DPTR FM NORMAL 0 [PRESSURE DATA]
TOTAL FM JAN 1 42 HIGHEST SLP 30.51 ON 26
DPTR FM NORMAL 40 LOWEST SLP 29.44 ON 17
[REMARKS]
#FINAL-11-20#