000
CXUS53 KPAH 010700
CF6OWB
PRELIMINARY LOCAL CLIMATOLOGICAL DATA (WS FORM: F-6)
STATION: OWENSBORO KY
MONTH: MAY
YEAR: 2022
LATITUDE: 37 45 N
LONGITUDE: 87 10 W
TEMPERATURE IN F: :PCPN: SNOW: WIND :SUNSHINE: SKY :PK WND
================================================================================
1 2 3 4 5 6A 6B 7 8 9 10 11 12 13 14 15 16 17 18
12Z AVG MX 2MIN
DY MAX MIN AVG DEP HDD CDD WTR SNW DPTH SPD SPD DIR MIN PSBL S-S WX SPD DR
================================================================================
1 76 55 66 2 0 1 T M M 10.9 26 240 M M 1 31 240
2 77 49 63 -2 2 0 T M M 3.5 12 150 M M 1 14 150
3 79 57 68 3 0 3 0.08 M M 16.1 33 220 M M 8 3 40 220
4 61 53 57 -8 8 0 0.00 M M 6.0 16 320 M M 9 18 17 320
5 69 52 61 -5 4 0 0.12 M M 7.4 18 140 M M 6 13 23 140
6 69 54 62 -4 3 0 0.01 M M 10.6 23 310 M M 9 13 28 320
7 67 52 60 -6 5 0 T M M 7.8 16 340 M M 9 1 21 340
8 74 49 62 -4 3 0 0.00 M M 7.7 17 100 M M 0 1 24 140
9 79 55 67 1 0 2 0.00 M M 11.7 21 160 M M 4 28 160
10 87 64 76 9 0 11 0.00 M M 8.9 15 210 M M 3 8 20 220
11 90 70 80 13 0 15 0.00 M M 4.5 16 100 M M 5 17 100
12 88 68 78 11 0 13 0.00 M M 5.4 14 100 M M 0 8 17 110
13 88 63 76 9 0 11 0.00 M M 5.9 14 110 M M 1 8 16 120
14 86 64 75 7 0 10 0.16 M M 8.0 29 50 M M 3 13 35 60
15 86 60 73 5 0 8 0.01 M M 5.4 22 260 M M 1 1 28 260
16 81 57 69 1 0 4 0.00 M M 6.5 18 290 M M 1 21 330
17 84 54 69 1 0 4 0.00 M M 4.7 16 270 M M 0 8 18 250
18 82 61 72 3 0 7 0.10 M M 8.1 24 250 M M 4 3 31 260
19 87 63 75 6 0 10 T M M 9.6 24 210 M M 2 13 31 220
20 89 72 81 12 0 16 0.00 M M 16.6 28 220 M M 0 8 38 220
21 87 67 77 8 0 12 0.17 M M 11.4 29 320 M M 5 38 38 310
22 68 60 64 -6 1 0 0.03 M M 8.0 16 110 M M 9 1 20 320
23 65 57 61 -9 4 0 0.00 M M 9.5 18 50 M M 9 8 23 50
24 75 58 67 -3 0 2 0.08 M M 10.1 17 110 M M 8 1 21 120
25 82 67 75 5 0 10 T M M 15.8 30 180 M M 8 39 170
26 76 61 69 -2 0 4 0.78 M M 10.0 25 150 M M 8 13 30 230
27 72 58 65 -6 0 0 0.06 M M 11.1 22 300 M M 9 1 28 300
28 75 59 67 -4 0 2 0.00 M M 4.4 14 140 M M 6 1 15 140
29 84 56 70 -2 0 5 0.00 M M 8.7 20 150 M M 0 24 160
30 88 64 76 4 0 11 0.00 M M 10.3 21 200 M M 2 25 210
31 89 67 78 6 0 13 0.00 M M 7.4 17 230 M M 1 22 220
================================================================================
SM 2460 1846 30 174 1.60 M 272.0 M 132
================================================================================
AV 79.4 59.5 8.8 FASTST M M 4 MAX(MPH)
MISC ----> 33 220 40 220
================================================================================
NOTES:
# LAST OF SEVERAL OCCURRENCES
COLUMN 17 PEAK WIND IN M.P.H.
PRELIMINARY LOCAL CLIMATOLOGICAL DATA (WS FORM: F-6) , PAGE 2
STATION: OWENSBORO KY
MONTH: MAY
YEAR: 2022
LATITUDE: 37 45 N
LONGITUDE: 87 10 W
[TEMPERATURE DATA] [PRECIPITATION DATA] SYMBOLS USED IN COLUMN 16
AVERAGE MONTHLY: 69.5 TOTAL FOR MONTH: 1.60 1 = FOG OR MIST
DPTR FM NORMAL: 1.3 DPTR FM NORMAL: -4.24 2 = FOG REDUCING VISIBILITY
HIGHEST: 90 ON 11 GRTST 24HR 0.78 ON 26-26 TO 1/4 MILE OR LESS
LOWEST: 49 ON 8, 2 3 = THUNDER
SNOW, ICE PELLETS, HAIL 4 = ICE PELLETS
TOTAL MONTH: M 5 = HAIL
GRTST 24HR M ON M 6 = FREEZING RAIN OR DRIZZLE
GRTST DEPTH: M ON M 7 = DUSTSTORM OR SANDSTORM:
VSBY 1/2 MILE OR LESS
8 = SMOKE OR HAZE
[NO. OF DAYS WITH] [WEATHER - DAYS WITH] 9 = BLOWING SNOW
X = TORNADO
MAX 32 OR BELOW: 0 0.01 INCH OR MORE: 11
MAX 90 OR ABOVE: 1 0.10 INCH OR MORE: 5
MIN 32 OR BELOW: 0 0.50 INCH OR MORE: 1
MIN 0 OR BELOW: 0 1.00 INCH OR MORE: 0
[HDD (BASE 65) ]
TOTAL THIS MO. 30 CLEAR (SCALE 0-3) 15
DPTR FM NORMAL -21 PTCLDY (SCALE 4-7) 9
TOTAL FM JUL 1 3958 CLOUDY (SCALE 8-10) 7
DPTR FM NORMAL 88
[CDD (BASE 65) ]
TOTAL THIS MO. 174
DPTR FM NORMAL 24 [PRESSURE DATA]
TOTAL FM JAN 1 210 HIGHEST SLP 30.08 ON 31
DPTR FM NORMAL 9 LOWEST SLP 29.77 ON 27
[REMARKS]
#FINAL-05-22#