000
CXUS53 KPAH 010700
CF6OWB
PRELIMINARY LOCAL CLIMATOLOGICAL DATA (WS FORM: F-6)
STATION: OWENSBORO KY
MONTH: OCTOBER
YEAR: 2021
LATITUDE: 37 45 N
LONGITUDE: 87 10 W
TEMPERATURE IN F: :PCPN: SNOW: WIND :SUNSHINE: SKY :PK WND
================================================================================
1 2 3 4 5 6A 6B 7 8 9 10 11 12 13 14 15 16 17 18
12Z AVG MX 2MIN
DY MAX MIN AVG DEP HDD CDD WTR SNW DPTH SPD SPD DIR MIN PSBL S-S WX SPD DR
================================================================================
1 87 65 76 10 0 11 0.00 M M 6.1 10 120 M M 1 13 120
2 74 68 71 6 0 6 0.03 M M 7.0 15 190 M M 7 1 20 180
3 81 64 73 8 0 8 0.60 M M 8.1 20 290 M M 8 138 24 290
4 80 60 70 5 0 5 T M M 3.0 8 100 M M 4 18 12 220
5 81 60 71 7 0 6 0.26 M M 5.8 14 50 M M 4 18 16 50
6 80 66 73 9 0 8 0.36 M M 7.7 16 100 M M 5 1 18 100
7 81 64 73 9 0 8 0.00 M M 5.3 13 270 M M 8 16 270
8 81 62 72 9 0 7 0.04 M M 3.5 13 240 M M 4 1 16 240
9 87 64 76 13 0 11 0.00 M M 7.0 14 200 M M 3 17 210
10 88 67 78 16 0 13 0.00 M M 9.6 17 210 M M 0 8 22 210
11 85 67 76 14 0 11 0.02 M M 13.8 30 170 M M 2 13 39 170
12 76 59 68 6 0 3 0.00 M M 5.8 15 270 M M 2 8 18 250
13 80 59 70 8 0 5 T M M 6.9 13 160 M M 3 18 16 170
14 85 67 76 15 0 11 0.00 M M 7.7 17 220 M M 3 22 210
15 82 56 69 8 0 4 0.01 M M 10.5 26 320 M M 8 32 330
16 65 46 56 -5 9 0 0.00 M M 9.5 23 320 M M 2 28 320
17 69 41 55 -5 10 0 0.00 M M 4.7 16 300 M M 0 21 300
18 73 42 58 -2 7 0 0.00 M M 1.8 12 250 M M 0 8 14 220
19 75 43 59 -1 6 0 0.00 M M 4.0 16 160 M M 0 18 170
20 77 49 63 4 2 0 0.00 M M 6.9 15 190 M M 0 18 180
21 70 52 61 2 4 0 0.00 M M 11.7 23 300 M M 5 28 290
22 59 43 51 -8 14 0 0.00 M M 3.5 13 310 M M 9 128 15 310
23 65 41 53 -5 12 0 0.05 M M 5.1 14 220 M M 6 18 17 230
24 82 57 70 12 0 5 0.05 M M 14.5 28 220 M M 5 13 35 210
25 68 52 60 2 5 0 0.95 M M 13.8 28 290 M M 10 13 36 300
26 60 43 52 -5 13 0 0.00 M M 5.6 14 330 M M 3 18 16 320
27 65 40 53 -4 12 0 0.00 M M 8.3 15 100 M M 0 18 20 100
28 62 51 57 0 8 0 0.95 M M 9.3 17 220 M M 9 138 22 220
29 63 53 58 2 7 0 0.03 M M 6.9 17 300 M M 9 1 21 300
30 57 53 55 -1 10 0 0.14 M M 12.0 20 300 M M 10 1 24 310
31 65 45 55 -1 10 0 0.00 M M 8.3 22 330 M M 6 25 330
================================================================================
SM 2303 1699 129 122 3.49 M 233.7 M 136
================================================================================
AV 74.3 54.8 7.5 FASTST M M 4 MAX(MPH)
MISC ----> 30 170 39 170
================================================================================
NOTES:
# LAST OF SEVERAL OCCURRENCES
COLUMN 17 PEAK WIND IN M.P.H.
PRELIMINARY LOCAL CLIMATOLOGICAL DATA (WS FORM: F-6) , PAGE 2
STATION: OWENSBORO KY
MONTH: OCTOBER
YEAR: 2021
LATITUDE: 37 45 N
LONGITUDE: 87 10 W
[TEMPERATURE DATA] [PRECIPITATION DATA] SYMBOLS USED IN COLUMN 16
AVERAGE MONTHLY: 64.5 TOTAL FOR MONTH: 3.49 1 = FOG OR MIST
DPTR FM NORMAL: 3.8 DPTR FM NORMAL: 0.03 2 = FOG REDUCING VISIBILITY
HIGHEST: 88 ON 10 GRTST 24HR 1.00 ON 24-25 TO 1/4 MILE OR LESS
LOWEST: 40 ON 27 3 = THUNDER
SNOW, ICE PELLETS, HAIL 4 = ICE PELLETS
TOTAL MONTH: M 5 = HAIL
GRTST 24HR M ON M 6 = FREEZING RAIN OR DRIZZLE
GRTST DEPTH: M ON M 7 = DUSTSTORM OR SANDSTORM:
VSBY 1/2 MILE OR LESS
8 = SMOKE OR HAZE
[NO. OF DAYS WITH] [WEATHER - DAYS WITH] 9 = BLOWING SNOW
X = TORNADO
MAX 32 OR BELOW: 0 0.01 INCH OR MORE: 13
MAX 90 OR ABOVE: 0 0.10 INCH OR MORE: 6
MIN 32 OR BELOW: 0 0.50 INCH OR MORE: 3
MIN 0 OR BELOW: 0 1.00 INCH OR MORE: 0
[HDD (BASE 65) ]
TOTAL THIS MO. 129 CLEAR (SCALE 0-3) 12
DPTR FM NORMAL -56 PTCLDY (SCALE 4-7) 13
TOTAL FM JUL 1 146 CLOUDY (SCALE 8-10) 6
DPTR FM NORMAL -66
[CDD (BASE 65) ]
TOTAL THIS MO. 122
DPTR FM NORMAL 71 [PRESSURE DATA]
TOTAL FM JAN 1 1665 HIGHEST SLP 30.26 ON 17
DPTR FM NORMAL -87 LOWEST SLP 29.40 ON 28
[REMARKS]
#FINAL-10-21#