000
CXUS55 KPAH 012209
CF6OWB
PRELIMINARY LOCAL CLIMATOLOGICAL DATA (WS FORM: F-6)
STATION: OWENSBORO KY
MONTH: FEBRUARY
YEAR: 2020
LATITUDE: 37 45 N
LONGITUDE: 87 10 W
TEMPERATURE IN F: :PCPN: SNOW: WIND :SUNSHINE: SKY :PK WND
================================================================================
1 2 3 4 5 6A 6B 7 8 9 10 11 12 13 14 15 16 17 18
12Z AVG MX 2MIN
DY MAX MIN AVG DEP HDD CDD WTR SNW DPTH SPD SPD DIR MIN PSBL S-S WX SPD DR
================================================================================
1 47 29 38 1 27 0 0.00 M M 5.9 18 280 M M 8 1 21 310
2 66 29 48 11 17 0 0.00 M M 9.9 21 240 M M 0 23 230
3 72 45 59 22 6 0 T M M 13.0 29 220 M M 2 33 210
4 59 41 50 12 15 0 0.53 M M 9.1 17 320 M M 10 1 18 360
5 41 36 39 1 26 0 0.17 M M 9.7 17 70 M M 10 1 22 80
6 37 30 34 -4 31 0 T M M 9.7 17 320 M M 10 1 21 310
7 38 29 34 -4 31 0 T M M 10.6 18 320 M M 9 1 23 300
8 40 24 32 -6 33 0 T M M 8.3 21 310 M M 5 24 310
9 61 23 42 3 23 0 0.20 M M 12.5 22 190 M M 7 24 220
10 53 38 46 7 19 0 0.32 M M 8.5 18 10 M M 10 1 22 10
11 43 35 39 0 26 0 0.08 M M 6.9 14 310 M M 6 18 16 310
12 39 35 37 -2 28 0 0.97 M M 6.4 17 80 M M 7 1 21 70
13 40 18 29 -11 36 0 0.02 M M 13.8 25 320 M M 10 1 31 300
14 32 12 22 -18 43 0 0.01 M M 4.1 15 330 M M 4 17 10
15 48 15 32 -8 33 0 0.00 M M 8.9 20 200 M M 2 22 210
16 56 37 47 7 18 0 0.00 M M 3.2 10 290 M M 5 12 290
17 56 37 47 6 18 0 T M M 8.0 18 210 M M 4 8 23 220
18 54 35 45 4 20 0 0.19 M M 7.9 23 330 M M 8 18 29 330
19 47 29 38 -3 27 0 0.00 M M 7.7 14 30 M M 0 17 30
20 41 26 34 -7 31 0 0.00 M M 11.2 18 350 M M 4 23 350
21 38 21 30 -12 35 0 0.00 M M 3.6 10 50 M M 0 13 50
22 50 20 35 -7 30 0 0.00 M M 5.8 16 210 M M 0 18 210
23 57 32 45 3 20 0 T M M 9.1 20 220 M M 7 23 230
24 51 43 47 5 18 0 0.85 M M 9.6 16 150 M M 10 1 22 150
25 51 41 46 3 19 0 0.01 M M 8.5 12 280 M M 10 1 16 270
26 41 31 36 -7 29 0 T M M 14.8 25 320 M M 10 1 30 320
27 43 29 36 -7 29 0 0.00 M M 9.9 18 270 M M 6 24 270
28 45 32 39 -5 26 0 T M M 11.4 24 270 M M 9 29 270
29 44 25 35 -9 30 0 0.00 M M 5.2 16 320 M M 0 22 320
================================================================================
SM 1390 877 744 0 3.35 M 253.2 M 173
================================================================================
AV 47.9 30.2 8.7 FASTST M M 6 MAX(MPH)
MISC ----> 29 220 33 210
================================================================================
NOTES:
# LAST OF SEVERAL OCCURRENCES
COLUMN 17 PEAK WIND IN M.P.H.
PRELIMINARY LOCAL CLIMATOLOGICAL DATA (WS FORM: F-6) , PAGE 2
STATION: OWENSBORO KY
MONTH: FEBRUARY
YEAR: 2020
LATITUDE: 37 45 N
LONGITUDE: 87 10 W
[TEMPERATURE DATA] [PRECIPITATION DATA] SYMBOLS USED IN COLUMN 16
AVERAGE MONTHLY: 39.1 TOTAL FOR MONTH: 3.35 1 = FOG OR MIST
DPTR FM NORMAL: -1.0 DPTR FM NORMAL: -0.76 2 = FOG REDUCING VISIBILITY
HIGHEST: 72 ON 3 GRTST 24HR 0.97 ON 12-12 TO 1/4 MILE OR LESS
LOWEST: 12 ON 14 3 = THUNDER
SNOW, ICE PELLETS, HAIL 4 = ICE PELLETS
TOTAL MONTH: M 5 = HAIL
GRTST 24HR M ON M 6 = FREEZING RAIN OR DRIZZLE
GRTST DEPTH: M ON M 7 = DUSTSTORM OR SANDSTORM:
VSBY 1/2 MILE OR LESS
8 = SMOKE OR HAZE
[NO. OF DAYS WITH] [WEATHER - DAYS WITH] 9 = BLOWING SNOW
X = TORNADO
MAX 32 OR BELOW: 1 0.01 INCH OR MORE: 11
MAX 90 OR ABOVE: 0 0.10 INCH OR MORE: 7
MIN 32 OR BELOW: 18 0.50 INCH OR MORE: 3
MIN 0 OR BELOW: 0 1.00 INCH OR MORE: 0
[HDD (BASE 65) ]
TOTAL THIS MO. 744 CLEAR (SCALE 0-3) 7
DPTR FM NORMAL 47 PTCLDY (SCALE 4-7) 10
TOTAL FM JUL 1 3118 CLOUDY (SCALE 8-10) 12
DPTR FM NORMAL -13
[CDD (BASE 65) ]
TOTAL THIS MO. 0
DPTR FM NORMAL 0 [PRESSURE DATA]
TOTAL FM JAN 1 0 HIGHEST SLP 30.74 ON 21
DPTR FM NORMAL 0 LOWEST SLP 29.52 ON 6
[REMARKS]
#FINAL-02-20#