000
CXUS55 KRIW 011110
CF6P60
PRELIMINARY LOCAL CLIMATOLOGICAL DATA (WS FORM: F-6)
STATION: LAKE YELLOWSTONE WY
MONTH: NOVEMBER
YEAR: 2022
LATITUDE: 44 32 N
LONGITUDE: 110 25 W
TEMPERATURE IN F: :PCPN: SNOW: WIND :SUNSHINE: SKY :PK WND
================================================================================
1 2 3 4 5 6A 6B 7 8 9 10 11 12 13 14 15 16 17 18
12Z AVG MX 2MIN
DY MAX MIN AVG DEP HDD CDD WTR SNW DPTH SPD SPD DIR MIN PSBL S-S WX SPD DR
================================================================================
1 49 23 36 9 29 0 0.00 M M 2.6 8 200 M M 0 21 210
2 38 12 25 -2 40 0 0.20 M M 4.8 14 280 M M 0 29 200
3 27 9 18 -8 47 0 0.01 M M 3.4 9 270 M M 0 18 270
4 25 8 17 -9 48 0 0.22 M M 3.8 12 250 M M 0 24 250
5 31 7 19 -7 46 0 0.47 M M 6.6 20 290 M M 0 40 300
6 28 7 18 -7 47 0 0.00 M M 3.8 9 270 M M 0 18 190
7 32 20 26 1 39 0 0.74 M M 1.7 9 270 M M M 17 280
8 30 21 26 2 39 0 0.36 M M 0.7 4 99 M M 0 17 290
9 31 20 26 2 39 0 0.58 M M 2.5 14 260 M M 0 22 270
10 20 11 16 -8 49 0 0.02 M M 3.9 10 270 M M 0 25 230
11 19 3 11 -12 54 0 0.00 M M 2.3 7 310 M M 0 13 320
12 25 3 14 -9 51 0 0.00 M M 0.7 6 320 M M 0 9 280
13 24 5 15 -7 50 0 0.00 M M 1.9 12 330 M M 0 21 330
14 22 -4 9 -13 56 0 0.00 M M 3.1 10 290 M M 0 22 40
15 24 -2 11 -11 54 0 0.00 M M 3.1 10 290 M M 0 17 300
16 26 14 20 -1 45 0 0.01 M M 2.8 10 310 M M 0 16 330
17 15 -12 2 -19 63 0 0.01 M M 2.7 9 310 M M 0 14 300
18 18 -21 -1 -21 66 0 0.00 M M 1.8 8 280 M M 0 14 340
19 27 -12 8 -12 57 0 0.00 M M 2.3 7 200 M M 0 13 210
20 30 -8 11 -9 54 0 0.00 M M 2.3 6 300 M M 0 10 220
21 33 -3 15 -4 50 0 0.00 M M 1.2 6 240 M M 0 11 200
22 36 1 19 0 46 0 0.00 M M 1.5 8 270 M M 0 14 200
23 27 7 17 -1 48 0 0.05 M M 2.6 12 270 M M 0 21 280
24 30 0 15 -3 50 0 0.00 M M 1.3 5 300 M M 0 M M
25 33 6 20 2 45 0 0.00 M M 1.3 8 270 M M 0 15 290
26 29 14 22 5 43 0 0.10 M M 1.4 8 280 M M 0 13 290
27 21 18 20 3 45 0 0.20 M M 6.5 15 270 M M 0 31 280
28 21 -13 4 -13 61 0 0.08 M M 2.3 14 300 M M 0 31 200
29 11 -15 -2 -18 67 0 0.02 M M 3.2 13 270 M M 0 22 270
30 22 8 15 -1 50 0 0.25 M M 1.5 7 260 M M 0 14 200
================================================================================
SM 804 127 1478 0 3.32 M 79.6 M 0
================================================================================
AV 26.8 4.2 2.7 FASTST M M 0 MAX(MPH)
MISC ----> 20 290 40 300
================================================================================
NOTES:
# LAST OF SEVERAL OCCURRENCES
COLUMN 17 PEAK WIND IN M.P.H.
PRELIMINARY LOCAL CLIMATOLOGICAL DATA (WS FORM: F-6) , PAGE 2
STATION: LAKE YELLOWSTONE WY
MONTH: NOVEMBER
YEAR: 2022
LATITUDE: 44 32 N
LONGITUDE: 110 25 W
[TEMPERATURE DATA] [PRECIPITATION DATA] SYMBOLS USED IN COLUMN 16
AVERAGE MONTHLY: 15.5 TOTAL FOR MONTH: 3.32 1 = FOG OR MIST
DPTR FM NORMAL: -6.0 DPTR FM NORMAL: 1.26 2 = FOG REDUCING VISIBILITY
HIGHEST: 49 ON 1 GRTST 24HR 0.74 ON 7- 7 TO 1/4 MILE OR LESS
LOWEST: -21 ON 18 3 = THUNDER
SNOW, ICE PELLETS, HAIL 4 = ICE PELLETS
TOTAL MONTH: M 5 = HAIL
GRTST 24HR M ON M 6 = FREEZING RAIN OR DRIZZLE
GRTST DEPTH: M ON M 7 = DUSTSTORM OR SANDSTORM:
VSBY 1/2 MILE OR LESS
8 = SMOKE OR HAZE
[NO. OF DAYS WITH] [WEATHER - DAYS WITH] 9 = BLOWING SNOW
X = TORNADO
MAX 32 OR BELOW: 25 0.01 INCH OR MORE: 16
MAX 90 OR ABOVE: 0 0.10 INCH OR MORE: 9
MIN 32 OR BELOW: 30 0.50 INCH OR MORE: 2
MIN 0 OR BELOW: 10 1.00 INCH OR MORE: 0
[HDD (BASE 65) ]
TOTAL THIS MO. 1478 CLEAR (SCALE 0-3) 29
DPTR FM NORMAL 173 PTCLDY (SCALE 4-7) 0
TOTAL FM JUL 1 3220 CLOUDY (SCALE 8-10) 1
DPTR FM NORMAL -286
[CDD (BASE 65) ]
TOTAL THIS MO. 0
DPTR FM NORMAL 0 [PRESSURE DATA]
TOTAL FM JAN 1 0 HIGHEST SLP 30.84 ON 24
DPTR FM NORMAL 0 LOWEST SLP 29.45 ON 5
[REMARKS]
#FINAL-11-22#