000
CXUS55 KRIW 011010
CF6P60
PRELIMINARY LOCAL CLIMATOLOGICAL DATA (WS FORM: F-6)
STATION: LAKE YELLOWSTONE WY
MONTH: MAY
YEAR: 2022
LATITUDE: 44 32 N
LONGITUDE: 110 25 W
TEMPERATURE IN F: :PCPN: SNOW: WIND :SUNSHINE: SKY :PK WND
================================================================================
1 2 3 4 5 6A 6B 7 8 9 10 11 12 13 14 15 16 17 18
12Z AVG MX 2MIN
DY MAX MIN AVG DEP HDD CDD WTR SNW DPTH SPD SPD DIR MIN PSBL S-S WX SPD DR
================================================================================
1 43 30 37 3 28 0 0.11 M M 1.0 8 80 M M 0 17 80
2 44 29 37 3 28 0 0.00 M M 1.0 6 100 M M 0 11 60
3 37 26 32 -2 33 0 0.25 M M 2.6 10 270 M M 0 21 250
4 51 23 37 2 28 0 0.00 M M 1.7 12 270 M M 0 20 300
5 53 25 39 4 26 0 0.05 M M 2.1 12 270 M M 0 23 210
6 50 31 41 6 24 0 0.11 M M 3.8 14 250 M M 0 27 280
7 40 28 34 -2 31 0 0.16 M M 5.7 16 270 M M 0 34 190
8 39 22 31 -5 34 0 0.03 M M 3.2 13 270 M M 0 25 270
9 28 16 22 -14 43 0 0.25 M M 3.6 15 280 M M 0 26 280
10 38 8 23 -14 42 0 0.00 M M 1.2 12 270 M M 0 23 220
11 47 15 31 -6 34 0 0.00 M M 1.6 9 270 M M 0 14 270
12 39 27 33 -4 32 0 0.60 M M 5.9 16 280 M M 0 28 280
13 40 20 30 -8 35 0 0.14 M M 7.0 17 260 M M 0 35 290
14 44 29 37 -1 28 0 0.18 M M 2.7 12 290 M M 0 22 270
15 53 24 39 1 26 0 0.00 M M 1.6 7 110 M M 0 13 140
16 55 30 43 4 22 0 0.15 M M 1.6 15 320 M M 0 29 330
17 57 31 44 5 21 0 0.00 M M 3.3 13 290 M M 0 21 280
18 55 27 41 2 24 0 0.00 M M 3.0 16 270 M M 0 28 240
19 45 25 35 -5 30 0 0.07 M M 8.0 20 280 M M 0 41 300
20 38 22 30 -10 35 0 0.00 M M 4.5 13 320 M M 0 25 20
21 41 20 31 -9 34 0 0.00 M M 1.6 9 270 M M 0 18 270
22 41 22 32 -8 33 0 0.24 M M 1.2 8 300 M M 0 16 190
23 44 20 32 -9 33 0 0.00 M M 1.3 7 110 M M 0 12 90
24 43 26 35 -6 30 0 0.02 M M 2.5 12 280 M M 0 19 290
25 57 24 41 0 24 0 0.00 M M 1.9 13 280 M M 0 23 290
26 67 27 47 5 18 0 0.00 M M 2.8 12 270 M M 0 23 260
27 59 34 47 5 18 0 0.18 M M 3.3 13 260 M M 0 25 280
28 41 32 37 -5 28 0 0.59 M M 0.5 8 270 M M 0 14 280
29 38 32 35 -7 30 0 0.93 M M 0.1 6 260 M M 0 13 280
30 43 30 37 -5 28 0 0.41 M M 2.1 10 330 M M 0 18 340
31 48 32 40 -3 25 0 0.06 M M 1.8 7 280 M M 0 14 40
================================================================================
SM 1418 787 905 0 4.53 M 84.2 M 0
================================================================================
AV 45.7 25.4 2.7 FASTST M M 0 MAX(MPH)
MISC ----> 20 280 41 300
================================================================================
NOTES:
# LAST OF SEVERAL OCCURRENCES
COLUMN 17 PEAK WIND IN M.P.H.
PRELIMINARY LOCAL CLIMATOLOGICAL DATA (WS FORM: F-6) , PAGE 2
STATION: LAKE YELLOWSTONE WY
MONTH: MAY
YEAR: 2022
LATITUDE: 44 32 N
LONGITUDE: 110 25 W
[TEMPERATURE DATA] [PRECIPITATION DATA] SYMBOLS USED IN COLUMN 16
AVERAGE MONTHLY: 35.6 TOTAL FOR MONTH: 4.53 1 = FOG OR MIST
DPTR FM NORMAL: -2.8 DPTR FM NORMAL: 2.18 2 = FOG REDUCING VISIBILITY
HIGHEST: 67 ON 26 GRTST 24HR 1.15 ON 29-30 TO 1/4 MILE OR LESS
LOWEST: 8 ON 10 3 = THUNDER
SNOW, ICE PELLETS, HAIL 4 = ICE PELLETS
TOTAL MONTH: M 5 = HAIL
GRTST 24HR M ON M 6 = FREEZING RAIN OR DRIZZLE
GRTST DEPTH: M ON M 7 = DUSTSTORM OR SANDSTORM:
VSBY 1/2 MILE OR LESS
8 = SMOKE OR HAZE
[NO. OF DAYS WITH] [WEATHER - DAYS WITH] 9 = BLOWING SNOW
X = TORNADO
MAX 32 OR BELOW: 1 0.01 INCH OR MORE: 19
MAX 90 OR ABOVE: 0 0.10 INCH OR MORE: 14
MIN 32 OR BELOW: 30 0.50 INCH OR MORE: 3
MIN 0 OR BELOW: 0 1.00 INCH OR MORE: 0
[HDD (BASE 65) ]
TOTAL THIS MO. 905 CLEAR (SCALE 0-3) 31
DPTR FM NORMAL 82 PTCLDY (SCALE 4-7) 0
TOTAL FM JUL 1 11060 CLOUDY (SCALE 8-10) 0
DPTR FM NORMAL -413
[CDD (BASE 65) ]
TOTAL THIS MO. 0
DPTR FM NORMAL 0 [PRESSURE DATA]
TOTAL FM JAN 1 0 HIGHEST SLP 30.36 ON 15
DPTR FM NORMAL 0 LOWEST SLP 29.48 ON 8
[REMARKS]
#FINAL-05-22#