000
CXUS56 KLKN 020937
CF6P68
PRELIMINARY LOCAL CLIMATOLOGICAL DATA (WS FORM: F-6)
STATION: EUREKA AIRPORT NV
MONTH: AUGUST
YEAR: 2021
LATITUDE: 39 30 N
LONGITUDE: 115 58 W
TEMPERATURE IN F: :PCPN: SNOW: WIND :SUNSHINE: SKY :PK WND
================================================================================
1 2 3 4 5 6A 6B 7 8 9 10 11 12 13 14 15 16 17 18
12Z AVG MX 2MIN
DY MAX MIN AVG DEP HDD CDD WTR SNW DPTH SPD SPD DIR MIN PSBL S-S WX SPD DR
================================================================================
1 79 57 68 -3 0 3 0.00 M M 3.9 12 10 M M M 15 30
2 87 52 70 -1 0 5 0.00 M M 5.2 10 70 M M M 15 60
3 92 54 73 3 0 8 0.00 M M 3.9 15 360 M M M 19 150
4 95 55 75 5 0 10 0.00 M M 9.4 39 170 M M M 61 180
5 97 55 76 6 0 11 0.00 M M 12.9 36 180 M M M 48 180
6 81 46 64 -6 1 0 0.00 M M 5.7 14 10 M M M 18 310
7 88 47 68 -2 0 3 0.00 M M 5.5 13 270 M M M 17 270
8 93 50 72 2 0 7 0.00 M M 7.8 21 310 M M M 30 250
9 89 48 69 -1 0 4 0.00 M M 5.7 18 10 M M M 23 20
10 90 47 69 -1 0 4 0.00 M M 6.3 15 10 M M M 21 30
11 92 49 71 2 0 6 0.00 M M 7.4 18 20 M M M 24 10
12 94 53 74 5 0 9 0.00 M M 5.0 23 190 M M M 27 180
13 94 59 77 8 0 12 0.00 M M 6.3 20 300 M M M 27 310
14 96 55 76 7 0 11 0.00 M M 5.3 17 300 M M M 28 300
15 94 56 75 6 0 10 0.00 M M 6.3 18 20 M M M 25 10
16 96 53 75 7 0 10 0.00 M M 7.2 47 310 M M M 70 320
17 97 56 77 9 0 12 0.00 M M 11.9 31 240 M M M 43 280
18 71 44 58 -10 7 0 0.00 M M 6.8 20 350 M M M 27 360
19 69 39 54 -14 11 0 0.00 M M 6.5 17 360 M M M 22 340
20 82 36 59 -9 6 0 0.00 M M 6.7 16 190 M M M 22 200
21 79 50 65 -2 0 0 0.15 M M 10.9 31 300 M M M 41 210
22 86 40 63 -4 2 0 0.00 M M 7.2 24 160 M M M 30 170
23 88 47 68 1 0 3 0.00 M M 8.7 25 160 M M M 31 190
24 87 48 68 1 0 3 0.00 M M 6.1 21 170 M M M 27 160
25 87 47 67 1 0 2 0.00 M M 6.7 21 280 M M M 26 260
26 86 42 64 -2 1 0 0.00 M M 6.2 16 30 M M M 22 330
27 88 44 66 0 0 1 0.00 M M 6.4 17 10 M M M 23 310
28 88 41 65 -1 0 0 0.00 M M 4.9 14 20 M M M 16 350
29 92 41 67 2 0 2 0.00 M M 6.2 17 300 M M M 22 310
30 92 48 70 5 0 5 0.00 M M 9.0 20 270 M M M 28 270
31 91 48 70 5 0 5 0.00 M M 7.4 20 260 M M M 24 240
================================================================================
SM 2740 1507 28 146 0.15 M 215.4 M M
================================================================================
AV 88.4 48.6 6.9 FASTST M M M MAX(MPH)
MISC ----> 47 310 70 320
================================================================================
NOTES:
# LAST OF SEVERAL OCCURRENCES
COLUMN 17 PEAK WIND IN M.P.H.
PRELIMINARY LOCAL CLIMATOLOGICAL DATA (WS FORM: F-6) , PAGE 2
STATION: EUREKA AIRPORT NV
MONTH: AUGUST
YEAR: 2021
LATITUDE: 39 30 N
LONGITUDE: 115 58 W
[TEMPERATURE DATA] [PRECIPITATION DATA] SYMBOLS USED IN COLUMN 16
AVERAGE MONTHLY: 68.5 TOTAL FOR MONTH: 0.15 1 = FOG OR MIST
DPTR FM NORMAL: 0.3 DPTR FM NORMAL: -0.39 2 = FOG REDUCING VISIBILITY
HIGHEST: 97 ON 17, 5 GRTST 24HR 0.27 ON 31- 1 TO 1/4 MILE OR LESS
LOWEST: 36 ON 20 3 = THUNDER
SNOW, ICE PELLETS, HAIL 4 = ICE PELLETS
TOTAL MONTH: M 5 = HAIL
GRTST 24HR M ON M 6 = FREEZING RAIN OR DRIZZLE
GRTST DEPTH: M ON M 7 = DUSTSTORM OR SANDSTORM:
VSBY 1/2 MILE OR LESS
8 = SMOKE OR HAZE
[NO. OF DAYS WITH] [WEATHER - DAYS WITH] 9 = BLOWING SNOW
X = TORNADO
MAX 32 OR BELOW: 0 0.01 INCH OR MORE: 1
MAX 90 OR ABOVE: 15 0.10 INCH OR MORE: 1
MIN 32 OR BELOW: 0 0.50 INCH OR MORE: 0
MIN 0 OR BELOW: 0 1.00 INCH OR MORE: 0
[HDD (BASE 65) ]
TOTAL THIS MO. 28 CLEAR (SCALE 0-3) 0
DPTR FM NORMAL 4 PTCLDY (SCALE 4-7) 0
TOTAL FM JUL 1 28 CLOUDY (SCALE 8-10) 31
DPTR FM NORMAL -4
[CDD (BASE 65) ]
TOTAL THIS MO. 146
DPTR FM NORMAL 23 [PRESSURE DATA]
TOTAL FM JAN 1 572 HIGHEST SLP 30.19 ON 2
DPTR FM NORMAL 235 LOWEST SLP 29.47 ON 17
[REMARKS]
#FINAL-08-21#