000
CXUS52 KMFL 011030
CF6PBI
PRELIMINARY LOCAL CLIMATOLOGICAL DATA (WS FORM: F-6)
STATION: WEST PALM BEACH
MONTH: OCTOBER
YEAR: 2022
LATITUDE: 26 40 N
LONGITUDE: 80 7 W
TEMPERATURE IN F: :PCPN: SNOW: WIND :SUNSHINE: SKY :PK WND
================================================================================
1 2 3 4 5 6A 6B 7 8 9 10 11 12 13 14 15 16 17 18
12Z AVG MX 2MIN
DY MAX MIN AVG DEP HDD CDD WTR SNW DPTH SPD SPD DIR MIN PSBL S-S WX SPD DR
================================================================================
1 85 71 78 -3 0 13 0.00 0.0 0 6.6 12 30 M M 7 16 30
2 86 75 81 0 0 16 T 0.0 0 6.5 13 330 M M 8 17 330
3 89 68 79 -2 0 14 0.00 0.0 0 7.3 15 60 M M 4 22 50
4 86 70 78 -3 0 13 0.00 0.0 0 10.4 16 20 M M 4 25 60
5 85 69 77 -3 0 12 0.00 0.0 0 8.5 17 50 M M 4 23 50
6 85 70 78 -2 0 13 0.00 0.0 0 6.2 16 50 M M 4 23 40
7 85 68 77 -3 0 12 T 0.0 0 7.6 17 60 M M 4 25 70
8 83 71 77 -3 0 12 0.21 0.0 0 11.4 23 50 M M 7 1 29 40
9 87 77 82 2 0 17 0.05 0.0 0 8.0 16 50 M M 8 20 10
10 89 76 83 3 0 18 0.02 0.0 M 5.4 13 90 M M 5 21 120
11 89 80 85 5 0 20 0.00 0.0 M 8.5 14 70 M M 5 23 90
12 89 81 85 5 0 20 T 0.0 M 9.5 15 110 M M 7 19 100
13 88 74 81 2 0 16 0.58 0.0 0 4.3 20 290 M M 8 13 23 300
14 88 74 81 2 0 16 T 0.0 0 5.2 14 70 M M 7 17 60
15 86 70 78 -1 0 13 1.60 0.0 0 9.9 25 30 M M 6 18 30 10
16 86 79 83 4 0 18 0.00 0.0 0 11.3 17 110 M M 4 22 80
17 87 75 81 2 0 16 0.08 0.0 0 9.3 22 190 M M 6 13 26 180
18 85 74 80 2 0 15 T 0.0 0 8.4 14 270 M M 6 18 270
19 76 62 69 -9 0 4 0.07 0.0 0 10.1 17 320 M M 8 22 310
20 81 63 72 -6 0 7 0.02 0.0 0 9.5 17 360 M M 7 1 21 360
21 82 65 74 -4 0 9 0.01 0.0 0 12.9 23 50 M M 6 30 50
22 84 64 74 -4 0 9 0.00 0.0 0 8.3 17 30 M M 5 22 360
23 85 66 76 -1 0 11 0.02 0.0 0 7.4 18 360 M M 5 24 10
24 84 67 76 -1 0 11 0.00 0.0 0 7.7 17 40 M M 4 23 40
25 84 67 76 -1 0 11 0.00 M M 6.4 16 60 M M 3 20 50
26 86 63 75 -2 0 10 0.00 0.0 0 3.1 10 100 M M 1 13 100
27 87 69 78 1 0 13 0.00 M M 5.2 13 80 M M 3 19 80
28 86 69 78 2 0 13 0.00 0.0 0 8.5 16 60 M M 2 21 80
29 86 76 81 5 0 16 0.00 0.0 0 11.5 23 70 M M 5 27 70
30 86 77 82 6 0 17 0.00 0.0 0 10.6 15 100 M M 4 20 70
31 87 78 83 7 0 18 T 0.0 0 10.0 16 140 M M 5 20 110
================================================================================
SM 2652 2208 0 423 2.66 0.0 255.5 M 162
================================================================================
AV 85.5 71.2 8.2 FASTST M M 5 MAX(MPH)
MISC ----> 25 30 # 30 10
================================================================================
NOTES:
# LAST OF SEVERAL OCCURRENCES
COLUMN 17 PEAK WIND IN M.P.H.
PRELIMINARY LOCAL CLIMATOLOGICAL DATA (WS FORM: F-6) , PAGE 2
STATION: WEST PALM BEACH
MONTH: OCTOBER
YEAR: 2022
LATITUDE: 26 40 N
LONGITUDE: 80 7 W
[TEMPERATURE DATA] [PRECIPITATION DATA] SYMBOLS USED IN COLUMN 16
AVERAGE MONTHLY: 78.4 TOTAL FOR MONTH: 2.66 1 = FOG OR MIST
DPTR FM NORMAL: -0.3 DPTR FM NORMAL: -3.24 2 = FOG REDUCING VISIBILITY
HIGHEST: 89 ON 12,11 GRTST 24HR 1.60 ON 14-15 TO 1/4 MILE OR LESS
LOWEST: 62 ON 19 3 = THUNDER
SNOW, ICE PELLETS, HAIL 4 = ICE PELLETS
TOTAL MONTH: 0.0 INCH 5 = HAIL
GRTST 24HR 0.0 6 = FREEZING RAIN OR DRIZZLE
GRTST DEPTH: 0 7 = DUSTSTORM OR SANDSTORM:
VSBY 1/2 MILE OR LESS
8 = SMOKE OR HAZE
[NO. OF DAYS WITH] [WEATHER - DAYS WITH] 9 = BLOWING SNOW
X = TORNADO
MAX 32 OR BELOW: 0 0.01 INCH OR MORE: 10
MAX 90 OR ABOVE: 0 0.10 INCH OR MORE: 3
MIN 32 OR BELOW: 0 0.50 INCH OR MORE: 2
MIN 0 OR BELOW: 0 1.00 INCH OR MORE: 1
[HDD (BASE 65) ]
TOTAL THIS MO. 0 CLEAR (SCALE 0-3) 4
DPTR FM NORMAL -1 PTCLDY (SCALE 4-7) 25
TOTAL FM JUL 1 0 CLOUDY (SCALE 8-10) 2
DPTR FM NORMAL 0
[CDD (BASE 65) ]
TOTAL THIS MO. 423
DPTR FM NORMAL -1 [PRESSURE DATA]
TOTAL FM JAN 1 4288 HIGHEST SLP 30.14 ON 11
DPTR FM NORMAL 546 LOWEST SLP 29.78 ON 18
[REMARKS]
#FINAL-10-22#