000
CXUS52 KMFL 011130
CF6PBI
PRELIMINARY LOCAL CLIMATOLOGICAL DATA (WS FORM: F-6)
STATION: WEST PALM BEACH
MONTH: DECEMBER
YEAR: 2023
LATITUDE: 26 40 N
LONGITUDE: 80 7 W
TEMPERATURE IN F: :PCPN: SNOW: WIND :SUNSHINE: SKY :PK WND
================================================================================
1 2 3 4 5 6A 6B 7 8 9 10 11 12 13 14 15 16 17 18
12Z AVG MX 2MIN
DY MAX MIN AVG DEP HDD CDD WTR SNW DPTH SPD SPD DIR MIN PSBL S-S WX SPD DR
================================================================================
1 82 72 77 6 0 12 0.16 0.0 0 7.8 18 140 M M 7 1 24 90
2 84 73 79 8 0 14 0.00 0.0 0 7.7 17 150 M M 6 22 150
3 86 71 79 8 0 14 T 0.0 0 3.4 13 250 M M 4 1 16 220
4 83 68 76 5 0 11 0.00 0.0 0 4.6 13 310 M M 5 16 230
5 79 65 72 2 0 7 0.00 0.0 0 7.1 13 320 M M 6 16 320
6 71 56 64 -6 1 0 0.00 0.0 0 12.3 22 340 M M 5 28 330
7 73 53 63 -7 2 0 0.00 0.0 0 7.3 13 80 M M 6 17 50
8 79 63 71 1 0 6 T 0.0 0 11.0 21 90 M M 7 26 110
9 81 70 76 6 0 11 0.07 0.0 0 11.3 22 90 M M 7 1 27 80
10 81 69 75 5 0 10 0.02 0.0 0 10.2 24 150 M M 7 18 32 150
11 70 57 64 -6 1 0 T 0.0 0 11.0 20 360 M M 7 27 30
12 77 56 67 -3 0 2 T 0.0 0 12.9 23 60 M M 6 33 60
13 75 70 73 4 0 8 0.41 0.0 0 18.1 26 40 M M 9 1 40 40
14 73 68 71 2 0 6 0.24 0.0 0 21.5 31 70 M M 10 18 46 50
15 74 69 72 3 0 7 T 0.0 0 21.0 31 60 M M 10 45 50
16 75 68 72 3 0 7 2.16 0.0 0 24.3 43 130 M M 10 1 61 130
17 79 62 71 2 0 6 0.51 0.0 0 19.7 41 140 M M 7 13 58 140
18 71 54 63 -6 2 0 0.00 0.0 0 9.6 23 280 M M 2 29 260
19 72 50 61 -8 4 0 0.00 0.0 0 11.6 18 330 M M 2 25 330
20 71 65 68 0 0 3 T 0.0 0 13.0 20 70 M M 9 8 29 70
21 73 67 70 2 0 5 T 0.0 0 12.7 21 50 M M 9 29 60
22 75 59 67 -1 0 2 T 0.0 0 10.2 20 90 M M 8 25 90
23 76 65 71 3 0 6 0.07 0.0 0 11.3 18 90 M M 6 1 26 60
24 77 71 74 6 0 9 0.00 0.0 0 17.2 25 90 M M 7 34 80
25 76 69 73 5 0 8 0.03 0.0 0 16.5 23 130 M M 9 1 32 140
26 79 65 72 4 0 7 0.05 0.0 0 9.3 22 140 M M 7 1 30 140
27 78 61 70 2 0 5 0.00 0.0 0 7.0 14 300 M M 5 18 270
28 70 57 64 -3 1 0 0.26 0.0 0 6.6 15 100 M M 7 1 19 110
29 69 55 62 -5 3 0 0.00 0.0 0 7.4 17 280 M M 5 24 270
30 63 51 57 -10 8 0 0.00 0.0 0 3.9 9 240 M M 7 13 230
31 70 47 59 -8 6 0 0.00 0.0 0 2.4 12 270 M M 0 1 16 330
================================================================================
SM 2342 1946 28 166 3.98 0.0 349.9 M 202
================================================================================
AV 75.5 62.8 11.3 FASTST M M 7 MAX(MPH)
MISC ----> 43 130 61 130
================================================================================
NOTES:
# LAST OF SEVERAL OCCURRENCES
COLUMN 17 PEAK WIND IN M.P.H.
PRELIMINARY LOCAL CLIMATOLOGICAL DATA (WS FORM: F-6) , PAGE 2
STATION: WEST PALM BEACH
MONTH: DECEMBER
YEAR: 2023
LATITUDE: 26 40 N
LONGITUDE: 80 7 W
[TEMPERATURE DATA] [PRECIPITATION DATA] SYMBOLS USED IN COLUMN 16
AVERAGE MONTHLY: 69.2 TOTAL FOR MONTH: 3.98 1 = FOG OR MIST
DPTR FM NORMAL: 0.2 DPTR FM NORMAL: 0.50 2 = FOG REDUCING VISIBILITY
HIGHEST: 86 ON 3 GRTST 24HR 2.67 ON 16-17 TO 1/4 MILE OR LESS
LOWEST: 47 ON 31 3 = THUNDER
SNOW, ICE PELLETS, HAIL 4 = ICE PELLETS
TOTAL MONTH: 0.0 INCH 5 = HAIL
GRTST 24HR 0.0 6 = FREEZING RAIN OR DRIZZLE
GRTST DEPTH: 0 7 = DUSTSTORM OR SANDSTORM:
VSBY 1/2 MILE OR LESS
8 = SMOKE OR HAZE
[NO. OF DAYS WITH] [WEATHER - DAYS WITH] 9 = BLOWING SNOW
X = TORNADO
MAX 32 OR BELOW: 0 0.01 INCH OR MORE: 11
MAX 90 OR ABOVE: 0 0.10 INCH OR MORE: 6
MIN 32 OR BELOW: 0 0.50 INCH OR MORE: 2
MIN 0 OR BELOW: 0 1.00 INCH OR MORE: 1
[HDD (BASE 65) ]
TOTAL THIS MO. 28 CLEAR (SCALE 0-3) 3
DPTR FM NORMAL -21 PTCLDY (SCALE 4-7) 20
TOTAL FM JUL 1 28 CLOUDY (SCALE 8-10) 8
DPTR FM NORMAL -32
[CDD (BASE 65) ]
TOTAL THIS MO. 166
DPTR FM NORMAL -7 [PRESSURE DATA]
TOTAL FM JAN 1 4918 HIGHEST SLP 30.29 ON 21
DPTR FM NORMAL 751 LOWEST SLP 29.60 ON 17
[REMARKS]
#FINAL-12-23#