000
CXUS52 KFFC 011010
CF6PDK
PRELIMINARY LOCAL CLIMATOLOGICAL DATA (WS FORM: F-6)
STATION: DEKALB PEACHTREE AIRPORT
MONTH: SEPTEMBER
YEAR: 2022
LATITUDE: 33 52 N
LONGITUDE: 84 18 W
TEMPERATURE IN F: :PCPN: SNOW: WIND :SUNSHINE: SKY :PK WND
================================================================================
1 2 3 4 5 6A 6B 7 8 9 10 11 12 13 14 15 16 17 18
12Z AVG MX 2MIN
DY MAX MIN AVG DEP HDD CDD WTR SNW DPTH SPD SPD DIR MIN PSBL S-S WX SPD DR
================================================================================
1 90 62 76 0 0 11 0.00 M M 1.7 8 150 M M 1 14 130
2 86 70 78 2 0 13 0.50 M M 2.4 14 20 M M 7 18 19 360
3 88 71 80 4 0 15 0.00 M M 2.6 9 160 M M 5 17 160
4 81 71 76 0 0 11 0.62 M M 3.2 10 150 M M 9 13 19 170
5 87 71 79 3 0 14 0.02 M M 5.8 23 270 M M 7 1 33 260
6 86 70 78 2 0 13 0.00 M M 5.1 10 280 M M 2 17 280
7 86 70 78 3 0 13 0.00 M M 5.9 14 340 M M 0 18 310
8 84 67 76 1 0 11 0.00 M M 2.4 9 120 M M 2 17 130
9 77 69 73 -2 0 8 T M M 4.2 12 60 M M 8 24 60
10 72 67 70 -5 0 5 0.06 M M 3.0 9 80 M M 10 1 17 100
11 83 69 76 2 0 11 0.01 M M 3.8 14 210 M M 7 1 19 210
12 84 64 74 0 0 9 0.01 M M 6.6 14 310 M M 5 20 300
13 80 52 66 -8 0 1 0.00 M M 5.5 16 330 M M 0 22 20
14 83 56 70 -4 0 5 0.00 M M 2.8 12 20 M M 1 17 20
15 83 60 72 -1 0 7 0.00 0.0 M 2.6 13 20 M M 2 19 10
16 82 57 70 -3 0 5 0.00 0.0 M 1.8 9 150 M M 3 14 80
17 82 58 70 -3 0 5 0.00 0.0 M 1.6 9 130 M M 2 1 16 100
18 84 58 71 -1 0 6 0.00 0.0 M 2.3 9 20 M M 2 1 14 30
19 85 59 72 0 0 7 0.00 0.0 M 1.8 14 360 M M 1 1 19 330
20 90 62 76 4 0 11 T M M 2.5 16 320 M M 2 13 20 310
21 91 63 77 5 0 12 0.00 0.0 M 1.6 8 30 M M 0 1 12 360
22 93 64 79 8 0 14 T M 0 7.3 21 340 M M 1 1 30 360
23 79 51 65 -6 0 0 0.00 M M 2.4 10 350 M M 0 14 360
24 80 47 64 -6 1 0 0.00 M M 1.9 8 170 M M 0 14 170
25 80 56 68 -2 0 3 0.01 M M 4.0 13 280 M M 4 17 280
26 79 56 68 -2 0 3 0.00 M M 7.0 16 350 M M 1 1 27 340
27 74 47 61 -8 4 0 0.00 M M 9.4 18 360 M M 0 25 350
28 73 42 58 -11 7 0 0.00 M M 5.5 15 350 M M 0 24 350
29 72 44 58 -11 7 0 0.00 M M 8.7 18 20 M M 0 36 40
30 76 57 67 -1 0 2 T M M 8.7 17 40 M M 6 33 30
================================================================================
SM 2470 1810 19 215 1.23 0.0 124.1 M 88
================================================================================
AV 82.3 60.3 4.1 FASTST M M 3 MAX(MPH)
MISC ----> 23 270 36 40
================================================================================
NOTES:
# LAST OF SEVERAL OCCURRENCES
COLUMN 17 PEAK WIND IN M.P.H.
PRELIMINARY LOCAL CLIMATOLOGICAL DATA (WS FORM: F-6) , PAGE 2
STATION: DEKALB PEACHTREE AIRPORT
MONTH: SEPTEMBER
YEAR: 2022
LATITUDE: 33 52 N
LONGITUDE: 84 18 W
[TEMPERATURE DATA] [PRECIPITATION DATA] SYMBOLS USED IN COLUMN 16
AVERAGE MONTHLY: 71.3 TOTAL FOR MONTH: 1.23 1 = FOG OR MIST
DPTR FM NORMAL: -1.6 DPTR FM NORMAL: -2.89 2 = FOG REDUCING VISIBILITY
HIGHEST: 93 ON 22 GRTST 24HR 0.62 ON 4- 4 TO 1/4 MILE OR LESS
LOWEST: 42 ON 28 3 = THUNDER
SNOW, ICE PELLETS, HAIL 4 = ICE PELLETS
TOTAL MONTH: 0.0 INCH 5 = HAIL
GRTST 24HR 0.0 6 = FREEZING RAIN OR DRIZZLE
GRTST DEPTH: 0 7 = DUSTSTORM OR SANDSTORM:
VSBY 1/2 MILE OR LESS
8 = SMOKE OR HAZE
[NO. OF DAYS WITH] [WEATHER - DAYS WITH] 9 = BLOWING SNOW
X = TORNADO
MAX 32 OR BELOW: 0 0.01 INCH OR MORE: 7
MAX 90 OR ABOVE: 4 0.10 INCH OR MORE: 2
MIN 32 OR BELOW: 0 0.50 INCH OR MORE: 2
MIN 0 OR BELOW: 0 1.00 INCH OR MORE: 0
[HDD (BASE 65) ]
TOTAL THIS MO. 19 CLEAR (SCALE 0-3) 20
DPTR FM NORMAL 9 PTCLDY (SCALE 4-7) 8
TOTAL FM JUL 1 19 CLOUDY (SCALE 8-10) 2
DPTR FM NORMAL 12
[CDD (BASE 65) ]
TOTAL THIS MO. 215
DPTR FM NORMAL -30 [PRESSURE DATA]
TOTAL FM JAN 1 1831 HIGHEST SLP 30.22 ON 28
DPTR FM NORMAL 156 LOWEST SLP 29.74 ON 8
[REMARKS]
#FINAL-09-22#