000
CXUS52 KFFC 011110
CF6PDK
PRELIMINARY LOCAL CLIMATOLOGICAL DATA (WS FORM: F-6)
STATION: DEKALB PEACHTREE AIRPORT
MONTH: JANUARY
YEAR: 2022
LATITUDE: 33 52 N
LONGITUDE: 84 18 W
TEMPERATURE IN F: :PCPN: SNOW: WIND :SUNSHINE: SKY :PK WND
================================================================================
1 2 3 4 5 6A 6B 7 8 9 10 11 12 13 14 15 16 17 18
12Z AVG MX 2MIN
DY MAX MIN AVG DEP HDD CDD WTR SNW DPTH SPD SPD DIR MIN PSBL S-S WX SPD DR
================================================================================
1 78 67 73 31 0 8 T M M 13.5 25 200 M M 9 1 36 200
2 73 51 62 20 3 0 1.52 M M 7.4 29 290 M M 10 1 46 290
3 51 30 41 -1 24 0 0.42 M M 14.8 31 310 M M 6 1 48 300
4 50 28 39 -3 26 0 0.00 M M 3.9 13 140 M M 1 22 140
5 57 37 47 5 18 0 0.00 M M 2.9 14 250 M M 7 1 17 250
6 61 34 48 6 17 0 0.10 0.0 M 6.7 22 290 M M 5 1 32 180
7 40 26 33 -9 32 0 0.00 0.0 M 9.5 17 310 M M 1 27 300
8 51 27 39 -3 26 0 0.00 0.0 M 5.3 12 130 M M 1 18 140
9 61 42 52 10 13 0 0.44 0.0 M 5.3 16 280 M M 10 18 24 310
10 52 34 43 1 22 0 0.00 0.0 M 12.9 23 340 M M 1 34 330
11 50 30 40 -2 25 0 0.00 0.0 M 4.2 18 340 M M 0 27 340
12 54 26 40 -2 25 0 0.00 0.0 M 1.3 8 210 M M 0 12 220
13 59 31 45 3 20 0 0.00 M M 5.8 17 320 M M 2 23 300
14 55 35 45 3 20 0 0.00 M M 6.0 15 330 M M 0 20 330
15 46 36 41 -1 24 0 0.10 M M 5.2 12 100 M M 6 1 23 110
16 39 33 36 -6 29 0 0.76 M M 10.0 24 280 M M 10 1 45 290
17 36 33 35 -7 30 0 0.00 M M 13.7 21 280 M M 10 35 290
18 55 28 42 0 23 0 0.00 M M 3.8 15 300 M M 1 23 290
19 63 28 46 4 19 0 0.00 M M 3.9 15 210 M M 0 1 22 210
20 52 32 42 0 23 0 0.32 M M 8.5 17 330 M M 9 1 24 310
21 38 31 35 -7 30 0 0.00 M M 5.2 12 330 M M 10 1 15 60
22 45 28 37 -5 28 0 0.00 M M 3.5 12 330 M M 6 18 20 350
23 50 23 37 -5 28 0 0.00 M M 6.0 17 260 M M 0 23 270
24 58 28 43 1 22 0 0.00 M M 6.0 13 210 M M 0 19 280
25 61 41 51 9 14 0 0.00 M M 5.1 12 310 M M 3 18 310
26 52 29 41 -2 24 0 0.00 M M 6.4 13 310 M M 0 21 290
27 53 28 41 -2 24 0 0.00 M M 2.3 9 120 M M 0 17 150
28 51 30 41 -2 24 0 0.00 M M 8.5 25 320 M M 6 38 310
29 37 24 31 -12 34 0 0.00 M M 11.6 25 320 M M 3 45 290
30 57 22 40 -3 25 0 0.00 M M 6.7 21 230 M M 0 26 220
31 57 29 43 0 22 0 0.00 M M 2.3 12 290 M M 0 16 290
================================================================================
SM 1642 1001 694 8 3.66 0.0 208.2 M 117
================================================================================
AV 53.0 32.3 6.7 FASTST M M 4 MAX(MPH)
MISC ----> 31 310 48 300
================================================================================
NOTES:
# LAST OF SEVERAL OCCURRENCES
COLUMN 17 PEAK WIND IN M.P.H.
PRELIMINARY LOCAL CLIMATOLOGICAL DATA (WS FORM: F-6) , PAGE 2
STATION: DEKALB PEACHTREE AIRPORT
MONTH: JANUARY
YEAR: 2022
LATITUDE: 33 52 N
LONGITUDE: 84 18 W
[TEMPERATURE DATA] [PRECIPITATION DATA] SYMBOLS USED IN COLUMN 16
AVERAGE MONTHLY: 42.6 TOTAL FOR MONTH: 3.66 1 = FOG OR MIST
DPTR FM NORMAL: 0.3 DPTR FM NORMAL: -0.91 2 = FOG REDUCING VISIBILITY
HIGHEST: 78 ON 1 GRTST 24HR 1.52 ON 2- 2 TO 1/4 MILE OR LESS
LOWEST: 22 ON 30 3 = THUNDER
SNOW, ICE PELLETS, HAIL 4 = ICE PELLETS
TOTAL MONTH: 0.0 INCH 5 = HAIL
GRTST 24HR 0.0 6 = FREEZING RAIN OR DRIZZLE
GRTST DEPTH: M ON M 7 = DUSTSTORM OR SANDSTORM:
VSBY 1/2 MILE OR LESS
8 = SMOKE OR HAZE
[NO. OF DAYS WITH] [WEATHER - DAYS WITH] 9 = BLOWING SNOW
X = TORNADO
MAX 32 OR BELOW: 0 0.01 INCH OR MORE: 7
MAX 90 OR ABOVE: 0 0.10 INCH OR MORE: 7
MIN 32 OR BELOW: 20 0.50 INCH OR MORE: 2
MIN 0 OR BELOW: 0 1.00 INCH OR MORE: 1
[HDD (BASE 65) ]
TOTAL THIS MO. 694 CLEAR (SCALE 0-3) 18
DPTR FM NORMAL -10 PTCLDY (SCALE 4-7) 6
TOTAL FM JUL 1 1549 CLOUDY (SCALE 8-10) 7
DPTR FM NORMAL -340
[CDD (BASE 65) ]
TOTAL THIS MO. 8
DPTR FM NORMAL 8 [PRESSURE DATA]
TOTAL FM JAN 1 8 HIGHEST SLP 30.58 ON 8
DPTR FM NORMAL 8 LOWEST SLP 29.54 ON 16
[REMARKS]
#FINAL-01-22#