000
CXUS52 KFFC 011010
CF6PDK
PRELIMINARY LOCAL CLIMATOLOGICAL DATA (WS FORM: F-6)
STATION: DEKALB PEACHTREE AIRPORT
MONTH: JULY
YEAR: 2021
LATITUDE: 33 52 N
LONGITUDE: 84 18 W
TEMPERATURE IN F: :PCPN: SNOW: WIND :SUNSHINE: SKY :PK WND
================================================================================
1 2 3 4 5 6A 6B 7 8 9 10 11 12 13 14 15 16 17 18
12Z AVG MX 2MIN
DY MAX MIN AVG DEP HDD CDD WTR SNW DPTH SPD SPD DIR MIN PSBL S-S WX SPD DR
================================================================================
1 88 67 78 -1 0 13 0.00 0.0 M 5.0 14 210 M M 3 21 270
2 84 70 77 -2 0 12 0.31 0.0 M 6.4 12 230 M M 6 1 15 260
3 84 64 74 -5 0 9 0.00 0.0 M 3.2 10 270 M M 1 17 250
4 87 60 74 -5 0 9 0.00 M M 1.5 9 160 M M 3 18 13 150
5 90 65 78 -1 0 13 0.00 M M 2.0 9 190 M M 1 18 14 130
6 86 67 77 -2 0 12 T M M 3.1 18 180 M M 4 1 28 160
7 87 70 79 0 0 14 0.53 M M 3.8 12 360 M M 6 1 15 220
8 85 69 77 -2 0 12 0.13 M M 4.6 15 210 M M 7 13 19 250
9 88 70 79 0 0 14 0.91 M M 5.2 28 300 M M 5 13 40 300
10 83 69 76 -4 0 11 0.88 M M 3.7 26 330 M M 3 1238 33 330
11 87 69 78 -2 0 13 T 0.0 M 7.8 18 210 M M 7 13 26 210
12 85 68 77 -3 0 12 0.11 M M 4.9 26 180 M M 4 18 42 170
13 84 68 76 -4 0 11 T M M 3.5 14 310 M M 6 3 18 330
14 87 68 78 -2 0 13 T M M 2.2 14 310 M M 2 13 17 310
15 89 69 79 -1 0 14 0.00 M M 2.6 15 270 M M 3 13 20 260
16 89 72 81 1 0 16 T M M 3.4 20 180 M M 2 3 27 180
17 87 69 78 -2 0 13 0.18 M M 5.1 22 200 M M 2 3 29 200
18 84 71 78 -2 0 13 0.12 M M 3.9 17 270 M M 5 13 23 270
19 80 71 76 -4 0 11 0.33 M M 4.4 10 190 M M 10 13 14 160
20 82 70 76 -4 0 11 0.47 M M 2.1 15 10 M M 9 13 19 10
21 88 71 80 0 0 15 0.01 M M 3.3 10 200 M M 8 13 M M
22 90 71 81 1 0 16 0.00 M M 3.3 10 340 M M 3 18 16 330
23 92 70 81 1 0 16 2.41 M M 2.4 31 210 M M 3 1238 39 220
24 89 70 80 0 0 15 0.00 M M 3.2 13 190 M M 2 18 17 200
25 92 74 83 3 0 18 0.10 M M 3.2 12 200 M M 5 138 16 140
26 93 73 83 3 0 18 T 0.0 M 3.2 13 240 M M 2 13 17 220
27 93 72 83 3 0 18 0.09 M 0 1.8 26 330 M M 2 13 37 330
28 94 71 83 3 0 18 0.00 0.0 M 3.9 16 340 M M 3 12 22 350
29 95 72 84 4 0 19 0.00 M M 3.5 12 280 M M 0 1 16 290
30 93 73 83 3 0 18 T M M 5.9 15 340 M M 1 138 21 290
31 92 74 83 3 0 18 0.00 M M 5.6 13 310 M M 1 19 340
================================================================================
SM 2727 2157 0 435 6.58 0.0 117.7 M 119
================================================================================
AV 88.0 69.6 3.8 FASTST M M 4 MAX(MPH)
MISC ----> 31 210 42 170
================================================================================
NOTES:
# LAST OF SEVERAL OCCURRENCES
COLUMN 17 PEAK WIND IN M.P.H.
PRELIMINARY LOCAL CLIMATOLOGICAL DATA (WS FORM: F-6) , PAGE 2
STATION: DEKALB PEACHTREE AIRPORT
MONTH: JULY
YEAR: 2021
LATITUDE: 33 52 N
LONGITUDE: 84 18 W
[TEMPERATURE DATA] [PRECIPITATION DATA] SYMBOLS USED IN COLUMN 16
AVERAGE MONTHLY: 78.8 TOTAL FOR MONTH: 6.58 1 = FOG OR MIST
DPTR FM NORMAL: -0.8 DPTR FM NORMAL: 1.87 2 = FOG REDUCING VISIBILITY
HIGHEST: 95 ON 29 GRTST 24HR 2.41 ON 23-23 TO 1/4 MILE OR LESS
LOWEST: 60 ON 4 3 = THUNDER
SNOW, ICE PELLETS, HAIL 4 = ICE PELLETS
TOTAL MONTH: 0.0 INCH 5 = HAIL
GRTST 24HR 0.0 6 = FREEZING RAIN OR DRIZZLE
GRTST DEPTH: 0 7 = DUSTSTORM OR SANDSTORM:
VSBY 1/2 MILE OR LESS
8 = SMOKE OR HAZE
[NO. OF DAYS WITH] [WEATHER - DAYS WITH] 9 = BLOWING SNOW
X = TORNADO
MAX 32 OR BELOW: 0 0.01 INCH OR MORE: 14
MAX 90 OR ABOVE: 10 0.10 INCH OR MORE: 12
MIN 32 OR BELOW: 0 0.50 INCH OR MORE: 4
MIN 0 OR BELOW: 0 1.00 INCH OR MORE: 1
[HDD (BASE 65) ]
TOTAL THIS MO. 0 CLEAR (SCALE 0-3) 17
DPTR FM NORMAL 0 PTCLDY (SCALE 4-7) 12
TOTAL FM JUL 1 0 CLOUDY (SCALE 8-10) 2
DPTR FM NORMAL 0
[CDD (BASE 65) ]
TOTAL THIS MO. 435
DPTR FM NORMAL -19 [PRESSURE DATA]
TOTAL FM JAN 1 936 HIGHEST SLP 30.28 ON 13
DPTR FM NORMAL -71 LOWEST SLP 29.79 ON 2
[REMARKS]
#FINAL-07-21#