000
CXUS56 KPQR 071354
CF6PDX
PRELIMINARY LOCAL CLIMATOLOGICAL DATA (WS FORM: F-6)
STATION: PORTLAND OR
MONTH: JULY
YEAR: 2023
LATITUDE: 45 35 N
LONGITUDE: 122 36 W
TEMPERATURE IN F: :PCPN: SNOW: WIND :SUNSHINE: SKY :PK WND
================================================================================
1 2 3 4 5 6A 6B 7 8 9 10 11 12 13 14 15 16 17 18
12Z AVG MX 2MIN
DY MAX MIN AVG DEP HDD CDD WTR SNW DPTH SPD SPD DIR MIN PSBL S-S WX SPD DR
================================================================================
1 84 56 70 3 0 5 0.00 0.0 0 8.0 20 320 M M 0 25 320
2 86 58 72 4 0 7 0.00 0.0 0 8.1 20 310 M M 1 25 310
3 90 59 75 7 0 10 0.00 0.0 0 6.5 17 320 M M 1 23 320
4 96 62 79 11 0 14 0.00 0.0 0 5.2 14 310 M M 2 19 330
5 98 63 81 13 0 16 0.00 0.0 0 6.4 16 330 M M 2 8 24 320
6 89 61 75 7 0 10 0.00 0.0 0 5.5 12 310 M M 1 18 320
7 78 58 68 -1 0 3 0.00 0.0 0 4.6 13 320 M M 5 16 330
8 76 59 68 -1 0 3 0.00 0.0 0 4.3 12 280 M M 5 15 290
9 85 58 72 3 0 7 0.00 0.0 0 6.6 13 320 M M 2 17 360
10 72 59 66 -3 0 1 T 0.0 0 3.1 10 320 M M 8 13 320
11 82 62 72 2 0 7 0.00 0.0 0 6.8 13 310 M M 4 15 320
12 84 61 73 3 0 8 0.00 0.0 0 5.7 14 320 M M 4 22 320
13 88 61 75 5 0 10 0.00 0.0 0 6.0 14 280 M M 2 18 310
14 93 64 79 9 0 14 0.00 0.0 0 5.8 14 320 M M 0 17 320
15 96 65 81 11 0 16 0.00 0.0 0 7.0 20 310 M M 2 25 320
16 92 63 78 7 0 13 0.00 0.0 0 7.2 21 310 M M 2 27 320
17 79 63 71 0 0 6 0.00 0.0 0 6.3 15 310 M M 5 20 310
18 88 59 74 3 0 9 0.00 0.0 0 8.4 18 320 M M 1 24 320
19 96 64 80 9 0 15 0.00 0.0 0 6.4 14 300 M M 3 8 19 330
20 88 64 76 5 0 11 0.00 0.0 0 3.8 13 350 M M 2 17 350
21 88 63 76 5 0 11 0.00 0.0 0 6.4 12 320 M M 3 8 16 280
22 89 62 76 5 0 11 0.00 0.0 0 7.0 15 320 M M 1 22 320
23 88 64 76 4 0 11 0.00 0.0 0 7.3 17 310 M M 1 24 320
24 77 61 69 -3 0 4 T 0.0 0 6.8 18 250 M M 6 22 250
25 80 63 72 0 0 7 0.00 0.0 0 7.8 15 310 M M 6 20 320
26 85 58 72 0 0 7 0.00 0.0 0 8.3 16 310 M M 3 22 320
27 84 60 72 0 0 7 0.00 0.0 0 7.3 15 320 M M 1 22 320
28 83 59 71 -1 0 6 0.00 0.0 0 8.0 14 290 M M 3 19 300
29 82 60 71 -1 0 6 0.00 0.0 0 8.0 15 320 M M 2 21 320
30 82 59 71 -1 0 6 0.00 0.0 0 7.8 15 320 M M 3 20 320
31 85 60 73 1 0 8 0.00 0.0 0 7.1 16 310 M M 1 23 280
================================================================================
SM 2663 1888 0 269 T 0.0 203.5 M 82
================================================================================
AV 85.9 60.9 6.6 FASTST M M 3 MAX(MPH)
MISC ----> 21 310 27 320
================================================================================
NOTES:
# LAST OF SEVERAL OCCURRENCES
COLUMN 17 PEAK WIND IN M.P.H.
PRELIMINARY LOCAL CLIMATOLOGICAL DATA (WS FORM: F-6) , PAGE 2
STATION: PORTLAND OR
MONTH: JULY
YEAR: 2023
LATITUDE: 45 35 N
LONGITUDE: 122 36 W
[TEMPERATURE DATA] [PRECIPITATION DATA] SYMBOLS USED IN COLUMN 16
AVERAGE MONTHLY: 73.4 TOTAL FOR MONTH: T 1 = FOG OR MIST
DPTR FM NORMAL: 3.2 DPTR FM NORMAL: -0.51 2 = FOG REDUCING VISIBILITY
HIGHEST: 98 ON 5 GRTST 24HR T ON 10-10 TO 1/4 MILE OR LESS
LOWEST: 56 ON 1 3 = THUNDER
SNOW, ICE PELLETS, HAIL 4 = ICE PELLETS
TOTAL MONTH: 0.0 INCH 5 = HAIL
GRTST 24HR 0.0 6 = FREEZING RAIN OR DRIZZLE
GRTST DEPTH: 0 7 = DUSTSTORM OR SANDSTORM:
VSBY 1/2 MILE OR LESS
8 = SMOKE OR HAZE
[NO. OF DAYS WITH] [WEATHER - DAYS WITH] 9 = BLOWING SNOW
X = TORNADO
MAX 32 OR BELOW: 0 0.01 INCH OR MORE: 0
MAX 90 OR ABOVE: 7 0.10 INCH OR MORE: 0
MIN 32 OR BELOW: 0 0.50 INCH OR MORE: 0
MIN 0 OR BELOW: 0 1.00 INCH OR MORE: 0
[HDD (BASE 65) ]
TOTAL THIS MO. 0 CLEAR (SCALE 0-3) 21
DPTR FM NORMAL -10 PTCLDY (SCALE 4-7) 9
TOTAL FM JUL 1 0 CLOUDY (SCALE 8-10) 1
DPTR FM NORMAL -5
[CDD (BASE 65) ]
TOTAL THIS MO. 269
DPTR FM NORMAL 98 [PRESSURE DATA]
TOTAL FM JAN 1 464 HIGHEST SLP 30.20 ON 25
DPTR FM NORMAL 214 LOWEST SLP 29.80 ON 5
[REMARKS]
#FINAL-07-23#