000
CXUS56 KPQR 011201
CF6PDX
PRELIMINARY LOCAL CLIMATOLOGICAL DATA (WS FORM: F-6)
STATION: PORTLAND OR
MONTH: MAY
YEAR: 2023
LATITUDE: 45 35 N
LONGITUDE: 122 36 W
TEMPERATURE IN F: :PCPN: SNOW: WIND :SUNSHINE: SKY :PK WND
================================================================================
1 2 3 4 5 6A 6B 7 8 9 10 11 12 13 14 15 16 17 18
12Z AVG MX 2MIN
DY MAX MIN AVG DEP HDD CDD WTR SNW DPTH SPD SPD DIR MIN PSBL S-S WX SPD DR
================================================================================
1 60 52 56 0 9 0 0.00 0.0 0 4.0 13 320 M M 10 17 320
2 68 52 60 4 5 0 0.00 0.0 0 3.9 15 210 M M 8 17 200
3 75 50 63 6 2 0 T 0.0 0 6.0 16 200 M M 6 3 21 200
4 57 50 54 -3 11 0 0.52 0.0 0 4.2 12 160 M M 9 13 15 200
5 60 51 56 -1 9 0 0.10 0.0 0 4.1 10 210 M M 10 18 14 210
6 63 52 58 1 7 0 0.01 0.0 0 3.4 13 310 M M 8 17 300
7 65 51 58 0 7 0 0.00 0.0 0 5.5 14 310 M M 8 17 320
8 68 44 56 -2 9 0 0.25 0.0 0 4.3 17 230 M M 7 13 20 220
9 68 45 57 -1 8 0 0.00 0.0 0 3.6 10 320 M M 4 1 17 340
10 78 47 63 5 2 0 0.00 0.0 0 3.3 14 320 M M 3 17 320
11 79 52 66 8 0 1 0.00 0.0 0 3.5 9 290 M M 2 8 12 290
12 90 54 72 13 0 7 0.00 0.0 0 4.0 12 80 M M 2 8 13 80
13 93 57 75 16 0 10 0.00 0.0 0 7.7 25 110 M M 1 33 110
14 92 62 77 18 0 12 0.00 0.0 0 10.7 30 110 M M 1 38 110
15 92 61 77 18 0 12 0.03 0.0 0 5.5 18 20 M M 6 3 28 20
16 85 59 72 12 0 7 0.00 0.0 0 4.8 10 320 M M 6 13 300
17 91 59 75 15 0 10 0.00 0.0 0 5.2 10 280 M M 1 12 280
18 84 60 72 12 0 7 0.00 0.0 0 5.4 13 320 M M 2 18 350
19 83 57 70 10 0 5 0.00 0.0 0 7.7 15 320 M M 4 19 310
20 82 58 70 10 0 5 0.00 0.0 0 6.6 16 310 M M 3 20 320
21 66 52 59 -1 6 0 0.00 0.0 0 7.7 20 290 M M 7 24 310
22 66 52 59 -2 6 0 0.00 0.0 0 7.4 15 320 M M 7 21 320
23 67 48 58 -3 7 0 0.00 0.0 0 4.2 16 310 M M 7 19 310
24 75 51 63 2 2 0 0.00 0.0 0 6.6 18 320 M M 3 26 310
25 83 55 69 8 0 4 0.00 0.0 0 6.3 16 300 M M 1 20 310
26 86 58 72 11 0 7 0.00 0.0 0 6.2 15 350 M M 2 22 350
27 76 54 65 4 0 0 0.00 0.0 0 5.9 14 320 M M 6 20 320
28 73 51 62 0 3 0 0.00 0.0 0 7.0 14 320 M M 4 21 320
29 79 51 65 3 0 0 0.00 0.0 0 6.1 14 320 M M 3 19 330
30 69 51 60 -2 5 0 0.00 0.0 0 8.4 18 320 M M 4 24 320
31 67 49 58 -4 7 0 0.00 0.0 0 7.4 17 310 M M 6 23 320
================================================================================
SM 2340 1645 105 87 0.91 0.0 176.6 M 151
================================================================================
AV 75.5 53.1 5.7 FASTST M M 5 MAX(MPH)
MISC ----> 30 110 38 110
================================================================================
NOTES:
# LAST OF SEVERAL OCCURRENCES
COLUMN 17 PEAK WIND IN M.P.H.
PRELIMINARY LOCAL CLIMATOLOGICAL DATA (WS FORM: F-6) , PAGE 2
STATION: PORTLAND OR
MONTH: MAY
YEAR: 2023
LATITUDE: 45 35 N
LONGITUDE: 122 36 W
[TEMPERATURE DATA] [PRECIPITATION DATA] SYMBOLS USED IN COLUMN 16
AVERAGE MONTHLY: 64.3 TOTAL FOR MONTH: 0.91 1 = FOG OR MIST
DPTR FM NORMAL: 4.9 DPTR FM NORMAL: -1.60 2 = FOG REDUCING VISIBILITY
HIGHEST: 93 ON 13 GRTST 24HR 0.52 ON 3- 4 TO 1/4 MILE OR LESS
LOWEST: 44 ON 8 3 = THUNDER
SNOW, ICE PELLETS, HAIL 4 = ICE PELLETS
TOTAL MONTH: 0.0 INCH 5 = HAIL
GRTST 24HR 0.0 6 = FREEZING RAIN OR DRIZZLE
GRTST DEPTH: 0 7 = DUSTSTORM OR SANDSTORM:
VSBY 1/2 MILE OR LESS
8 = SMOKE OR HAZE
[NO. OF DAYS WITH] [WEATHER - DAYS WITH] 9 = BLOWING SNOW
X = TORNADO
MAX 32 OR BELOW: 0 0.01 INCH OR MORE: 5
MAX 90 OR ABOVE: 5 0.10 INCH OR MORE: 3
MIN 32 OR BELOW: 0 0.50 INCH OR MORE: 1
MIN 0 OR BELOW: 0 1.00 INCH OR MORE: 0
[HDD (BASE 65) ]
TOTAL THIS MO. 105 CLEAR (SCALE 0-3) 9
DPTR FM NORMAL -91 PTCLDY (SCALE 4-7) 18
TOTAL FM JUL 1 4018 CLOUDY (SCALE 8-10) 4
DPTR FM NORMAL -4
[CDD (BASE 65) ]
TOTAL THIS MO. 87
DPTR FM NORMAL 66 [PRESSURE DATA]
TOTAL FM JAN 1 99 HIGHEST SLP 30.27 ON 21
DPTR FM NORMAL 76 LOWEST SLP 29.70 ON 3
[REMARKS]
#FINAL-05-23#