000
CXUS56 KPQR 011301
CF6PDX
PRELIMINARY LOCAL CLIMATOLOGICAL DATA (WS FORM: F-6)
STATION: PORTLAND OR
MONTH: NOVEMBER
YEAR: 2022
LATITUDE: 45 35 N
LONGITUDE: 122 36 W
TEMPERATURE IN F: :PCPN: SNOW: WIND :SUNSHINE: SKY :PK WND
================================================================================
1 2 3 4 5 6A 6B 7 8 9 10 11 12 13 14 15 16 17 18
12Z AVG MX 2MIN
DY MAX MIN AVG DEP HDD CDD WTR SNW DPTH SPD SPD DIR MIN PSBL S-S WX SPD DR
================================================================================
1 53 43 48 -3 17 0 0.17 0.0 0 6.5 17 240 M M 9 20 240
2 49 41 45 -5 20 0 0.05 0.0 0 7.2 18 200 M M 9 1 24 210
3 49 42 46 -4 19 0 0.07 0.0 0 7.6 18 200 M M 9 26 200
4 60 47 54 4 11 0 1.87 0.0 0 17.0 28 300 M M 10 1 36 320
5 56 46 51 1 14 0 0.03 0.0 0 7.8 21 280 M M 9 28 320
6 49 39 44 -5 21 0 0.67 0.0 0 9.1 21 330 M M 10 1 36 320
7 45 37 41 -8 24 0 0.12 0.0 0 8.9 18 150 M M 10 1 23 160
8 52 37 45 -4 20 0 0.00 0.0 0 9.6 30 80 M M 6 18 37 80
9 50 34 42 -7 23 0 0.00 0.0 0 3.4 10 310 M M 3 15 330
10 52 33 43 -5 22 0 0.00 0.0 0 1.0 9 300 M M 7 1 11 120
11 49 37 43 -5 22 0 T 0.0 0 11.5 21 110 M M 9 28 110
12 53 40 47 -1 18 0 0.00 0.0 0 4.9 16 110 M M 4 21 120
13 47 30 39 -9 26 0 0.00 0.0 0 2.5 9 110 M M 4 128 11 100
14 56 30 43 -4 22 0 0.00 0.0 0 12.4 31 80 M M 1 1 39 80
15 54 41 48 1 17 0 0.00 0.0 0 13.8 28 110 M M 0 37 110
16 47 33 40 -7 25 0 0.00 0.0 0 9.6 16 130 M M 1 20 130
17 48 35 42 -5 23 0 0.00 0.0 0 21.8 35 90 M M 1 49 90
18 50 37 44 -2 21 0 0.00 0.0 0 13.6 29 90 M M 0 37 90
19 47 36 42 -4 23 0 0.00 0.0 0 13.9 21 110 M M 0 29 120
20 47 31 39 -7 26 0 0.00 0.0 0 7.2 13 120 M M 0 17 120
21 46 37 42 -4 23 0 0.00 0.0 0 7.3 13 130 M M 7 16 130
22 53 40 47 1 18 0 0.31 0.0 0 8.2 24 120 M M 9 1 30 110
23 47 38 43 -2 22 0 0.00 0.0 0 3.1 9 300 M M 8 12 12 290
24 56 32 44 -1 21 0 0.00 0.0 0 5.6 17 130 M M 3 12 23 130
25 44 37 41 -4 24 0 0.39 0.0 0 3.6 13 130 M M 8 1 17 110
26 48 41 45 0 20 0 0.00 0.0 0 2.3 14 190 M M 9 1 17 190
27 47 42 45 1 20 0 0.40 0.0 0 6.5 26 200 M M 9 1 35 210
28 48 32 40 -4 25 0 0.01 0.0 0 3.7 14 250 M M 7 18 260
29 47 34 41 -3 24 0 0.19 0.0 0 8.7 21 190 M M 9 1 29 200
30 49 41 45 1 20 0 0.89 0.0 0 10.7 32 210 M M 9 1 40 200
================================================================================
SM 1498 1123 631 0 5.17 0.0 249.0 M 180
================================================================================
AV 49.9 37.4 8.3 FASTST M M 6 MAX(MPH)
MISC ----> 35 90 49 90
================================================================================
NOTES:
# LAST OF SEVERAL OCCURRENCES
COLUMN 17 PEAK WIND IN M.P.H.
PRELIMINARY LOCAL CLIMATOLOGICAL DATA (WS FORM: F-6) , PAGE 2
STATION: PORTLAND OR
MONTH: NOVEMBER
YEAR: 2022
LATITUDE: 45 35 N
LONGITUDE: 122 36 W
[TEMPERATURE DATA] [PRECIPITATION DATA] SYMBOLS USED IN COLUMN 16
AVERAGE MONTHLY: 43.7 TOTAL FOR MONTH: 5.17 1 = FOG OR MIST
DPTR FM NORMAL: -3.4 DPTR FM NORMAL: -0.28 2 = FOG REDUCING VISIBILITY
HIGHEST: 60 ON 4 GRTST 24HR 1.87 ON 4- 4 TO 1/4 MILE OR LESS
LOWEST: 30 ON 14,13 3 = THUNDER
SNOW, ICE PELLETS, HAIL 4 = ICE PELLETS
TOTAL MONTH: 0.0 INCH 5 = HAIL
GRTST 24HR 0.0 6 = FREEZING RAIN OR DRIZZLE
GRTST DEPTH: 0 7 = DUSTSTORM OR SANDSTORM:
VSBY 1/2 MILE OR LESS
8 = SMOKE OR HAZE
[NO. OF DAYS WITH] [WEATHER - DAYS WITH] 9 = BLOWING SNOW
X = TORNADO
MAX 32 OR BELOW: 0 0.01 INCH OR MORE: 13
MAX 90 OR ABOVE: 0 0.10 INCH OR MORE: 9
MIN 32 OR BELOW: 5 0.50 INCH OR MORE: 3
MIN 0 OR BELOW: 0 1.00 INCH OR MORE: 1
[HDD (BASE 65) ]
TOTAL THIS MO. 631 CLEAR (SCALE 0-3) 7
DPTR FM NORMAL 93 PTCLDY (SCALE 4-7) 10
TOTAL FM JUL 1 784 CLOUDY (SCALE 8-10) 13
DPTR FM NORMAL -129
[CDD (BASE 65) ]
TOTAL THIS MO. 0
DPTR FM NORMAL 0 [PRESSURE DATA]
TOTAL FM JAN 1 865 HIGHEST SLP 30.57 ON 16
DPTR FM NORMAL 357 LOWEST SLP 29.46 ON 6
[REMARKS]
#FINAL-11-22#