000
CXUS56 KPQR 040004
CF6PDX
PRELIMINARY LOCAL CLIMATOLOGICAL DATA (WS FORM: F-6)
STATION: PORTLAND OR
MONTH: FEBRUARY
YEAR: 2024
LATITUDE: 45 35 N
LONGITUDE: 122 36 W
TEMPERATURE IN F: :PCPN: SNOW: WIND :SUNSHINE: SKY :PK WND
================================================================================
1 2 3 4 5 6A 6B 7 8 9 10 11 12 13 14 15 16 17 18
12Z AVG MX 2MIN
DY MAX MIN AVG DEP HDD CDD WTR SNW DPTH SPD SPD DIR MIN PSBL S-S WX SPD DR
================================================================================
1 62 45 54 11 11 0 T 0.0 0 9.3 20 200 M M 8 27 210
2 57 41 49 6 16 0 T 0.0 0 8.9 16 190 M M 7 22 170
3 56 33 45 2 20 0 0.00 0.0 0 2.1 8 100 M M 4 12 9 110
4 58 31 45 2 20 0 T 0.0 0 9.8 30 80 M M 5 12 38 80
5 50 45 48 5 17 0 0.33 0.0 0 6.5 21 100 M M 10 1 26 110
6 52 44 48 5 17 0 0.11 0.0 0 2.7 8 270 M M 8 18 9 300
7 52 39 46 3 19 0 0.06 0.0 0 3.6 8 300 M M 8 1 11 300
8 51 36 44 1 21 0 0.04 0.0 0 1.9 16 280 M M 9 21 290
9 47 43 45 1 20 0 0.10 0.0 0 2.9 9 200 M M 10 18 11 200
10 54 40 47 3 18 0 0.00 0.0 0 4.6 13 110 M M 6 14 110
11 58 42 50 6 15 0 0.04 0.0 0 9.1 16 210 M M 9 1 21 220
12 56 38 47 3 18 0 T 0.0 0 5.6 16 200 M M 7 1 20 210
13 53 37 45 1 20 0 0.00 0.0 0 4.3 8 280 M M 5 12 11 20
14 47 34 41 -3 24 0 0.50 0.0 0 11.5 30 110 M M 9 12 37 80
15 42 38 40 -4 25 0 0.42 0.0 0 14.1 28 100 M M 9 1 33 120
16 46 38 42 -2 23 0 0.04 0.0 0 24.1 37 90 M M 9 47 100
17 47 41 44 0 21 0 0.06 0.0 0 19.9 31 90 M M 9 44 80
18 48 39 44 0 21 0 0.04 0.0 0 8.1 14 120 M M 9 18 17 120
19 54 42 48 4 17 0 0.08 0.0 0 9.7 21 100 M M 8 27 100
20 53 42 48 3 17 0 0.29 0.0 0 6.4 22 90 M M 9 1 26 90
21 55 44 50 5 15 0 0.17 0.0 0 10.6 21 110 M M 9 1 26 110
22 60 41 51 6 14 0 T 0.0 0 5.3 13 120 M M 7 14 120
23 63 35 49 4 16 0 0.00 0.0 0 1.4 8 310 M M 4 12 11 310
24 57 35 46 1 19 0 0.00 0.0 0 1.3 13 310 M M 7 1 17 310
25 54 43 49 4 16 0 0.25 0.0 0 7.4 20 220 M M 10 1 26 220
26 46 36 41 -5 24 0 0.07 0.0 0 7.4 29 300 M M 8 1 38 300
27 49 37 43 -3 22 0 0.07 0.0 0 8.1 21 200 M M 10 28 210
28 54 48 51 5 14 0 0.52 0.0 0 13.8 24 210 M M 10 1 37 200
29 53 38 46 0 19 0 1.10 0.0 0 10.8 22 260 M M 10 1 36 200
================================================================================
SM 1534 1145 539 0 4.29 0.0 231.2 M 233
================================================================================
AV 52.9 39.5 8.0 FASTST M M 8 MAX(MPH)
MISC ----> 37 90 47 100
================================================================================
NOTES:
# LAST OF SEVERAL OCCURRENCES
COLUMN 17 PEAK WIND IN M.P.H.
PRELIMINARY LOCAL CLIMATOLOGICAL DATA (WS FORM: F-6) , PAGE 2
STATION: PORTLAND OR
MONTH: FEBRUARY
YEAR: 2024
LATITUDE: 45 35 N
LONGITUDE: 122 36 W
[TEMPERATURE DATA] [PRECIPITATION DATA] SYMBOLS USED IN COLUMN 16
AVERAGE MONTHLY: 46.2 TOTAL FOR MONTH: 4.29 1 = FOG OR MIST
DPTR FM NORMAL: 2.1 DPTR FM NORMAL: 0.61 2 = FOG REDUCING VISIBILITY
HIGHEST: 63 ON 23 GRTST 24HR 1.41 ON 28-29 TO 1/4 MILE OR LESS
LOWEST: 31 ON 4 3 = THUNDER
SNOW, ICE PELLETS, HAIL 4 = ICE PELLETS
TOTAL MONTH: 0.0 INCH 5 = HAIL
GRTST 24HR 0.0 6 = FREEZING RAIN OR DRIZZLE
GRTST DEPTH: 0 7 = DUSTSTORM OR SANDSTORM:
VSBY 1/2 MILE OR LESS
8 = SMOKE OR HAZE
[NO. OF DAYS WITH] [WEATHER - DAYS WITH] 9 = BLOWING SNOW
X = TORNADO
MAX 32 OR BELOW: 0 0.01 INCH OR MORE: 19
MAX 90 OR ABOVE: 0 0.10 INCH OR MORE: 9
MIN 32 OR BELOW: 1 0.50 INCH OR MORE: 3
MIN 0 OR BELOW: 0 1.00 INCH OR MORE: 1
[HDD (BASE 65) ]
TOTAL THIS MO. 539 CLEAR (SCALE 0-3) 0
DPTR FM NORMAL -45 PTCLDY (SCALE 4-7) 12
TOTAL FM JUL 1 2662 CLOUDY (SCALE 8-10) 17
DPTR FM NORMAL -318
[CDD (BASE 65) ]
TOTAL THIS MO. 0
DPTR FM NORMAL 0 [PRESSURE DATA]
TOTAL FM JAN 1 0 HIGHEST SLP 30.35 ON 23
DPTR FM NORMAL 0 LOWEST SLP 29.44 ON 29
[REMARKS]
#FINAL-02-24#