000
CXUS56 KPQR 232231
CF6PDX
PRELIMINARY LOCAL CLIMATOLOGICAL DATA (WS FORM: F-6)
STATION: PORTLAND OR
MONTH: SEPTEMBER
YEAR: 2020
LATITUDE: 45 35 N
LONGITUDE: 122 36 W
TEMPERATURE IN F: :PCPN: SNOW: WIND :SUNSHINE: SKY :PK WND
================================================================================
1 2 3 4 5 6A 6B 7 8 9 10 11 12 13 14 15 16 17 18
12Z AVG MX 2MIN
DY MAX MIN AVG DEP HDD CDD WTR SNW DPTH SPD SPD DIR MIN PSBL S-S WX SPD DR
================================================================================
1 88 59 74 6 0 9 0.00 0.0 0 6.1 18 320 M M 2 25 320
2 91 62 77 9 0 12 0.00 0.0 0 4.9 14 320 M M 1 19 350
3 95 61 78 11 0 13 0.00 0.0 0 5.7 16 320 M M 1 21 320
4 88 63 76 9 0 11 0.00 0.0 0 3.7 14 320 M M 2 18 320
5 76 59 68 1 0 3 0.00 0.0 0 4.6 12 310 M M 5 16 310
6 89 56 73 6 0 8 0.00 0.0 0 4.6 17 320 M M 1 25 320
7 91 61 76 9 0 11 0.00 0.0 0 14.0 43 100 M M 6 8 52 100
8 81 65 73 7 0 8 0.00 0.0 0 25.7 41 90 M M 3 8 50 80
9 89 65 77 11 0 12 0.00 0.0 0 17.4 32 80 M M 4 41 90
10 81 61 71 5 0 6 0.00 0.0 0 6.6 12 150 M M 10 8 14 140
11 64 53 59 -7 6 0 0.00 0.0 0 2.6 7 140 M M 10 18 8 160
12 65 52 59 -7 6 0 0.00 0.0 0 1.5 6 260 M M 10 128 7 310
13 63 51 57 -8 8 0 0.00 0.0 0 1.0 6 110 M M 10 128 6 100
14 74 55 65 0 0 0 T 0.0 0 2.3 9 110 M M 10 18 10 120
15 75 60 68 3 0 3 0.00 0.0 0 2.6 8 110 M M 10 8 9 110
16 70 55 63 -2 2 0 0.00 0.0 0 2.5 7 110 M M 10 18 8 100
17 74 55 65 1 0 0 0.00 0.0 0 1.5 8 310 M M 10 128 12 280
18 67 60 64 0 1 0 0.42 0.0 0 5.0 17 220 M M 9 138 22 220
19 72 58 65 1 0 0 0.02 0.0 0 4.2 13 200 M M 8 17 350
20 74 57 66 2 0 1 0.00 0.0 0 3.3 12 280 M M 6 16 300
21 75 56 66 3 0 1 0.00 0.0 0 2.9 9 330 M M 7 18 11 350
22 75 61 68 5 0 3 0.00 0.0 0 3.7 12 110 M M 9 13 110
23 67 60 64 2 1 0 0.74 0.0 0 9.7 17 190 M M 10 1 27 190
24 72 60 66 4 0 1 T 0.0 0 11.2 21 200 M M 6 25 200
25 64 56 60 -2 5 0 0.88 0.0 0 9.4 24 190 M M 10 1 35 190
26 70 52 61 -1 4 0 T 0.0 0 4.7 16 270 M M 6 19 270
27 75 51 63 2 2 0 0.00 0.0 0 5.2 13 320 M M 3 128 16 300
28 85 52 69 8 0 4 0.00 0.0 0 6.2 16 110 M M 0 20 100
29 86 54 70 10 0 5 0.00 0.0 0 3.0 8 290 M M 2 10 290
30 83 54 69 9 0 4 0.00 0.0 0 3.5 9 290 M M 6 1 12 300
================================================================================
SM 2319 1724 35 115 2.06 0.0 179.3 M 187
================================================================================
AV 77.3 57.5 6.0 FASTST M M 6 MAX(MPH)
MISC ----> # 43 100 # 52 100
================================================================================
NOTES:
# LAST OF SEVERAL OCCURRENCES
COLUMN 17 PEAK WIND IN M.P.H.
PRELIMINARY LOCAL CLIMATOLOGICAL DATA (WS FORM: F-6) , PAGE 2
STATION: PORTLAND OR
MONTH: SEPTEMBER
YEAR: 2020
LATITUDE: 45 35 N
LONGITUDE: 122 36 W
[TEMPERATURE DATA] [PRECIPITATION DATA] SYMBOLS USED IN COLUMN 16
AVERAGE MONTHLY: 67.4 TOTAL FOR MONTH: 2.06 1 = FOG OR MIST
DPTR FM NORMAL: 2.9 DPTR FM NORMAL: 0.59 2 = FOG REDUCING VISIBILITY
HIGHEST: 95 ON 3 GRTST 24HR 0.88 ON 25-25 TO 1/4 MILE OR LESS
LOWEST: 51 ON 27,13 3 = THUNDER
SNOW, ICE PELLETS, HAIL 4 = ICE PELLETS
TOTAL MONTH: 0.0 INCH 5 = HAIL
GRTST 24HR 0.0 6 = FREEZING RAIN OR DRIZZLE
GRTST DEPTH: 0 7 = DUSTSTORM OR SANDSTORM:
VSBY 1/2 MILE OR LESS
8 = SMOKE OR HAZE
[NO. OF DAYS WITH] [WEATHER - DAYS WITH] 9 = BLOWING SNOW
X = TORNADO
MAX 32 OR BELOW: 0 0.01 INCH OR MORE: 4
MAX 90 OR ABOVE: 3 0.10 INCH OR MORE: 3
MIN 32 OR BELOW: 0 0.50 INCH OR MORE: 2
MIN 0 OR BELOW: 0 1.00 INCH OR MORE: 0
[HDD (BASE 65) ]
TOTAL THIS MO. 35 CLEAR (SCALE 0-3) 9
DPTR FM NORMAL -41 PTCLDY (SCALE 4-7) 9
TOTAL FM JUL 1 47 CLOUDY (SCALE 8-10) 12
DPTR FM NORMAL -56
[CDD (BASE 65) ]
TOTAL THIS MO. 115
DPTR FM NORMAL 56 [PRESSURE DATA]
TOTAL FM JAN 1 591 HIGHEST SLP 30.43 ON 27
DPTR FM NORMAL 169 LOWEST SLP 29.78 ON 23
[REMARKS]
#FINAL-09-20#